This is the mail archive of the gcc-testresults@gcc.gnu.org mailing list for the GCC project.


Index Nav: [Date Index] [Subject Index] [Author Index] [Thread Index]
Message Nav: [Date Prev] [Date Next] [Thread Prev] [Thread Next]
Other format: [Raw text]

Results for 4.1.0 20050521 (experimental) testsuite on powerpc64-unknown-linux-gnu


LAST_UPDATED: 
Native configuration is powerpc64-unknown-linux-gnu

		=== g++ tests ===


Running target unix
FAIL: g++.dg/tree-ssa/pr14814.C scan-tree-dump-times &this 0
ERROR: g++.old-deja/g++.jason/thunk3.C: syntax error in target selector "xfail rs6000-*-* powerpc-*-eabi m68k-*-coff mn10300-*-* v850-*-* sh-*-* sh64-*-* h8*-*-* xtensa-*-* m32r*-*" for " dg-do 1 run { xfail rs6000-*-* powerpc-*-eabi m68k-*-coff mn10300-*-* v850-*-* sh-*-* sh64-*-* h8*-*-* xtensa-*-* m32r*-* } "
UNRESOLVED: g++.old-deja/g++.jason/thunk3.C: syntax error in target selector "xfail rs6000-*-* powerpc-*-eabi m68k-*-coff mn10300-*-* v850-*-* sh-*-* sh64-*-* h8*-*-* xtensa-*-* m32r*-*" for " dg-do 1 run { xfail rs6000-*-* powerpc-*-eabi m68k-*-coff mn10300-*-* v850-*-* sh-*-* sh64-*-* h8*-*-* xtensa-*-* m32r*-* } "
FAIL: g++.old-deja/g++.other/comdat4.C (test for excess errors)
FAIL: g++.old-deja/g++.other/init5.C execution test

		=== g++ Summary ===

# of expected passes		11055
# of unexpected failures	3
# of expected failures		65
# of unresolved testcases	1
# of unsupported tests		84
/notnfs/dnovillo/sbox/gcc/bld.torreja/gcc/testsuite/../g++  version 4.1.0 20050521 (experimental)

		=== gcc tests ===


Running target unix
UNRESOLVED: gcc.c-torture/execute/20020720-1.c execution,  -O1 
UNRESOLVED: gcc.c-torture/execute/20020720-1.c execution,  -O2 
UNRESOLVED: gcc.c-torture/execute/20020720-1.c execution,  -O3 -fomit-frame-pointer 
UNRESOLVED: gcc.c-torture/execute/20020720-1.c execution,  -O3 -g 
UNRESOLVED: gcc.c-torture/execute/20020720-1.c execution,  -Os 
FAIL: gcc.dg/ppc-vec-merge.c (test for excess errors)
WARNING: gcc.dg/ppc-vec-merge.c compilation failed to produce executable
FAIL: gcc.dg/ppc64-abi-2.c (test for excess errors)
WARNING: gcc.dg/ppc64-abi-2.c compilation failed to produce executable
XPASS: gcc.dg/uninit-4.c uninitialized variable warning PR19833 (test for bogus messages, line 26)
XPASS: gcc.dg/uninit-9.c uninitialized variable warning (test for bogus messages, line 26)
XPASS: gcc.dg/tree-ssa/sra-2.c scan-tree-dump-times link_error 0
XPASS: gcc.dg/vect/vect-67.c scan-tree-dump-times vectorized 1 loops 1

		=== gcc Summary ===

# of expected passes		36372
# of unexpected failures	2
# of unexpected successes	4
# of expected failures		112
# of unresolved testcases	5
# of untested testcases		28
# of unsupported tests		442
/notnfs/dnovillo/sbox/gcc/bld.torreja/gcc/xgcc  version 4.1.0 20050521 (experimental)

		=== gfortran tests ===


Running target unix
FAIL: gfortran.dg/namelist_14.f90 (test for excess errors)
WARNING: gfortran.dg/namelist_14.f90 compilation failed to produce executable
XPASS: gfortran.dg/ret_pointer_1.f90 execution test
XPASS: gfortran.dg/ret_pointer_1.f90 execution test
XPASS: gfortran.dg/ret_pointer_1.f90 execution test
XPASS: gfortran.dg/ret_pointer_1.f90 execution test
XPASS: gfortran.dg/ret_pointer_1.f90 execution test
XPASS: gfortran.dg/ret_pointer_1.f90 execution test
XPASS: gfortran.dg/ret_pointer_1.f90 execution test
XPASS: gfortran.dg/ret_pointer_1.f90 execution test

		=== gfortran Summary ===

# of expected passes		6856
# of unexpected failures	1
# of unexpected successes	8
# of expected failures		27
# of unsupported tests		17
/notnfs/dnovillo/sbox/gcc/bld.torreja/gcc/testsuite/../gfortran  version 4.1.0 20050521 (experimental)

		=== objc tests ===


Running target unix

		=== objc Summary ===

# of expected passes		1534
# of unsupported tests		12
/notnfs/dnovillo/sbox/gcc/bld.torreja/gcc/xgcc  version 4.1.0 20050521 (experimental)

		=== libffi tests ===


Running target unix
FAIL: libffi.call/float3.c execution test

		=== libffi Summary ===

# of expected passes		218
# of unexpected failures	1
# of unsupported tests		2
		=== libjava tests ===


Running target unix
FAIL: Array_3 -O3 execution - bytecode->native test
FAIL: Class_1 execution - source compiled test
FAIL: Class_1 execution - gij test
FAIL: Class_1 execution - bytecode->native test
FAIL: Class_1 -O3 execution - source compiled test
FAIL: Class_1 execution - gij test
FAIL: Class_1 -O3 execution - bytecode->native test
FAIL: InvokeInterface execution - gij test
FAIL: InvokeInterface execution - bytecode->native test
FAIL: InvokeInterface execution - gij test
FAIL: InvokeInterface -O3 execution - bytecode->native test
FAIL: LargeFile execution - source compiled test
FAIL: LargeFile execution - gij test
FAIL: LargeFile execution - bytecode->native test
FAIL: LargeFile -O3 execution - source compiled test
FAIL: LargeFile execution - gij test
FAIL: LargeFile -O3 execution - bytecode->native test
FAIL: PR12350 execution - gij test
FAIL: PR12350 execution - bytecode->native test
FAIL: PR12350 execution - gij test
FAIL: PR12350 -O3 execution - bytecode->native test
FAIL: PR12416 execution - gij test
FAIL: PR12416 execution - bytecode->native test
FAIL: PR12416 execution - gij test
FAIL: PR12416 -O3 execution - bytecode->native test
WARNING: program timed out.
FAIL: PR18699 execution - gij test
WARNING: program timed out.
FAIL: PR18699 execution - gij test
FAIL: PR260 execution - gij test
FAIL: PR260 execution - bytecode->native test
FAIL: PR260 execution - gij test
FAIL: PR260 -O3 execution - bytecode->native test
FAIL: Process_1 execution - gij test
FAIL: Process_1 execution - gij test
FAIL: Process_2 execution - gij test
FAIL: Process_2 execution - gij test
FAIL: Process_3 execution - gij test
FAIL: Process_3 execution - gij test
FAIL: Process_4 execution - gij test
FAIL: Process_4 execution - gij test
FAIL: Process_5 execution - gij test
FAIL: Process_5 execution - gij test
FAIL: Process_6 execution - gij test
FAIL: Process_6 execution - gij test
FAIL: SyncTest execution - gij test
FAIL: SyncTest execution - bytecode->native test
FAIL: SyncTest execution - gij test
FAIL: SyncTest -O3 execution - bytecode->native test
FAIL: TLtest execution - gij test
FAIL: TLtest execution - gij test
FAIL: Thread_Alive execution - gij test
FAIL: Thread_Alive execution - gij test
FAIL: Thread_Interrupt execution - gij test
FAIL: Thread_Interrupt execution - gij test
FAIL: Thread_Join execution - gij test
FAIL: Thread_Join execution - gij test
FAIL: Thread_Monitor execution - gij test
FAIL: Thread_Monitor execution - gij test
FAIL: Thread_Wait execution - gij test
FAIL: Thread_Wait execution - gij test
FAIL: Thread_Wait_2 execution - gij test
FAIL: Thread_Wait_2 execution - gij test
FAIL: Thread_Wait_Interrupt execution - gij test
FAIL: Thread_Wait_Interrupt execution - gij test
FAIL: invokethrow execution - gij test
FAIL: invokethrow execution - bytecode->native test
FAIL: invokethrow execution - gij test
FAIL: invokethrow -O3 execution - bytecode->native test
FAIL: pr179 execution - gij test
FAIL: pr179 execution - bytecode->native test
FAIL: pr179 execution - gij test
FAIL: pr179 -O3 execution - bytecode->native test
FAIL: pr8415 execution - gij test
FAIL: pr8415 execution - bytecode->native test
FAIL: pr8415 execution - gij test
FAIL: pr8415 -O3 execution - bytecode->native test
FAIL: stringconst2 output - source compiled test
FAIL: stringconst2 output - gij test
FAIL: stringconst2 output - bytecode->native test
FAIL: stringconst2 -O3 output - source compiled test
FAIL: stringconst2 output - gij test
FAIL: stringconst2 -O3 output - bytecode->native test
FAIL: pr21115 run

		=== libjava Summary ===

# of expected passes		3658
# of unexpected failures	82
# of expected failures		10
# of untested testcases		84
		=== libmudflap tests ===


Running target unix
FAIL: libmudflap.c/fail27-frag.c output pattern test
FAIL: libmudflap.c/fail27-frag.c (-O2) output pattern test
FAIL: libmudflap.c/fail27-frag.c (-O3) output pattern test

		=== libmudflap Summary ===

# of expected passes		1328
# of unexpected failures	3
		=== libstdc++ tests ===


Running target unix
FAIL: abi_check
XPASS: 26_numerics/cmath/c99_classification_macros_c.cc (test for excess errors)
XPASS: 27_io/fpos/14320-1.cc execution test

		=== libstdc++ Summary ===

# of expected passes		1274
# of unexpected failures	1
# of unexpected successes	2
# of expected failures		4

Compiler version: 4.1.0 20050521 (experimental) 
Platform: powerpc64-unknown-linux-gnu
configure flags: --prefix=/home/cygnus/dnovillo/perf/sbox/gcc/local.ppc64/inst.torreja --srcdir=/home/cygnus/dnovillo/perf/sbox/gcc/local.ppc64/src --disable-multilib --enable-mpfr --with-gmp=/home/cygnus/dnovillo/ppc64 --disable-checking --enable-languages=c,c++,f95,java,objc


Index Nav: [Date Index] [Subject Index] [Author Index] [Thread Index]
Message Nav: [Date Prev] [Date Next] [Thread Prev] [Thread Next]