This is the mail archive of the gcc-testresults@gcc.gnu.org mailing list for the GCC project.


Index Nav: [Date Index] [Subject Index] [Author Index] [Thread Index]
Message Nav: [Date Prev] [Date Next] [Thread Prev] [Thread Next]
Other format: [Raw text]

Results for 4.1.0 20050520 (experimental) testsuite on x86_64-suse-linux-gnu


Bootstrap and regtesting on x86_64-suse-linux-gnu.
CVS sources: mainline.
LAST_UPDATED: Fri May 20 19:08:25 UTC 2005

Native configuration is x86_64-suse-linux-gnu

		=== gcc tests ===


Running target unix/-m32
FAIL: gcc.c-torture/execute/ieee/20010114-2.c execution,  -O1 
FAIL: gcc.c-torture/execute/ieee/20010114-2.c execution,  -O2 
FAIL: gcc.c-torture/execute/ieee/20010114-2.c execution,  -Os 
FAIL: gcc.c-torture/execute/ieee/20030331-1.c execution,  -O1 
FAIL: gcc.c-torture/execute/ieee/20030331-1.c execution,  -O2 
FAIL: gcc.c-torture/execute/ieee/20030331-1.c execution,  -O3 -fomit-frame-pointer 
FAIL: gcc.c-torture/execute/ieee/20030331-1.c execution,  -O3 -g 
FAIL: gcc.c-torture/execute/ieee/20030331-1.c execution,  -Os 
FAIL: gcc.c-torture/execute/ieee/980619-1.c execution,  -O1 
FAIL: gcc.c-torture/execute/ieee/980619-1.c execution,  -O2 
FAIL: gcc.c-torture/execute/ieee/980619-1.c execution,  -O3 -fomit-frame-pointer 
FAIL: gcc.c-torture/execute/ieee/980619-1.c execution,  -O3 -fomit-frame-pointer -funroll-loops 
FAIL: gcc.c-torture/execute/ieee/980619-1.c execution,  -O3 -fomit-frame-pointer -funroll-all-loops -finline-functions 
FAIL: gcc.c-torture/execute/ieee/980619-1.c execution,  -O3 -g 
FAIL: gcc.c-torture/execute/ieee/980619-1.c execution,  -Os 
XPASS: gcc.dg/cpp/cmdlne-dI-M.c scan-file (^|\\\\n)cmdlne-dI-M.*:[^\\\\n]*cmdlne-dI-M.c
XPASS: gcc.dg/cpp/cmdlne-dM-M.c scan-file (^|\\\\n)cmdlne-dM-M[^\\\\n]*:[^\\\\n]*cmdlne-dM-M.c
XPASS: gcc.dg/uninit-9.c uninitialized variable warning (test for bogus messages, line 26)
FAIL: gcc.dg/pch/inline-4.c -O0 -g (test for excess errors)
FAIL: gcc.dg/pch/inline-4.c  -O0  (test for excess errors)
FAIL: gcc.dg/vect/pr18400.c (test for excess errors)
WARNING: gcc.dg/vect/pr18400.c compilation failed to produce executable
FAIL: gcc.dg/vect/vect-11a.c (test for excess errors)
WARNING: gcc.dg/vect/vect-11a.c compilation failed to produce executable
FAIL: gcc.dg/vect/vect-11a.c scan-tree-dump-times vectorized 1 loops 2
FAIL: gcc.dg/vect/vect-2.c (test for excess errors)
WARNING: gcc.dg/vect/vect-2.c compilation failed to produce executable
XPASS: gcc.dg/vect/vect-22.c scan-tree-dump-times vectorized 3 loops 1
FAIL: gcc.dg/vect/vect-34.c (test for excess errors)
WARNING: gcc.dg/vect/vect-34.c compilation failed to produce executable
FAIL: gcc.dg/vect/vect-66.c (test for excess errors)
WARNING: gcc.dg/vect/vect-66.c compilation failed to produce executable
XPASS: gcc.dg/vect/vect-67.c scan-tree-dump-times vectorized 1 loops 1
FAIL: gcc.dg/vect/vect-93.c (test for excess errors)
WARNING: gcc.dg/vect/vect-93.c compilation failed to produce executable
FAIL: gcc.dg/vect/vect-all.c (test for excess errors)
WARNING: gcc.dg/vect/vect-all.c compilation failed to produce executable
FAIL: gcc.dg/vect/vect-none.c scan-tree-dump-times vectorized 1 loops 1

		=== gcc Summary for unix/-m32 ===

# of expected passes		35190
# of unexpected failures	26
# of unexpected successes	5
# of expected failures		101
# of untested testcases		30
# of unsupported tests		443

Running target unix
XPASS: gcc.dg/cpp/cmdlne-dI-M.c scan-file (^|\\\\n)cmdlne-dI-M.*:[^\\\\n]*cmdlne-dI-M.c
XPASS: gcc.dg/cpp/cmdlne-dM-M.c scan-file (^|\\\\n)cmdlne-dM-M[^\\\\n]*:[^\\\\n]*cmdlne-dM-M.c
XPASS: gcc.dg/uninit-9.c uninitialized variable warning (test for bogus messages, line 26)
FAIL: gcc.dg/tree-ssa/gen-vect-11.c (test for excess errors)
WARNING: gcc.dg/tree-ssa/gen-vect-11.c compilation failed to produce executable
FAIL: gcc.dg/tree-ssa/gen-vect-11b.c (test for excess errors)
WARNING: gcc.dg/tree-ssa/gen-vect-11b.c compilation failed to produce executable
FAIL: gcc.dg/tree-ssa/gen-vect-11b.c scan-tree-dump-times vectorized 0 loops 1
FAIL: gcc.dg/tree-ssa/gen-vect-11c.c scan-tree-dump-times vectorized 0 loops 1
FAIL: gcc.dg/vect/pr18400.c (test for excess errors)
WARNING: gcc.dg/vect/pr18400.c compilation failed to produce executable
FAIL: gcc.dg/vect/vect-11a.c (test for excess errors)
WARNING: gcc.dg/vect/vect-11a.c compilation failed to produce executable
FAIL: gcc.dg/vect/vect-11a.c scan-tree-dump-times vectorized 1 loops 2
FAIL: gcc.dg/vect/vect-2.c (test for excess errors)
WARNING: gcc.dg/vect/vect-2.c compilation failed to produce executable
XPASS: gcc.dg/vect/vect-22.c scan-tree-dump-times vectorized 3 loops 1
FAIL: gcc.dg/vect/vect-34.c (test for excess errors)
WARNING: gcc.dg/vect/vect-34.c compilation failed to produce executable
FAIL: gcc.dg/vect/vect-66.c (test for excess errors)
WARNING: gcc.dg/vect/vect-66.c compilation failed to produce executable
XPASS: gcc.dg/vect/vect-67.c scan-tree-dump-times vectorized 1 loops 1
FAIL: gcc.dg/vect/vect-93.c (test for excess errors)
WARNING: gcc.dg/vect/vect-93.c compilation failed to produce executable
FAIL: gcc.dg/vect/vect-all.c (test for excess errors)
WARNING: gcc.dg/vect/vect-all.c compilation failed to produce executable
FAIL: gcc.dg/vect/vect-none.c scan-tree-dump-times vectorized 1 loops 1

		=== gcc Summary for unix ===

# of expected passes		35245
# of unexpected failures	13
# of unexpected successes	5
# of expected failures		105
# of untested testcases		28
# of unsupported tests		437

		=== gcc Summary ===

# of expected passes		70435
# of unexpected failures	39
# of unexpected successes	10
# of expected failures		206
# of untested testcases		58
# of unsupported tests		880
/builds/gcc/misc/gcc/xgcc  version 4.1.0 20050520 (experimental)

		=== gfortran tests ===


Running target unix/-m32
XPASS: gfortran.dg/ret_pointer_1.f90  -O0  execution test
XPASS: gfortran.dg/ret_pointer_1.f90  -O1  execution test
XPASS: gfortran.dg/ret_pointer_1.f90  -O2  execution test
XPASS: gfortran.dg/ret_pointer_1.f90  -O3 -fomit-frame-pointer  execution test
XPASS: gfortran.dg/ret_pointer_1.f90  -O3 -fomit-frame-pointer -funroll-loops  execution test
XPASS: gfortran.dg/ret_pointer_1.f90  -O3 -fomit-frame-pointer -funroll-all-loops -finline-functions  execution test
XPASS: gfortran.dg/ret_pointer_1.f90  -O3 -g  execution test
XPASS: gfortran.dg/ret_pointer_1.f90  -Os  execution test
FAIL: gfortran.dg/vect/vect-5.f90  -O  (test for excess errors)
WARNING: gfortran.dg/vect/vect-5.f90  -O  compilation failed to produce executable

		=== gfortran Summary for unix/-m32 ===

# of expected passes		6864
# of unexpected failures	1
# of unexpected successes	8
# of expected failures		24
# of unsupported tests		16

Running target unix
XPASS: gfortran.dg/ret_pointer_1.f90  -O0  execution test
XPASS: gfortran.dg/ret_pointer_1.f90  -O1  execution test
XPASS: gfortran.dg/ret_pointer_1.f90  -O2  execution test
XPASS: gfortran.dg/ret_pointer_1.f90  -O3 -fomit-frame-pointer  execution test
XPASS: gfortran.dg/ret_pointer_1.f90  -O3 -fomit-frame-pointer -funroll-loops  execution test
XPASS: gfortran.dg/ret_pointer_1.f90  -O3 -fomit-frame-pointer -funroll-all-loops -finline-functions  execution test
XPASS: gfortran.dg/ret_pointer_1.f90  -O3 -g  execution test
XPASS: gfortran.dg/ret_pointer_1.f90  -Os  execution test
FAIL: gfortran.dg/vect/vect-5.f90  -O  (test for excess errors)
WARNING: gfortran.dg/vect/vect-5.f90  -O  compilation failed to produce executable

		=== gfortran Summary for unix ===

# of expected passes		6861
# of unexpected failures	1
# of unexpected successes	8
# of expected failures		27
# of unsupported tests		16

		=== gfortran Summary ===

# of expected passes		13725
# of unexpected failures	2
# of unexpected successes	16
# of expected failures		51
# of unsupported tests		32
/builds/gcc/misc/gcc/testsuite/../gfortran  version 4.1.0 20050520 (experimental)

		=== g++ tests ===


Running target unix/-m32
FAIL: g++.dg/eh/simd-1.C (test for excess errors)
FAIL: g++.dg/eh/simd-2.C (test for excess errors)
FAIL: g++.dg/tree-ssa/pr14814.C scan-tree-dump-times &this 0
ERROR: g++.old-deja/g++.jason/thunk3.C: syntax error in target selector "xfail rs6000-*-* powerpc-*-eabi m68k-*-coff mn10300-*-* v850-*-* sh-*-* sh64-*-* h8*-*-* xtensa-*-* m32r*-*" for " dg-do 1 run { xfail rs6000-*-* powerpc-*-eabi m68k-*-coff mn10300-*-* v850-*-* sh-*-* sh64-*-* h8*-*-* xtensa-*-* m32r*-* } "
UNRESOLVED: g++.old-deja/g++.jason/thunk3.C: syntax error in target selector "xfail rs6000-*-* powerpc-*-eabi m68k-*-coff mn10300-*-* v850-*-* sh-*-* sh64-*-* h8*-*-* xtensa-*-* m32r*-*" for " dg-do 1 run { xfail rs6000-*-* powerpc-*-eabi m68k-*-coff mn10300-*-* v850-*-* sh-*-* sh64-*-* h8*-*-* xtensa-*-* m32r*-* } "
XPASS: g++.old-deja/g++.other/init5.C execution test

		=== g++ Summary for unix/-m32 ===

# of expected passes		10999
# of unexpected failures	3
# of unexpected successes	1
# of expected failures		65
# of unresolved testcases	1
# of unsupported tests		93

Running target unix
FAIL: g++.dg/tree-ssa/pr14814.C scan-tree-dump-times &this 0
ERROR: g++.old-deja/g++.jason/thunk3.C: syntax error in target selector "xfail rs6000-*-* powerpc-*-eabi m68k-*-coff mn10300-*-* v850-*-* sh-*-* sh64-*-* h8*-*-* xtensa-*-* m32r*-*" for " dg-do 1 run { xfail rs6000-*-* powerpc-*-eabi m68k-*-coff mn10300-*-* v850-*-* sh-*-* sh64-*-* h8*-*-* xtensa-*-* m32r*-* } "
UNRESOLVED: g++.old-deja/g++.jason/thunk3.C: syntax error in target selector "xfail rs6000-*-* powerpc-*-eabi m68k-*-coff mn10300-*-* v850-*-* sh-*-* sh64-*-* h8*-*-* xtensa-*-* m32r*-*" for " dg-do 1 run { xfail rs6000-*-* powerpc-*-eabi m68k-*-coff mn10300-*-* v850-*-* sh-*-* sh64-*-* h8*-*-* xtensa-*-* m32r*-* } "
XPASS: g++.old-deja/g++.other/init5.C execution test

		=== g++ Summary for unix ===

# of expected passes		10969
# of unexpected failures	1
# of unexpected successes	1
# of expected failures		65
# of unresolved testcases	1
# of unsupported tests		95

		=== g++ Summary ===

# of expected passes		21968
# of unexpected failures	4
# of unexpected successes	2
# of expected failures		130
# of unresolved testcases	2
# of unsupported tests		188
/builds/gcc/misc/gcc/testsuite/../g++  version 4.1.0 20050520 (experimental)

		=== objc tests ===


Running target unix/-m32

		=== objc Summary for unix/-m32 ===

# of expected passes		1534
# of unsupported tests		12

Running target unix

		=== objc Summary for unix ===

# of expected passes		1534
# of unsupported tests		12

		=== objc Summary ===

# of expected passes		3068
# of unsupported tests		24
/builds/gcc/misc/gcc/xgcc  version 4.1.0 20050520 (experimental)

		=== treelang tests ===


Running target unix/-m32
FAIL: treelang/compile/unsigned.tree (test for excess errors)
ERROR: treelang/compile/unsigned.tree: error executing dg-final: no files matched glob pattern "unsigned.tree.t??.generic"
UNRESOLVED: treelang/compile/unsigned.tree: error executing dg-final: no files matched glob pattern "unsigned.tree.t??.generic"

		=== treelang Summary for unix/-m32 ===

# of expected passes		46
# of unexpected failures	1
# of unresolved testcases	1

Running target unix

		=== treelang Summary for unix ===


		=== treelang Summary ===

# of expected passes		46
# of unexpected failures	1
# of unresolved testcases	1
		=== libffi tests ===


Running target unix/-m32

		=== libffi Summary for unix/-m32 ===

# of expected passes		219
# of unsupported tests		2

Running target unix

		=== libffi Summary for unix ===

# of expected passes		219
# of unsupported tests		2

		=== libffi Summary ===

# of expected passes		438
# of unsupported tests		4
		=== libjava tests ===


Running target unix/-m32

		=== libjava Summary for unix/-m32 ===

# of expected passes		3815
# of expected failures		10
# of untested testcases		8

Running target unix

		=== libjava Summary for unix ===

# of expected passes		3815
# of expected failures		10
# of untested testcases		8

		=== libjava Summary ===

# of expected passes		7630
# of expected failures		20
# of untested testcases		16
		=== libmudflap tests ===


Running target unix/-m32
FAIL: libmudflap.cth/pass40-frag.c execution test
FAIL: libmudflap.cth/pass40-frag.c output pattern test
FAIL: libmudflap.cth/pass40-frag.c (-O2) execution test
FAIL: libmudflap.cth/pass40-frag.c (-O2) output pattern test
FAIL: libmudflap.cth/pass40-frag.c (-O3) execution test
FAIL: libmudflap.cth/pass40-frag.c (-O3) output pattern test

		=== libmudflap Summary for unix/-m32 ===

# of expected passes		1325
# of unexpected failures	6

Running target unix

		=== libmudflap Summary for unix ===

# of expected passes		1331

		=== libmudflap Summary ===

# of expected passes		2656
# of unexpected failures	6
		=== libstdc++ tests ===


Running target unix/-m32
FAIL: 22_locale/messages/members/char/1.cc execution test
FAIL: 22_locale/messages/members/char/2.cc execution test
FAIL: 22_locale/messages/members/char/wrapped_env.cc execution test
FAIL: 22_locale/messages/members/char/wrapped_locale.cc execution test
FAIL: 22_locale/messages_byname/named_equivalence.cc execution test
XPASS: 26_numerics/cmath/c99_classification_macros_c.cc (test for excess errors)

		=== libstdc++ Summary for unix/-m32 ===

# of expected passes		3636
# of unexpected failures	5
# of unexpected successes	1
# of expected failures		12

Running target unix
XPASS: 26_numerics/cmath/c99_classification_macros_c.cc (test for excess errors)
XPASS: 27_io/fpos/14320-1.cc execution test

		=== libstdc++ Summary for unix ===

# of expected passes		3641
# of unexpected successes	2
# of expected failures		11

		=== libstdc++ Summary ===

# of expected passes		7277
# of unexpected failures	5
# of unexpected successes	3
# of expected failures		23

Compiler version: 4.1.0 20050520 (experimental) 
Platform: x86_64-suse-linux-gnu
configure flags: --prefix=/opt/gcc/4.1-devel --enable-checking=misc,tree,gc,rtl,rtlflag,assert --enable-threads=posix --enable-clocale=gnu --enable-__cxa_atexit --enable-shared --with-system-zlib x86_64-suse-linux-gnu --enable-languages=c,c++,f95,java,objc,treelang
Version of binutils: GNU ld version 2.15.94.0.2.2 20041220 (SuSE Linux)
Version of glibc (/lib/libc.so.6): 2.3.4 (20050218)
Version of glibc (/lib64/libc.so.6): 2.3.4 (20050218)


Index Nav: [Date Index] [Subject Index] [Author Index] [Thread Index]
Message Nav: [Date Prev] [Date Next] [Thread Prev] [Thread Next]