This is the mail archive of the mailing list for the GCC project.

Index Nav: [Date Index] [Subject Index] [Author Index] [Thread Index]
Message Nav: [Date Prev] [Date Next] [Thread Prev] [Thread Next]
Other format: [Raw text]

Results for 3.4.4 20050520 (prerelease) testsuite on hppa2.0w-hp-hpux11.11

LAST_UPDATED: Fri May 20 08:38:27 UTC 2005

Native configuration is hppa2.0w-hp-hpux11.11

		=== g++ tests ===

Running target unix
UNRESOLVED: g++.dg/init/init-ref4.C
XPASS: g++.dg/rtti/tinfo1.C scan-assembler-not .globl[ \\t]+_ZTIP9CTemplateIhE
XPASS: g++.dg/rtti/tinfo1.C scan-assembler-not .section[^\\n\\r]*_ZTIP9CTemplateIhE[^\\n\\r]*
FAIL: g++.old-deja/ execution test
UNRESOLVED: g++.old-deja/g++.ext/attrib5.C
WARNING: g++.old-deja/g++.mike/p10769a.C compilation failed to produce executable
WARNING: g++.old-deja/g++.other/enum5.C compilation failed to produce executable
WARNING: g++.old-deja/ compilation failed to produce executable
UNRESOLVED: g++.old-deja/

		=== g++ Summary ===

# of expected passes		9595
# of unexpected failures	1
# of unexpected successes	2
# of expected failures		74
# of unresolved testcases	3
# of unsupported tests		88
/scratch/gcc/nightly-2005-05-20-3.4/hppa2.0w-hp-hpux11.11/build_gcc/install/bin/c++  version 3.4.4 20050520 (prerelease)

		=== gcc tests ===

Running target unix
UNRESOLVED: gcc.dg/visibility-1.c
UNRESOLVED: gcc.dg/visibility-2.c
UNRESOLVED: gcc.dg/visibility-3.c
UNRESOLVED: gcc.dg/visibility-4.c
UNRESOLVED: gcc.dg/visibility-5.c
UNRESOLVED: gcc.dg/visibility-6.c
UNRESOLVED: gcc.dg/visibility-7.c
UNRESOLVED: gcc.dg/visibility-8.c
UNRESOLVED: gcc.dg/special/weak-1.c
UNRESOLVED: gcc.dg/special/weak-2.c
UNRESOLVED: gcc.dg/special/wkali-1.c
UNRESOLVED: gcc.dg/special/wkali-2.c
UNRESOLVED: gcc.dg/weak/typeof-2.c
UNRESOLVED: gcc.dg/weak/weak-1.c
UNRESOLVED: gcc.dg/weak/weak-2.c
UNRESOLVED: gcc.dg/weak/weak-3.c
UNRESOLVED: gcc.dg/weak/weak-4.c
UNRESOLVED: gcc.dg/weak/weak-5.c
UNRESOLVED: gcc.dg/weak/weak-6.c
UNRESOLVED: gcc.dg/weak/weak-7.c
UNRESOLVED: gcc.dg/weak/weak-8.c
UNRESOLVED: gcc.dg/weak/weak-9.c

		=== gcc Summary ===

# of expected passes		24305
# of expected failures		69
# of unresolved testcases	22
# of untested testcases		7
# of unsupported tests		391
/scratch/gcc/nightly-2005-05-20-3.4/hppa2.0w-hp-hpux11.11/build_gcc/install/bin/gcc version 3.4.4 20050520 (prerelease)

		=== libstdc++ tests ===

Running target unix
FAIL: 26_numerics/ (test for excess errors)

		=== libstdc++ Summary ===

# of expected passes		2037
# of unexpected failures	1
# of expected failures		4
# of unsupported tests		9

Compiler version: 3.4.4 20050520 (prerelease) 
Platform: hppa2.0w-hp-hpux11.11
configure flags: --disable-nls --build=hppa2.0w-hp-hpux11.11 --host=hppa2.0w-hp-hpux11.11 --target=hppa2.0w-hp-hpux11.11 --enable-languages=c,c++ --enable-threads=posix --disable-libmudflap --with-gnu-as --with-as=/scratch/gcc/nightly-2005-05-20-3.4/hppa2.0w-hp-hpux11.11/build_gcc/install/bin/as --without-gnu-ld --with-ld=/usr/ccs/bin/ld --prefix=/scratch/gcc/nightly-2005-05-20-3.4/hppa2.0w-hp-hpux11.11/build_gcc/install

Index Nav: [Date Index] [Subject Index] [Author Index] [Thread Index]
Message Nav: [Date Prev] [Date Next] [Thread Prev] [Thread Next]