This is the mail archive of the
gcc-testresults@gcc.gnu.org
mailing list for the GCC project.
Results for 4.1.0 20050520 (experimental) testsuite on i686-pc-linux-gnu
- From: Joe Buck <Joe dot Buck at synopsys dot com>
- To: gcc-testresults at gcc dot gnu dot org
- Date: Fri, 20 May 2005 05:48:39 -0700
- Subject: Results for 4.1.0 20050520 (experimental) testsuite on i686-pc-linux-gnu
This is a Red Hat Enterprise (GNU/)Linux WS release 3 system,
running on a dual 2.2 GHz Intel Xeon system.
kernel: 2.4.21-4.EL (from Red Hat)
glibc: 2.3.2-95.3 (from Red Hat)
binutils: 2.14.90.0.4-26 (from Red Hat)
Only C, C++, ObjC are tested (no Java).
LAST_UPDATED: Fri May 20 09:28:00 UTC 2005
Native configuration is i686-pc-linux-gnu
=== g++ tests ===
Running target unix
FAIL: g++.dg/tree-ssa/pr14814.C scan-tree-dump-times &this 0
ERROR: g++.old-deja/g++.jason/thunk3.C: syntax error in target selector "xfail rs6000-*-* powerpc-*-eabi m68k-*-coff mn10300-*-* v850-*-* sh-*-* sh64-*-* h8*-*-* xtensa-*-* m32r*-*" for " dg-do 1 run { xfail rs6000-*-* powerpc-*-eabi m68k-*-coff mn10300-*-* v850-*-* sh-*-* sh64-*-* h8*-*-* xtensa-*-* m32r*-* } "
UNRESOLVED: g++.old-deja/g++.jason/thunk3.C: syntax error in target selector "xfail rs6000-*-* powerpc-*-eabi m68k-*-coff mn10300-*-* v850-*-* sh-*-* sh64-*-* h8*-*-* xtensa-*-* m32r*-*" for " dg-do 1 run { xfail rs6000-*-* powerpc-*-eabi m68k-*-coff mn10300-*-* v850-*-* sh-*-* sh64-*-* h8*-*-* xtensa-*-* m32r*-* } "
=== g++ Summary ===
# of expected passes 11066
# of unexpected failures 1
# of expected failures 66
# of unresolved testcases 1
# of unsupported tests 61
/var/tmp/gccbuild/trunk/gcc/testsuite/../g++ version 4.1.0 20050520 (experimental)
=== gcc tests ===
Running target unix
WARNING: program timed out.
FAIL: gcc.c-torture/compile/20001226-1.c (test for excess errors)
XPASS: gcc.dg/uninit-9.c uninitialized variable warning (test for bogus messages, line 26)
FAIL: gcc.dg/vect/pr18400.c (test for excess errors)
WARNING: gcc.dg/vect/pr18400.c compilation failed to produce executable
FAIL: gcc.dg/vect/vect-11a.c (test for excess errors)
WARNING: gcc.dg/vect/vect-11a.c compilation failed to produce executable
FAIL: gcc.dg/vect/vect-11a.c scan-tree-dump-times vectorized 1 loops 2
FAIL: gcc.dg/vect/vect-2.c (test for excess errors)
WARNING: gcc.dg/vect/vect-2.c compilation failed to produce executable
XPASS: gcc.dg/vect/vect-22.c scan-tree-dump-times vectorized 3 loops 1
FAIL: gcc.dg/vect/vect-34.c (test for excess errors)
WARNING: gcc.dg/vect/vect-34.c compilation failed to produce executable
FAIL: gcc.dg/vect/vect-66.c (test for excess errors)
WARNING: gcc.dg/vect/vect-66.c compilation failed to produce executable
XPASS: gcc.dg/vect/vect-67.c scan-tree-dump-times vectorized 1 loops 1
FAIL: gcc.dg/vect/vect-93.c (test for excess errors)
WARNING: gcc.dg/vect/vect-93.c compilation failed to produce executable
FAIL: gcc.dg/vect/vect-all.c (test for excess errors)
WARNING: gcc.dg/vect/vect-all.c compilation failed to produce executable
FAIL: gcc.dg/vect/vect-none.c scan-tree-dump-times vectorized 1 loops 1
=== gcc Summary ===
# of expected passes 35562
# of unexpected failures 10
# of unexpected successes 3
# of expected failures 103
# of untested testcases 28
# of unsupported tests 326
/var/tmp/gccbuild/trunk/gcc/xgcc version 4.1.0 20050520 (experimental)
=== objc tests ===
Running target unix
=== objc Summary ===
# of expected passes 1534
# of unsupported tests 12
/var/tmp/gccbuild/trunk/gcc/xgcc version 4.1.0 20050520 (experimental)
=== libmudflap tests ===
Running target unix
=== libmudflap Summary ===
# of expected passes 1331
=== libstdc++ tests ===
Running target unix
XPASS: 26_numerics/cmath/c99_classification_macros_c.cc (test for excess errors)
=== libstdc++ Summary ===
# of expected passes 1257
# of unexpected successes 1
# of expected failures 5
Compiler version: 4.1.0 20050520 (experimental)
Platform: i686-pc-linux-gnu
configure flags: --prefix=/usr/localdisk/gcc-cvs/trunk --enable-languages=c,c++,objc