This is the mail archive of the mailing list for the GCC project.

Index Nav: [Date Index] [Subject Index] [Author Index] [Thread Index]
Message Nav: [Date Prev] [Date Next] [Thread Prev] [Thread Next]
Other format: [Raw text]

Results for 3.4.4 testsuite on i686-pc-linux-gnu

This is using the gcc-3.4.4 release tarball and is based on the
x86 Reference Build recipe from:

Using these packages:

FSF binutils-2.16

LAST_UPDATED: Obtained from CVS: -rgcc_3_4_4_release 

Native configuration is i686-pc-linux-gnu

		=== g++ tests ===

Running target unix
XPASS: g++.dg/rtti/tinfo1.C scan-assembler _ZTIP9CTemplateIhE:
XPASS: g++.dg/rtti/tinfo1.C scan-assembler-not .globl[ \\t]+_ZTIP9CTemplateIhE
WARNING: g++.old-deja/g++.mike/p10769a.C compilation failed to produce executable
WARNING: g++.old-deja/g++.other/enum5.C compilation failed to produce executable
XPASS: g++.old-deja/g++.other/init5.C execution test
WARNING: g++.old-deja/ compilation failed to produce executable

		=== g++ Summary ===

# of expected passes		9867
# of unexpected successes	3
# of expected failures		71
# of unsupported tests		43
/temptools/src/gcc-build/gcc/testsuite/../g++  version 3.4.4

		=== gcc tests ===

Running target unix
FAIL: gcc.c-torture/execute/va-arg-25.c execution,  -Os 

		=== gcc Summary ===

# of expected passes		25139
# of unexpected failures	1
# of expected failures		70
# of untested testcases		7
# of unsupported tests		208
/temptools/src/gcc-build/gcc/xgcc version 3.4.4

		=== libstdc++ tests ===

Running target unix
XPASS: 22_locale/locale/cons/ execution test
XPASS: 26_numerics/ (test for excess errors)

		=== libstdc++ Summary ===

# of expected passes		2736
# of unexpected successes	2
# of expected failures		5

Compiler version: 3.4.4 
Platform: i686-pc-linux-gnu
configure flags: --libexecdir=/usr/lib --enable-shared --enable-languages=c,c++ --enable-clocale=gnu --enable-threads=posix --enable-__cxa_atexit

Index Nav: [Date Index] [Subject Index] [Author Index] [Thread Index]
Message Nav: [Date Prev] [Date Next] [Thread Prev] [Thread Next]