This is the mail archive of the
gcc-testresults@gcc.gnu.org
mailing list for the GCC project.
Results for 4.1.0 20050517 (experimental) testsuite on powerpc64-unknown-linux-gnu
- From: Jon Grimm <jgrimm at uranus dot ltc dot austin dot ibm dot com>
- To: gcc-testresults at gcc dot gnu dot org
- Date: Tue, 17 May 2005 22:27:27 -0600
- Subject: Results for 4.1.0 20050517 (experimental) testsuite on powerpc64-unknown-linux-gnu
Linux 2.6.9-5.EL ppc64
GNU C Library stable release version 2.3.4
GNU ld version 2.15.94 20050124
GNU assembler 2.15.94 20050124
GNU Make 3.80
DejaGnu:
Expect version is 5.40.0
Tcl version is 8.4
Framework version is 1.4.4
32-bit biarch default32
Linux 2.6.9-1.849_EL ppc64
GNU C Library stable release version 2.3.3
GNU ld version 2.15.92
GNU assembler 2.15.92
GNU Make 3.80
DejaGnu:
Expect version is 5.42.1
Tcl version is 8.4.7
Framework version is 1.4.4
32-bit biarch default32
LAST_UPDATED: Wed May 18 00:31:54 UTC 2005
Native configuration is powerpc64-unknown-linux-gnu
=== g++ tests ===
Running target unix/-m32
FAIL: g++.dg/opt/reg-stack2.C (test for excess errors)
FAIL: g++.dg/other/static11.C (test for excess errors)
FAIL: g++.dg/tree-ssa/pr14814.C scan-tree-dump-times &this 0
=== g++ Summary for unix/-m32 ===
# of expected passes 11088
# of unexpected failures 3
# of expected failures 65
# of unsupported tests 81
Running target unix/-m64
FAIL: g++.dg/opt/reg-stack2.C (test for excess errors)
FAIL: g++.dg/other/static11.C (test for excess errors)
FAIL: g++.dg/tree-ssa/pr14814.C scan-tree-dump-times &this 0
=== g++ Summary for unix/-m64 ===
# of expected passes 11050
# of unexpected failures 3
# of expected failures 65
# of unsupported tests 84
=== g++ Summary ===
# of expected passes 22138
# of unexpected failures 6
# of expected failures 130
# of unsupported tests 165
/home/jgrimm/build/nightly/build-gcc-mline/gcc/testsuite/../g++ version 4.1.0 20050517 (experimental)
=== gcc tests ===
Running target unix/-m32
XPASS: gcc.c-torture/execute/20020720-1.c compilation, -O1
UNRESOLVED: gcc.c-torture/execute/20020720-1.c execution, -O2
UNRESOLVED: gcc.c-torture/execute/20020720-1.c execution, -O3 -fomit-frame-pointer
UNRESOLVED: gcc.c-torture/execute/20020720-1.c execution, -O3 -g
UNRESOLVED: gcc.c-torture/execute/20020720-1.c execution, -Os
FAIL: gcc.c-torture/execute/20031215-1.c compilation, -O2
UNRESOLVED: gcc.c-torture/execute/20031215-1.c execution, -O2
FAIL: gcc.c-torture/execute/20031215-1.c compilation, -O3 -fomit-frame-pointer
UNRESOLVED: gcc.c-torture/execute/20031215-1.c execution, -O3 -fomit-frame-pointer
FAIL: gcc.c-torture/execute/20031215-1.c compilation, -O3 -g
UNRESOLVED: gcc.c-torture/execute/20031215-1.c execution, -O3 -g
FAIL: gcc.c-torture/execute/20031215-1.c compilation, -Os
UNRESOLVED: gcc.c-torture/execute/20031215-1.c execution, -Os
FAIL: gcc.dg/ppc-vec-merge.c (test for excess errors)
WARNING: gcc.dg/ppc-vec-merge.c compilation failed to produce executable
XPASS: gcc.dg/uninit-9.c uninitialized variable warning (test for bogus messages, line 26)
FAIL: gcc.dg/pch/inline-4.c -O0 -g (test for excess errors)
FAIL: gcc.dg/pch/inline-4.c -O0 (test for excess errors)
FAIL: gcc.dg/tree-ssa/useless-1.c (test for excess errors)
ERROR: gcc.dg/tree-ssa/useless-1.c: error executing dg-final: no files matched glob pattern "useless-1.c.t??.useless"
UNRESOLVED: gcc.dg/tree-ssa/useless-1.c: error executing dg-final: no files matched glob pattern "useless-1.c.t??.useless"
FAIL: gcc.dg/vect/pr18400.c (test for excess errors)
WARNING: gcc.dg/vect/pr18400.c compilation failed to produce executable
FAIL: gcc.dg/vect/vect-11a.c (test for excess errors)
WARNING: gcc.dg/vect/vect-11a.c compilation failed to produce executable
FAIL: gcc.dg/vect/vect-11a.c scan-tree-dump-times vectorized 1 loops 2
FAIL: gcc.dg/vect/vect-2.c (test for excess errors)
WARNING: gcc.dg/vect/vect-2.c compilation failed to produce executable
FAIL: gcc.dg/vect/vect-34.c (test for excess errors)
WARNING: gcc.dg/vect/vect-34.c compilation failed to produce executable
FAIL: gcc.dg/vect/vect-66.c (test for excess errors)
WARNING: gcc.dg/vect/vect-66.c compilation failed to produce executable
XPASS: gcc.dg/vect/vect-67.c scan-tree-dump-times vectorized 1 loops 1
FAIL: gcc.dg/vect/vect-92.c execution test
FAIL: gcc.dg/vect/vect-93.c (test for excess errors)
WARNING: gcc.dg/vect/vect-93.c compilation failed to produce executable
FAIL: gcc.dg/vect/vect-all.c (test for excess errors)
WARNING: gcc.dg/vect/vect-all.c compilation failed to produce executable
FAIL: gcc.dg/vect/vect-shift-1.c (test for excess errors)
WARNING: gcc.dg/vect/vect-shift-1.c compilation failed to produce executable
=== gcc Summary for unix/-m32 ===
# of expected passes 37195
# of unexpected failures 18
# of unexpected successes 3
# of expected failures 106
# of unresolved testcases 9
# of untested testcases 30
# of unsupported tests 442
Running target unix/-m64
UNRESOLVED: gcc.c-torture/execute/20020720-1.c execution, -O1
UNRESOLVED: gcc.c-torture/execute/20020720-1.c execution, -O2
UNRESOLVED: gcc.c-torture/execute/20020720-1.c execution, -O3 -fomit-frame-pointer
UNRESOLVED: gcc.c-torture/execute/20020720-1.c execution, -O3 -g
UNRESOLVED: gcc.c-torture/execute/20020720-1.c execution, -Os
FAIL: gcc.c-torture/execute/20031215-1.c compilation, -O2
UNRESOLVED: gcc.c-torture/execute/20031215-1.c execution, -O2
FAIL: gcc.c-torture/execute/20031215-1.c compilation, -O3 -fomit-frame-pointer
UNRESOLVED: gcc.c-torture/execute/20031215-1.c execution, -O3 -fomit-frame-pointer
FAIL: gcc.c-torture/execute/20031215-1.c compilation, -O3 -g
UNRESOLVED: gcc.c-torture/execute/20031215-1.c execution, -O3 -g
FAIL: gcc.c-torture/execute/20031215-1.c compilation, -Os
UNRESOLVED: gcc.c-torture/execute/20031215-1.c execution, -Os
FAIL: tmpdir-gcc.dg-struct-layout-1/t154 c_compat_y_tst.o compile
UNRESOLVED: tmpdir-gcc.dg-struct-layout-1/t154 c_compat_x_tst.o-c_compat_y_tst.o link
UNRESOLVED: tmpdir-gcc.dg-struct-layout-1/t154 c_compat_x_tst.o-c_compat_y_tst.o execute
FAIL: tmpdir-gcc.dg-struct-layout-1/t199 c_compat_y_tst.o compile
UNRESOLVED: tmpdir-gcc.dg-struct-layout-1/t199 c_compat_x_tst.o-c_compat_y_tst.o link
UNRESOLVED: tmpdir-gcc.dg-struct-layout-1/t199 c_compat_x_tst.o-c_compat_y_tst.o execute
FAIL: gcc.dg/altivec-21.c (test for errors, line 13)
FAIL: gcc.dg/altivec-21.c (test for errors, line 14)
FAIL: gcc.dg/ppc-vec-merge.c (test for excess errors)
WARNING: gcc.dg/ppc-vec-merge.c compilation failed to produce executable
FAIL: gcc.dg/ppc64-abi-2.c (test for excess errors)
WARNING: gcc.dg/ppc64-abi-2.c compilation failed to produce executable
FAIL: gcc.dg/rs6000-fpint.c scan-assembler-not stfiwx
XPASS: gcc.dg/uninit-4.c uninitialized variable warning PR19833 (test for bogus messages, line 26)
XPASS: gcc.dg/uninit-9.c uninitialized variable warning (test for bogus messages, line 26)
FAIL: gcc.dg/pch/inline-4.c -O0 -g (test for excess errors)
FAIL: gcc.dg/pch/inline-4.c -O0 (test for excess errors)
XPASS: gcc.dg/tree-ssa/sra-2.c scan-tree-dump-times link_error 0
FAIL: gcc.dg/tree-ssa/useless-1.c (test for excess errors)
ERROR: gcc.dg/tree-ssa/useless-1.c: error executing dg-final: no files matched glob pattern "useless-1.c.t??.useless"
UNRESOLVED: gcc.dg/tree-ssa/useless-1.c: error executing dg-final: no files matched glob pattern "useless-1.c.t??.useless"
FAIL: gcc.dg/vect/pr18400.c (test for excess errors)
WARNING: gcc.dg/vect/pr18400.c compilation failed to produce executable
FAIL: gcc.dg/vect/vect-11a.c (test for excess errors)
WARNING: gcc.dg/vect/vect-11a.c compilation failed to produce executable
FAIL: gcc.dg/vect/vect-11a.c scan-tree-dump-times vectorized 1 loops 2
FAIL: gcc.dg/vect/vect-2.c (test for excess errors)
WARNING: gcc.dg/vect/vect-2.c compilation failed to produce executable
FAIL: gcc.dg/vect/vect-34.c (test for excess errors)
WARNING: gcc.dg/vect/vect-34.c compilation failed to produce executable
FAIL: gcc.dg/vect/vect-66.c (test for excess errors)
WARNING: gcc.dg/vect/vect-66.c compilation failed to produce executable
XPASS: gcc.dg/vect/vect-67.c scan-tree-dump-times vectorized 1 loops 1
FAIL: gcc.dg/vect/vect-93.c (test for excess errors)
WARNING: gcc.dg/vect/vect-93.c compilation failed to produce executable
FAIL: gcc.dg/vect/vect-all.c (test for excess errors)
WARNING: gcc.dg/vect/vect-all.c compilation failed to produce executable
FAIL: gcc.dg/vect/vect-shift-1.c (test for excess errors)
WARNING: gcc.dg/vect/vect-shift-1.c compilation failed to produce executable
=== gcc Summary for unix/-m64 ===
# of expected passes 37190
# of unexpected failures 23
# of unexpected successes 4
# of expected failures 112
# of unresolved testcases 14
# of untested testcases 30
# of unsupported tests 439
=== gcc Summary ===
# of expected passes 74385
# of unexpected failures 41
# of unexpected successes 7
# of expected failures 218
# of unresolved testcases 23
# of untested testcases 60
# of unsupported tests 881
/home/jgrimm/build/nightly/build-gcc-mline/gcc/xgcc version 4.1.0 20050517 (experimental)
=== gfortran tests ===
Running target unix/-m32
FAIL: gfortran.dg/eoshift.f90 -O0 execution test
XPASS: gfortran.dg/ret_pointer_1.f90 -O0 execution test
XPASS: gfortran.dg/ret_pointer_1.f90 -O1 execution test
XPASS: gfortran.dg/ret_pointer_1.f90 -O2 execution test
XPASS: gfortran.dg/ret_pointer_1.f90 -O3 -fomit-frame-pointer execution test
XPASS: gfortran.dg/ret_pointer_1.f90 -O3 -fomit-frame-pointer -funroll-loops execution test
XPASS: gfortran.dg/ret_pointer_1.f90 -O3 -fomit-frame-pointer -funroll-all-loops -finline-functions execution test
XPASS: gfortran.dg/ret_pointer_1.f90 -O3 -g execution test
XPASS: gfortran.dg/ret_pointer_1.f90 -Os execution test
FAIL: gfortran.dg/vect/vect-5.f90 -O (test for excess errors)
WARNING: gfortran.dg/vect/vect-5.f90 -O compilation failed to produce executable
=== gfortran Summary for unix/-m32 ===
# of expected passes 6791
# of unexpected failures 2
# of unexpected successes 8
# of expected failures 24
# of unsupported tests 17
Running target unix/-m64
FAIL: gfortran.dg/namelist_14.f90 -O0 (test for excess errors)
WARNING: gfortran.dg/namelist_14.f90 -O0 compilation failed to produce executable
XPASS: gfortran.dg/ret_pointer_1.f90 -O0 execution test
XPASS: gfortran.dg/ret_pointer_1.f90 -O1 execution test
XPASS: gfortran.dg/ret_pointer_1.f90 -O2 execution test
XPASS: gfortran.dg/ret_pointer_1.f90 -O3 -fomit-frame-pointer execution test
XPASS: gfortran.dg/ret_pointer_1.f90 -O3 -fomit-frame-pointer -funroll-loops execution test
XPASS: gfortran.dg/ret_pointer_1.f90 -O3 -fomit-frame-pointer -funroll-all-loops -finline-functions execution test
XPASS: gfortran.dg/ret_pointer_1.f90 -O3 -g execution test
XPASS: gfortran.dg/ret_pointer_1.f90 -Os execution test
FAIL: gfortran.dg/vect/vect-5.f90 -O (test for excess errors)
WARNING: gfortran.dg/vect/vect-5.f90 -O compilation failed to produce executable
=== gfortran Summary for unix/-m64 ===
# of expected passes 6787
# of unexpected failures 2
# of unexpected successes 8
# of expected failures 27
# of unsupported tests 17
=== gfortran Summary ===
# of expected passes 13578
# of unexpected failures 4
# of unexpected successes 16
# of expected failures 51
# of unsupported tests 34
/home/jgrimm/build/nightly/build-gcc-mline/gcc/testsuite/../gfortran version 4.1.0 20050517 (experimental)
=== objc tests ===
Running target unix/-m32
FAIL: objc/execute/IMP.m compilation, -O0
UNRESOLVED: objc/execute/IMP.m execution, -O0
FAIL: objc/execute/IMP.m compilation, -O1
UNRESOLVED: objc/execute/IMP.m execution, -O1
FAIL: objc/execute/IMP.m compilation, -O2
UNRESOLVED: objc/execute/IMP.m execution, -O2
FAIL: objc/execute/IMP.m compilation, -O3 -fomit-frame-pointer
UNRESOLVED: objc/execute/IMP.m execution, -O3 -fomit-frame-pointer
FAIL: objc/execute/IMP.m compilation, -O3 -g
UNRESOLVED: objc/execute/IMP.m execution, -O3 -g
FAIL: objc/execute/IMP.m compilation, -Os
UNRESOLVED: objc/execute/IMP.m execution, -Os
FAIL: objc/execute/_cmd.m compilation, -O0
UNRESOLVED: objc/execute/_cmd.m execution, -O0
FAIL: objc/execute/_cmd.m compilation, -O1
UNRESOLVED: objc/execute/_cmd.m execution, -O1
FAIL: objc/execute/_cmd.m compilation, -O2
UNRESOLVED: objc/execute/_cmd.m execution, -O2
FAIL: objc/execute/_cmd.m compilation, -O3 -fomit-frame-pointer
UNRESOLVED: objc/execute/_cmd.m execution, -O3 -fomit-frame-pointer
FAIL: objc/execute/_cmd.m compilation, -O3 -g
UNRESOLVED: objc/execute/_cmd.m execution, -O3 -g
FAIL: objc/execute/_cmd.m compilation, -Os
UNRESOLVED: objc/execute/_cmd.m execution, -Os
FAIL: objc/execute/accessing_ivars.m compilation, -O0
UNRESOLVED: objc/execute/accessing_ivars.m execution, -O0
FAIL: objc/execute/accessing_ivars.m compilation, -O1
UNRESOLVED: objc/execute/accessing_ivars.m execution, -O1
FAIL: objc/execute/accessing_ivars.m compilation, -O2
UNRESOLVED: objc/execute/accessing_ivars.m execution, -O2
FAIL: objc/execute/accessing_ivars.m compilation, -O3 -fomit-frame-pointer
UNRESOLVED: objc/execute/accessing_ivars.m execution, -O3 -fomit-frame-pointer
FAIL: objc/execute/accessing_ivars.m compilation, -O3 -g
UNRESOLVED: objc/execute/accessing_ivars.m execution, -O3 -g
FAIL: objc/execute/accessing_ivars.m compilation, -Os
UNRESOLVED: objc/execute/accessing_ivars.m execution, -Os
FAIL: objc/execute/bf-1.m compilation, -O0
UNRESOLVED: objc/execute/bf-1.m execution, -O0
FAIL: objc/execute/bf-1.m compilation, -O1
UNRESOLVED: objc/execute/bf-1.m execution, -O1
FAIL: objc/execute/bf-1.m compilation, -O2
UNRESOLVED: objc/execute/bf-1.m execution, -O2
FAIL: objc/execute/bf-1.m compilation, -O3 -fomit-frame-pointer
UNRESOLVED: objc/execute/bf-1.m execution, -O3 -fomit-frame-pointer
FAIL: objc/execute/bf-1.m compilation, -O3 -g
UNRESOLVED: objc/execute/bf-1.m execution, -O3 -g
FAIL: objc/execute/bf-1.m compilation, -Os
UNRESOLVED: objc/execute/bf-1.m execution, -Os
FAIL: objc/execute/bf-10.m compilation, -O0
UNRESOLVED: objc/execute/bf-10.m execution, -O0
FAIL: objc/execute/bf-10.m compilation, -O1
UNRESOLVED: objc/execute/bf-10.m execution, -O1
FAIL: objc/execute/bf-10.m compilation, -O2
UNRESOLVED: objc/execute/bf-10.m execution, -O2
FAIL: objc/execute/bf-10.m compilation, -O3 -fomit-frame-pointer
UNRESOLVED: objc/execute/bf-10.m execution, -O3 -fomit-frame-pointer
FAIL: objc/execute/bf-10.m compilation, -O3 -g
UNRESOLVED: objc/execute/bf-10.m execution, -O3 -g
FAIL: objc/execute/bf-10.m compilation, -Os
UNRESOLVED: objc/execute/bf-10.m execution, -Os
FAIL: objc/execute/bf-11.m compilation, -O0
UNRESOLVED: objc/execute/bf-11.m execution, -O0
FAIL: objc/execute/bf-11.m compilation, -O1
UNRESOLVED: objc/execute/bf-11.m execution, -O1
FAIL: objc/execute/bf-11.m compilation, -O2
UNRESOLVED: objc/execute/bf-11.m execution, -O2
FAIL: objc/execute/bf-11.m compilation, -O3 -fomit-frame-pointer
UNRESOLVED: objc/execute/bf-11.m execution, -O3 -fomit-frame-pointer
FAIL: objc/execute/bf-11.m compilation, -O3 -g
UNRESOLVED: objc/execute/bf-11.m execution, -O3 -g
FAIL: objc/execute/bf-11.m compilation, -Os
UNRESOLVED: objc/execute/bf-11.m execution, -Os
FAIL: objc/execute/bf-12.m compilation, -O0
UNRESOLVED: objc/execute/bf-12.m execution, -O0
FAIL: objc/execute/bf-12.m compilation, -O1
UNRESOLVED: objc/execute/bf-12.m execution, -O1
FAIL: objc/execute/bf-12.m compilation, -O2
UNRESOLVED: objc/execute/bf-12.m execution, -O2
FAIL: objc/execute/bf-12.m compilation, -O3 -fomit-frame-pointer
UNRESOLVED: objc/execute/bf-12.m execution, -O3 -fomit-frame-pointer
FAIL: objc/execute/bf-12.m compilation, -O3 -g
UNRESOLVED: objc/execute/bf-12.m execution, -O3 -g
FAIL: objc/execute/bf-12.m compilation, -Os
UNRESOLVED: objc/execute/bf-12.m execution, -Os
FAIL: objc/execute/bf-13.m compilation, -O0
UNRESOLVED: objc/execute/bf-13.m execution, -O0
FAIL: objc/execute/bf-13.m compilation, -O1
UNRESOLVED: objc/execute/bf-13.m execution, -O1
FAIL: objc/execute/bf-13.m compilation, -O2
UNRESOLVED: objc/execute/bf-13.m execution, -O2
FAIL: objc/execute/bf-13.m compilation, -O3 -fomit-frame-pointer
UNRESOLVED: objc/execute/bf-13.m execution, -O3 -fomit-frame-pointer
FAIL: objc/execute/bf-13.m compilation, -O3 -g
UNRESOLVED: objc/execute/bf-13.m execution, -O3 -g
FAIL: objc/execute/bf-13.m compilation, -Os
UNRESOLVED: objc/execute/bf-13.m execution, -Os
FAIL: objc/execute/bf-14.m compilation, -O0
UNRESOLVED: objc/execute/bf-14.m execution, -O0
FAIL: objc/execute/bf-14.m compilation, -O1
UNRESOLVED: objc/execute/bf-14.m execution, -O1
FAIL: objc/execute/bf-14.m compilation, -O2
UNRESOLVED: objc/execute/bf-14.m execution, -O2
FAIL: objc/execute/bf-14.m compilation, -O3 -fomit-frame-pointer
UNRESOLVED: objc/execute/bf-14.m execution, -O3 -fomit-frame-pointer
FAIL: objc/execute/bf-14.m compilation, -O3 -g
UNRESOLVED: objc/execute/bf-14.m execution, -O3 -g
FAIL: objc/execute/bf-14.m compilation, -Os
UNRESOLVED: objc/execute/bf-14.m execution, -Os
FAIL: objc/execute/bf-15.m compilation, -O0
UNRESOLVED: objc/execute/bf-15.m execution, -O0
FAIL: objc/execute/bf-15.m compilation, -O1
UNRESOLVED: objc/execute/bf-15.m execution, -O1
FAIL: objc/execute/bf-15.m compilation, -O2
UNRESOLVED: objc/execute/bf-15.m execution, -O2
FAIL: objc/execute/bf-15.m compilation, -O3 -fomit-frame-pointer
UNRESOLVED: objc/execute/bf-15.m execution, -O3 -fomit-frame-pointer
FAIL: objc/execute/bf-15.m compilation, -O3 -g
UNRESOLVED: objc/execute/bf-15.m execution, -O3 -g
FAIL: objc/execute/bf-15.m compilation, -Os
UNRESOLVED: objc/execute/bf-15.m execution, -Os
FAIL: objc/execute/bf-16.m compilation, -O0
UNRESOLVED: objc/execute/bf-16.m execution, -O0
FAIL: objc/execute/bf-16.m compilation, -O1
UNRESOLVED: objc/execute/bf-16.m execution, -O1
FAIL: objc/execute/bf-16.m compilation, -O2
UNRESOLVED: objc/execute/bf-16.m execution, -O2
FAIL: objc/execute/bf-16.m compilation, -O3 -fomit-frame-pointer
UNRESOLVED: objc/execute/bf-16.m execution, -O3 -fomit-frame-pointer
FAIL: objc/execute/bf-16.m compilation, -O3 -g
UNRESOLVED: objc/execute/bf-16.m execution, -O3 -g
FAIL: objc/execute/bf-16.m compilation, -Os
UNRESOLVED: objc/execute/bf-16.m execution, -Os
FAIL: objc/execute/bf-17.m compilation, -O0
UNRESOLVED: objc/execute/bf-17.m execution, -O0
FAIL: objc/execute/bf-17.m compilation, -O1
UNRESOLVED: objc/execute/bf-17.m execution, -O1
FAIL: objc/execute/bf-17.m compilation, -O2
UNRESOLVED: objc/execute/bf-17.m execution, -O2
FAIL: objc/execute/bf-17.m compilation, -O3 -fomit-frame-pointer
UNRESOLVED: objc/execute/bf-17.m execution, -O3 -fomit-frame-pointer
FAIL: objc/execute/bf-17.m compilation, -O3 -g
UNRESOLVED: objc/execute/bf-17.m execution, -O3 -g
FAIL: objc/execute/bf-17.m compilation, -Os
UNRESOLVED: objc/execute/bf-17.m execution, -Os
FAIL: objc/execute/bf-18.m compilation, -O0
UNRESOLVED: objc/execute/bf-18.m execution, -O0
FAIL: objc/execute/bf-18.m compilation, -O1
UNRESOLVED: objc/execute/bf-18.m execution, -O1
FAIL: objc/execute/bf-18.m compilation, -O2
UNRESOLVED: objc/execute/bf-18.m execution, -O2
FAIL: objc/execute/bf-18.m compilation, -O3 -fomit-frame-pointer
UNRESOLVED: objc/execute/bf-18.m execution, -O3 -fomit-frame-pointer
FAIL: objc/execute/bf-18.m compilation, -O3 -g
UNRESOLVED: objc/execute/bf-18.m execution, -O3 -g
FAIL: objc/execute/bf-18.m compilation, -Os
UNRESOLVED: objc/execute/bf-18.m execution, -Os
FAIL: objc/execute/bf-19.m compilation, -O0
UNRESOLVED: objc/execute/bf-19.m execution, -O0
FAIL: objc/execute/bf-19.m compilation, -O1
UNRESOLVED: objc/execute/bf-19.m execution, -O1
FAIL: objc/execute/bf-19.m compilation, -O2
UNRESOLVED: objc/execute/bf-19.m execution, -O2
FAIL: objc/execute/bf-19.m compilation, -O3 -fomit-frame-pointer
UNRESOLVED: objc/execute/bf-19.m execution, -O3 -fomit-frame-pointer
FAIL: objc/execute/bf-19.m compilation, -O3 -g
UNRESOLVED: objc/execute/bf-19.m execution, -O3 -g
FAIL: objc/execute/bf-19.m compilation, -Os
UNRESOLVED: objc/execute/bf-19.m execution, -Os
FAIL: objc/execute/bf-2.m compilation, -O0
UNRESOLVED: objc/execute/bf-2.m execution, -O0
FAIL: objc/execute/bf-2.m compilation, -O1
UNRESOLVED: objc/execute/bf-2.m execution, -O1
FAIL: objc/execute/bf-2.m compilation, -O2
UNRESOLVED: objc/execute/bf-2.m execution, -O2
FAIL: objc/execute/bf-2.m compilation, -O3 -fomit-frame-pointer
UNRESOLVED: objc/execute/bf-2.m execution, -O3 -fomit-frame-pointer
FAIL: objc/execute/bf-2.m compilation, -O3 -g
UNRESOLVED: objc/execute/bf-2.m execution, -O3 -g
FAIL: objc/execute/bf-2.m compilation, -Os
UNRESOLVED: objc/execute/bf-2.m execution, -Os
FAIL: objc/execute/bf-20.m compilation, -O0
UNRESOLVED: objc/execute/bf-20.m execution, -O0
FAIL: objc/execute/bf-20.m compilation, -O1
UNRESOLVED: objc/execute/bf-20.m execution, -O1
FAIL: objc/execute/bf-20.m compilation, -O2
UNRESOLVED: objc/execute/bf-20.m execution, -O2
FAIL: objc/execute/bf-20.m compilation, -O3 -fomit-frame-pointer
UNRESOLVED: objc/execute/bf-20.m execution, -O3 -fomit-frame-pointer
FAIL: objc/execute/bf-20.m compilation, -O3 -g
UNRESOLVED: objc/execute/bf-20.m execution, -O3 -g
FAIL: objc/execute/bf-20.m compilation, -Os
UNRESOLVED: objc/execute/bf-20.m execution, -Os
FAIL: objc/execute/bf-21.m compilation, -O0
UNRESOLVED: objc/execute/bf-21.m execution, -O0
FAIL: objc/execute/bf-21.m compilation, -O1
UNRESOLVED: objc/execute/bf-21.m execution, -O1
FAIL: objc/execute/bf-21.m compilation, -O2
UNRESOLVED: objc/execute/bf-21.m execution, -O2
FAIL: objc/execute/bf-21.m compilation, -O3 -fomit-frame-pointer
UNRESOLVED: objc/execute/bf-21.m execution, -O3 -fomit-frame-pointer
FAIL: objc/execute/bf-21.m compilation, -O3 -g
UNRESOLVED: objc/execute/bf-21.m execution, -O3 -g
FAIL: objc/execute/bf-21.m compilation, -Os
UNRESOLVED: objc/execute/bf-21.m execution, -Os
FAIL: objc/execute/bf-3.m compilation, -O0
UNRESOLVED: objc/execute/bf-3.m execution, -O0
FAIL: objc/execute/bf-3.m compilation, -O1
UNRESOLVED: objc/execute/bf-3.m execution, -O1
FAIL: objc/execute/bf-3.m compilation, -O2
UNRESOLVED: objc/execute/bf-3.m execution, -O2
FAIL: objc/execute/bf-3.m compilation, -O3 -fomit-frame-pointer
UNRESOLVED: objc/execute/bf-3.m execution, -O3 -fomit-frame-pointer
FAIL: objc/execute/bf-3.m compilation, -O3 -g
UNRESOLVED: objc/execute/bf-3.m execution, -O3 -g
FAIL: objc/execute/bf-3.m compilation, -Os
UNRESOLVED: objc/execute/bf-3.m execution, -Os
FAIL: objc/execute/bf-4.m compilation, -O0
UNRESOLVED: objc/execute/bf-4.m execution, -O0
FAIL: objc/execute/bf-4.m compilation, -O1
UNRESOLVED: objc/execute/bf-4.m execution, -O1
FAIL: objc/execute/bf-4.m compilation, -O2
UNRESOLVED: objc/execute/bf-4.m execution, -O2
FAIL: objc/execute/bf-4.m compilation, -O3 -fomit-frame-pointer
UNRESOLVED: objc/execute/bf-4.m execution, -O3 -fomit-frame-pointer
FAIL: objc/execute/bf-4.m compilation, -O3 -g
UNRESOLVED: objc/execute/bf-4.m execution, -O3 -g
FAIL: objc/execute/bf-4.m compilation, -Os
UNRESOLVED: objc/execute/bf-4.m execution, -Os
FAIL: objc/execute/bf-5.m compilation, -O0
UNRESOLVED: objc/execute/bf-5.m execution, -O0
FAIL: objc/execute/bf-5.m compilation, -O1
UNRESOLVED: objc/execute/bf-5.m execution, -O1
FAIL: objc/execute/bf-5.m compilation, -O2
UNRESOLVED: objc/execute/bf-5.m execution, -O2
FAIL: objc/execute/bf-5.m compilation, -O3 -fomit-frame-pointer
UNRESOLVED: objc/execute/bf-5.m execution, -O3 -fomit-frame-pointer
FAIL: objc/execute/bf-5.m compilation, -O3 -g
UNRESOLVED: objc/execute/bf-5.m execution, -O3 -g
FAIL: objc/execute/bf-5.m compilation, -Os
UNRESOLVED: objc/execute/bf-5.m execution, -Os
FAIL: objc/execute/bf-6.m compilation, -O0
UNRESOLVED: objc/execute/bf-6.m execution, -O0
FAIL: objc/execute/bf-6.m compilation, -O1
UNRESOLVED: objc/execute/bf-6.m execution, -O1
FAIL: objc/execute/bf-6.m compilation, -O2
UNRESOLVED: objc/execute/bf-6.m execution, -O2
FAIL: objc/execute/bf-6.m compilation, -O3 -fomit-frame-pointer
UNRESOLVED: objc/execute/bf-6.m execution, -O3 -fomit-frame-pointer
FAIL: objc/execute/bf-6.m compilation, -O3 -g
UNRESOLVED: objc/execute/bf-6.m execution, -O3 -g
FAIL: objc/execute/bf-6.m compilation, -Os
UNRESOLVED: objc/execute/bf-6.m execution, -Os
FAIL: objc/execute/bf-7.m compilation, -O0
UNRESOLVED: objc/execute/bf-7.m execution, -O0
FAIL: objc/execute/bf-7.m compilation, -O1
UNRESOLVED: objc/execute/bf-7.m execution, -O1
FAIL: objc/execute/bf-7.m compilation, -O2
UNRESOLVED: objc/execute/bf-7.m execution, -O2
FAIL: objc/execute/bf-7.m compilation, -O3 -fomit-frame-pointer
UNRESOLVED: objc/execute/bf-7.m execution, -O3 -fomit-frame-pointer
FAIL: objc/execute/bf-7.m compilation, -O3 -g
UNRESOLVED: objc/execute/bf-7.m execution, -O3 -g
FAIL: objc/execute/bf-7.m compilation, -Os
UNRESOLVED: objc/execute/bf-7.m execution, -Os
FAIL: objc/execute/bf-8.m compilation, -O0
UNRESOLVED: objc/execute/bf-8.m execution, -O0
FAIL: objc/execute/bf-8.m compilation, -O1
UNRESOLVED: objc/execute/bf-8.m execution, -O1
FAIL: objc/execute/bf-8.m compilation, -O2
UNRESOLVED: objc/execute/bf-8.m execution, -O2
FAIL: objc/execute/bf-8.m compilation, -O3 -fomit-frame-pointer
UNRESOLVED: objc/execute/bf-8.m execution, -O3 -fomit-frame-pointer
FAIL: objc/execute/bf-8.m compilation, -O3 -g
UNRESOLVED: objc/execute/bf-8.m execution, -O3 -g
FAIL: objc/execute/bf-8.m compilation, -Os
UNRESOLVED: objc/execute/bf-8.m execution, -Os
FAIL: objc/execute/bf-9.m compilation, -O0
UNRESOLVED: objc/execute/bf-9.m execution, -O0
FAIL: objc/execute/bf-9.m compilation, -O1
UNRESOLVED: objc/execute/bf-9.m execution, -O1
FAIL: objc/execute/bf-9.m compilation, -O2
UNRESOLVED: objc/execute/bf-9.m execution, -O2
FAIL: objc/execute/bf-9.m compilation, -O3 -fomit-frame-pointer
UNRESOLVED: objc/execute/bf-9.m execution, -O3 -fomit-frame-pointer
FAIL: objc/execute/bf-9.m compilation, -O3 -g
UNRESOLVED: objc/execute/bf-9.m execution, -O3 -g
FAIL: objc/execute/bf-9.m compilation, -Os
UNRESOLVED: objc/execute/bf-9.m execution, -Os
FAIL: objc/execute/bycopy-1.m compilation, -O0
UNRESOLVED: objc/execute/bycopy-1.m execution, -O0
FAIL: objc/execute/bycopy-1.m compilation, -O1
UNRESOLVED: objc/execute/bycopy-1.m execution, -O1
FAIL: objc/execute/bycopy-1.m compilation, -O2
UNRESOLVED: objc/execute/bycopy-1.m execution, -O2
FAIL: objc/execute/bycopy-1.m compilation, -O3 -fomit-frame-pointer
UNRESOLVED: objc/execute/bycopy-1.m execution, -O3 -fomit-frame-pointer
FAIL: objc/execute/bycopy-1.m compilation, -O3 -g
UNRESOLVED: objc/execute/bycopy-1.m execution, -O3 -g
FAIL: objc/execute/bycopy-1.m compilation, -Os
UNRESOLVED: objc/execute/bycopy-1.m execution, -Os
FAIL: objc/execute/bycopy-2.m compilation, -O0
UNRESOLVED: objc/execute/bycopy-2.m execution, -O0
FAIL: objc/execute/bycopy-2.m compilation, -O1
UNRESOLVED: objc/execute/bycopy-2.m execution, -O1
FAIL: objc/execute/bycopy-2.m compilation, -O2
UNRESOLVED: objc/execute/bycopy-2.m execution, -O2
FAIL: objc/execute/bycopy-2.m compilation, -O3 -fomit-frame-pointer
UNRESOLVED: objc/execute/bycopy-2.m execution, -O3 -fomit-frame-pointer
FAIL: objc/execute/bycopy-2.m compilation, -O3 -g
UNRESOLVED: objc/execute/bycopy-2.m execution, -O3 -g
FAIL: objc/execute/bycopy-2.m compilation, -Os
UNRESOLVED: objc/execute/bycopy-2.m execution, -Os
FAIL: objc/execute/bycopy-3.m compilation, -O0
UNRESOLVED: objc/execute/bycopy-3.m execution, -O0
FAIL: objc/execute/bycopy-3.m compilation, -O1
UNRESOLVED: objc/execute/bycopy-3.m execution, -O1
FAIL: objc/execute/bycopy-3.m compilation, -O2
UNRESOLVED: objc/execute/bycopy-3.m execution, -O2
FAIL: objc/execute/bycopy-3.m compilation, -O3 -fomit-frame-pointer
UNRESOLVED: objc/execute/bycopy-3.m execution, -O3 -fomit-frame-pointer
FAIL: objc/execute/bycopy-3.m compilation, -O3 -g
UNRESOLVED: objc/execute/bycopy-3.m execution, -O3 -g
FAIL: objc/execute/bycopy-3.m compilation, -Os
UNRESOLVED: objc/execute/bycopy-3.m execution, -Os
FAIL: objc/execute/cascading-1.m compilation, -O0
UNRESOLVED: objc/execute/cascading-1.m execution, -O0
FAIL: objc/execute/cascading-1.m compilation, -O1
UNRESOLVED: objc/execute/cascading-1.m execution, -O1
FAIL: objc/execute/cascading-1.m compilation, -O2
UNRESOLVED: objc/execute/cascading-1.m execution, -O2
FAIL: objc/execute/cascading-1.m compilation, -O3 -fomit-frame-pointer
UNRESOLVED: objc/execute/cascading-1.m execution, -O3 -fomit-frame-pointer
FAIL: objc/execute/cascading-1.m compilation, -O3 -g
UNRESOLVED: objc/execute/cascading-1.m execution, -O3 -g
FAIL: objc/execute/cascading-1.m compilation, -Os
UNRESOLVED: objc/execute/cascading-1.m execution, -Os
FAIL: objc/execute/class-1.m compilation, -O0
UNRESOLVED: objc/execute/class-1.m execution, -O0
FAIL: objc/execute/class-1.m compilation, -O1
UNRESOLVED: objc/execute/class-1.m execution, -O1
FAIL: objc/execute/class-1.m compilation, -O2
UNRESOLVED: objc/execute/class-1.m execution, -O2
FAIL: objc/execute/class-1.m compilation, -O3 -fomit-frame-pointer
UNRESOLVED: objc/execute/class-1.m execution, -O3 -fomit-frame-pointer
FAIL: objc/execute/class-1.m compilation, -O3 -g
UNRESOLVED: objc/execute/class-1.m execution, -O3 -g
FAIL: objc/execute/class-1.m compilation, -Os
UNRESOLVED: objc/execute/class-1.m execution, -Os
FAIL: objc/execute/class-10.m compilation, -O0
UNRESOLVED: objc/execute/class-10.m execution, -O0
FAIL: objc/execute/class-10.m compilation, -O1
UNRESOLVED: objc/execute/class-10.m execution, -O1
FAIL: objc/execute/class-10.m compilation, -O2
UNRESOLVED: objc/execute/class-10.m execution, -O2
FAIL: objc/execute/class-10.m compilation, -O3 -fomit-frame-pointer
UNRESOLVED: objc/execute/class-10.m execution, -O3 -fomit-frame-pointer
FAIL: objc/execute/class-10.m compilation, -O3 -g
UNRESOLVED: objc/execute/class-10.m execution, -O3 -g
FAIL: objc/execute/class-10.m compilation, -Os
UNRESOLVED: objc/execute/class-10.m execution, -Os
FAIL: objc/execute/class-11.m compilation, -O0
UNRESOLVED: objc/execute/class-11.m execution, -O0
FAIL: objc/execute/class-11.m compilation, -O1
UNRESOLVED: objc/execute/class-11.m execution, -O1
FAIL: objc/execute/class-11.m compilation, -O2
UNRESOLVED: objc/execute/class-11.m execution, -O2
FAIL: objc/execute/class-11.m compilation, -O3 -fomit-frame-pointer
UNRESOLVED: objc/execute/class-11.m execution, -O3 -fomit-frame-pointer
FAIL: objc/execute/class-11.m compilation, -O3 -g
UNRESOLVED: objc/execute/class-11.m execution, -O3 -g
FAIL: objc/execute/class-11.m compilation, -Os
UNRESOLVED: objc/execute/class-11.m execution, -Os
FAIL: objc/execute/class-12.m compilation, -O0
UNRESOLVED: objc/execute/class-12.m execution, -O0
FAIL: objc/execute/class-12.m compilation, -O1
UNRESOLVED: objc/execute/class-12.m execution, -O1
FAIL: objc/execute/class-12.m compilation, -O2
UNRESOLVED: objc/execute/class-12.m execution, -O2
FAIL: objc/execute/class-12.m compilation, -O3 -fomit-frame-pointer
UNRESOLVED: objc/execute/class-12.m execution, -O3 -fomit-frame-pointer
FAIL: objc/execute/class-12.m compilation, -O3 -g
UNRESOLVED: objc/execute/class-12.m execution, -O3 -g
FAIL: objc/execute/class-12.m compilation, -Os
UNRESOLVED: objc/execute/class-12.m execution, -Os
FAIL: objc/execute/class-13.m compilation, -O0
UNRESOLVED: objc/execute/class-13.m execution, -O0
FAIL: objc/execute/class-13.m compilation, -O1
UNRESOLVED: objc/execute/class-13.m execution, -O1
FAIL: objc/execute/class-13.m compilation, -O2
UNRESOLVED: objc/execute/class-13.m execution, -O2
FAIL: objc/execute/class-13.m compilation, -O3 -fomit-frame-pointer
UNRESOLVED: objc/execute/class-13.m execution, -O3 -fomit-frame-pointer
FAIL: objc/execute/class-13.m compilation, -O3 -g
UNRESOLVED: objc/execute/class-13.m execution, -O3 -g
FAIL: objc/execute/class-13.m compilation, -Os
UNRESOLVED: objc/execute/class-13.m execution, -Os
FAIL: objc/execute/class-14.m compilation, -O0
UNRESOLVED: objc/execute/class-14.m execution, -O0
FAIL: objc/execute/class-14.m compilation, -O1
UNRESOLVED: objc/execute/class-14.m execution, -O1
FAIL: objc/execute/class-14.m compilation, -O2
UNRESOLVED: objc/execute/class-14.m execution, -O2
FAIL: objc/execute/class-14.m compilation, -O3 -fomit-frame-pointer
UNRESOLVED: objc/execute/class-14.m execution, -O3 -fomit-frame-pointer
FAIL: objc/execute/class-14.m compilation, -O3 -g
UNRESOLVED: objc/execute/class-14.m execution, -O3 -g
FAIL: objc/execute/class-14.m compilation, -Os
UNRESOLVED: objc/execute/class-14.m execution, -Os
FAIL: objc/execute/class-2.m compilation, -O0
UNRESOLVED: objc/execute/class-2.m execution, -O0
FAIL: objc/execute/class-2.m compilation, -O1
UNRESOLVED: objc/execute/class-2.m execution, -O1
FAIL: objc/execute/class-2.m compilation, -O2
UNRESOLVED: objc/execute/class-2.m execution, -O2
FAIL: objc/execute/class-2.m compilation, -O3 -fomit-frame-pointer
UNRESOLVED: objc/execute/class-2.m execution, -O3 -fomit-frame-pointer
FAIL: objc/execute/class-2.m compilation, -O3 -g
UNRESOLVED: objc/execute/class-2.m execution, -O3 -g
FAIL: objc/execute/class-2.m compilation, -Os
UNRESOLVED: objc/execute/class-2.m execution, -Os
FAIL: objc/execute/class-3.m compilation, -O0
UNRESOLVED: objc/execute/class-3.m execution, -O0
FAIL: objc/execute/class-3.m compilation, -O1
UNRESOLVED: objc/execute/class-3.m execution, -O1
FAIL: objc/execute/class-3.m compilation, -O2
UNRESOLVED: objc/execute/class-3.m execution, -O2
FAIL: objc/execute/class-3.m compilation, -O3 -fomit-frame-pointer
UNRESOLVED: objc/execute/class-3.m execution, -O3 -fomit-frame-pointer
FAIL: objc/execute/class-3.m compilation, -O3 -g
UNRESOLVED: objc/execute/class-3.m execution, -O3 -g
FAIL: objc/execute/class-3.m compilation, -Os
UNRESOLVED: objc/execute/class-3.m execution, -Os
FAIL: objc/execute/class-4.m compilation, -O0
UNRESOLVED: objc/execute/class-4.m execution, -O0
FAIL: objc/execute/class-4.m compilation, -O1
UNRESOLVED: objc/execute/class-4.m execution, -O1
FAIL: objc/execute/class-4.m compilation, -O2
UNRESOLVED: objc/execute/class-4.m execution, -O2
FAIL: objc/execute/class-4.m compilation, -O3 -fomit-frame-pointer
UNRESOLVED: objc/execute/class-4.m execution, -O3 -fomit-frame-pointer
FAIL: objc/execute/class-4.m compilation, -O3 -g
UNRESOLVED: objc/execute/class-4.m execution, -O3 -g
FAIL: objc/execute/class-4.m compilation, -Os
UNRESOLVED: objc/execute/class-4.m execution, -Os
FAIL: objc/execute/class-5.m compilation, -O0
UNRESOLVED: objc/execute/class-5.m execution, -O0
FAIL: objc/execute/class-5.m compilation, -O1
UNRESOLVED: objc/execute/class-5.m execution, -O1
FAIL: objc/execute/class-5.m compilation, -O2
UNRESOLVED: objc/execute/class-5.m execution, -O2
FAIL: objc/execute/class-5.m compilation, -O3 -fomit-frame-pointer
UNRESOLVED: objc/execute/class-5.m execution, -O3 -fomit-frame-pointer
FAIL: objc/execute/class-5.m compilation, -O3 -g
UNRESOLVED: objc/execute/class-5.m execution, -O3 -g
FAIL: objc/execute/class-5.m compilation, -Os
UNRESOLVED: objc/execute/class-5.m execution, -Os
FAIL: objc/execute/class-6.m compilation, -O0
UNRESOLVED: objc/execute/class-6.m execution, -O0
FAIL: objc/execute/class-6.m compilation, -O1
UNRESOLVED: objc/execute/class-6.m execution, -O1
FAIL: objc/execute/class-6.m compilation, -O2
UNRESOLVED: objc/execute/class-6.m execution, -O2
FAIL: objc/execute/class-6.m compilation, -O3 -fomit-frame-pointer
UNRESOLVED: objc/execute/class-6.m execution, -O3 -fomit-frame-pointer
FAIL: objc/execute/class-6.m compilation, -O3 -g
UNRESOLVED: objc/execute/class-6.m execution, -O3 -g
FAIL: objc/execute/class-6.m compilation, -Os
UNRESOLVED: objc/execute/class-6.m execution, -Os
FAIL: objc/execute/class-7.m compilation, -O0
UNRESOLVED: objc/execute/class-7.m execution, -O0
FAIL: objc/execute/class-7.m compilation, -O1
UNRESOLVED: objc/execute/class-7.m execution, -O1
FAIL: objc/execute/class-7.m compilation, -O2
UNRESOLVED: objc/execute/class-7.m execution, -O2
FAIL: objc/execute/class-7.m compilation, -O3 -fomit-frame-pointer
UNRESOLVED: objc/execute/class-7.m execution, -O3 -fomit-frame-pointer
FAIL: objc/execute/class-7.m compilation, -O3 -g
UNRESOLVED: objc/execute/class-7.m execution, -O3 -g
FAIL: objc/execute/class-7.m compilation, -Os
UNRESOLVED: objc/execute/class-7.m execution, -Os
FAIL: objc/execute/class-8.m compilation, -O0
UNRESOLVED: objc/execute/class-8.m execution, -O0
FAIL: objc/execute/class-8.m compilation, -O1
UNRESOLVED: objc/execute/class-8.m execution, -O1
FAIL: objc/execute/class-8.m compilation, -O2
UNRESOLVED: objc/execute/class-8.m execution, -O2
FAIL: objc/execute/class-8.m compilation, -O3 -fomit-frame-pointer
UNRESOLVED: objc/execute/class-8.m execution, -O3 -fomit-frame-pointer
FAIL: objc/execute/class-8.m compilation, -O3 -g
UNRESOLVED: objc/execute/class-8.m execution, -O3 -g
FAIL: objc/execute/class-8.m compilation, -Os
UNRESOLVED: objc/execute/class-8.m execution, -Os
FAIL: objc/execute/class-9.m compilation, -O0
UNRESOLVED: objc/execute/class-9.m execution, -O0
FAIL: objc/execute/class-9.m compilation, -O1
UNRESOLVED: objc/execute/class-9.m execution, -O1
FAIL: objc/execute/class-9.m compilation, -O2
UNRESOLVED: objc/execute/class-9.m execution, -O2
FAIL: objc/execute/class-9.m compilation, -O3 -fomit-frame-pointer
UNRESOLVED: objc/execute/class-9.m execution, -O3 -fomit-frame-pointer
FAIL: objc/execute/class-9.m compilation, -O3 -g
UNRESOLVED: objc/execute/class-9.m execution, -O3 -g
FAIL: objc/execute/class-9.m compilation, -Os
UNRESOLVED: objc/execute/class-9.m execution, -Os
FAIL: objc/execute/class_self-1.m compilation, -O0
UNRESOLVED: objc/execute/class_self-1.m execution, -O0
FAIL: objc/execute/class_self-1.m compilation, -O1
UNRESOLVED: objc/execute/class_self-1.m execution, -O1
FAIL: objc/execute/class_self-1.m compilation, -O2
UNRESOLVED: objc/execute/class_self-1.m execution, -O2
FAIL: objc/execute/class_self-1.m compilation, -O3 -fomit-frame-pointer
UNRESOLVED: objc/execute/class_self-1.m execution, -O3 -fomit-frame-pointer
FAIL: objc/execute/class_self-1.m compilation, -O3 -g
UNRESOLVED: objc/execute/class_self-1.m execution, -O3 -g
FAIL: objc/execute/class_self-1.m compilation, -Os
UNRESOLVED: objc/execute/class_self-1.m execution, -Os
FAIL: objc/execute/class_self-2.m compilation, -O0
UNRESOLVED: objc/execute/class_self-2.m execution, -O0
FAIL: objc/execute/class_self-2.m compilation, -O1
UNRESOLVED: objc/execute/class_self-2.m execution, -O1
FAIL: objc/execute/class_self-2.m compilation, -O2
UNRESOLVED: objc/execute/class_self-2.m execution, -O2
FAIL: objc/execute/class_self-2.m compilation, -O3 -fomit-frame-pointer
UNRESOLVED: objc/execute/class_self-2.m execution, -O3 -fomit-frame-pointer
FAIL: objc/execute/class_self-2.m compilation, -O3 -g
UNRESOLVED: objc/execute/class_self-2.m execution, -O3 -g
FAIL: objc/execute/class_self-2.m compilation, -Os
UNRESOLVED: objc/execute/class_self-2.m execution, -Os
FAIL: objc/execute/compatibility_alias.m compilation, -O0
UNRESOLVED: objc/execute/compatibility_alias.m execution, -O0
FAIL: objc/execute/compatibility_alias.m compilation, -O1
UNRESOLVED: objc/execute/compatibility_alias.m execution, -O1
FAIL: objc/execute/compatibility_alias.m compilation, -O2
UNRESOLVED: objc/execute/compatibility_alias.m execution, -O2
FAIL: objc/execute/compatibility_alias.m compilation, -O3 -fomit-frame-pointer
UNRESOLVED: objc/execute/compatibility_alias.m execution, -O3 -fomit-frame-pointer
FAIL: objc/execute/compatibility_alias.m compilation, -O3 -g
UNRESOLVED: objc/execute/compatibility_alias.m execution, -O3 -g
FAIL: objc/execute/compatibility_alias.m compilation, -Os
UNRESOLVED: objc/execute/compatibility_alias.m execution, -Os
FAIL: objc/execute/encode-1.m compilation, -O0
UNRESOLVED: objc/execute/encode-1.m execution, -O0
FAIL: objc/execute/encode-1.m compilation, -O1
UNRESOLVED: objc/execute/encode-1.m execution, -O1
FAIL: objc/execute/encode-1.m compilation, -O2
UNRESOLVED: objc/execute/encode-1.m execution, -O2
FAIL: objc/execute/encode-1.m compilation, -O3 -fomit-frame-pointer
UNRESOLVED: objc/execute/encode-1.m execution, -O3 -fomit-frame-pointer
FAIL: objc/execute/encode-1.m compilation, -O3 -g
UNRESOLVED: objc/execute/encode-1.m execution, -O3 -g
FAIL: objc/execute/encode-1.m compilation, -Os
UNRESOLVED: objc/execute/encode-1.m execution, -Os
FAIL: objc/execute/enumeration-1.m compilation, -O0
UNRESOLVED: objc/execute/enumeration-1.m execution, -O0
FAIL: objc/execute/enumeration-1.m compilation, -O1
UNRESOLVED: objc/execute/enumeration-1.m execution, -O1
FAIL: objc/execute/enumeration-1.m compilation, -O2
UNRESOLVED: objc/execute/enumeration-1.m execution, -O2
FAIL: objc/execute/enumeration-1.m compilation, -O3 -fomit-frame-pointer
UNRESOLVED: objc/execute/enumeration-1.m execution, -O3 -fomit-frame-pointer
FAIL: objc/execute/enumeration-1.m compilation, -O3 -g
UNRESOLVED: objc/execute/enumeration-1.m execution, -O3 -g
FAIL: objc/execute/enumeration-1.m compilation, -Os
UNRESOLVED: objc/execute/enumeration-1.m execution, -Os
FAIL: objc/execute/enumeration-2.m compilation, -O0
UNRESOLVED: objc/execute/enumeration-2.m execution, -O0
FAIL: objc/execute/enumeration-2.m compilation, -O1
UNRESOLVED: objc/execute/enumeration-2.m execution, -O1
FAIL: objc/execute/enumeration-2.m compilation, -O2
UNRESOLVED: objc/execute/enumeration-2.m execution, -O2
FAIL: objc/execute/enumeration-2.m compilation, -O3 -fomit-frame-pointer
UNRESOLVED: objc/execute/enumeration-2.m execution, -O3 -fomit-frame-pointer
FAIL: objc/execute/enumeration-2.m compilation, -O3 -g
UNRESOLVED: objc/execute/enumeration-2.m execution, -O3 -g
FAIL: objc/execute/enumeration-2.m compilation, -Os
UNRESOLVED: objc/execute/enumeration-2.m execution, -Os
FAIL: objc/execute/fdecl.m compilation, -O0
UNRESOLVED: objc/execute/fdecl.m execution, -O0
FAIL: objc/execute/fdecl.m compilation, -O1
UNRESOLVED: objc/execute/fdecl.m execution, -O1
FAIL: objc/execute/fdecl.m compilation, -O2
UNRESOLVED: objc/execute/fdecl.m execution, -O2
FAIL: objc/execute/fdecl.m compilation, -O3 -fomit-frame-pointer
UNRESOLVED: objc/execute/fdecl.m execution, -O3 -fomit-frame-pointer
FAIL: objc/execute/fdecl.m compilation, -O3 -g
UNRESOLVED: objc/execute/fdecl.m execution, -O3 -g
FAIL: objc/execute/fdecl.m compilation, -Os
UNRESOLVED: objc/execute/fdecl.m execution, -Os
FAIL: objc/execute/formal_protocol-1.m compilation, -O0
UNRESOLVED: objc/execute/formal_protocol-1.m execution, -O0
FAIL: objc/execute/formal_protocol-1.m compilation, -O1
UNRESOLVED: objc/execute/formal_protocol-1.m execution, -O1
FAIL: objc/execute/formal_protocol-1.m compilation, -O2
UNRESOLVED: objc/execute/formal_protocol-1.m execution, -O2
FAIL: objc/execute/formal_protocol-1.m compilation, -O3 -fomit-frame-pointer
UNRESOLVED: objc/execute/formal_protocol-1.m execution, -O3 -fomit-frame-pointer
FAIL: objc/execute/formal_protocol-1.m compilation, -O3 -g
UNRESOLVED: objc/execute/formal_protocol-1.m execution, -O3 -g
FAIL: objc/execute/formal_protocol-1.m compilation, -Os
UNRESOLVED: objc/execute/formal_protocol-1.m execution, -Os
FAIL: objc/execute/formal_protocol-2.m compilation, -O0
UNRESOLVED: objc/execute/formal_protocol-2.m execution, -O0
FAIL: objc/execute/formal_protocol-2.m compilation, -O1
UNRESOLVED: objc/execute/formal_protocol-2.m execution, -O1
FAIL: objc/execute/formal_protocol-2.m compilation, -O2
UNRESOLVED: objc/execute/formal_protocol-2.m execution, -O2
FAIL: objc/execute/formal_protocol-2.m compilation, -O3 -fomit-frame-pointer
UNRESOLVED: objc/execute/formal_protocol-2.m execution, -O3 -fomit-frame-pointer
FAIL: objc/execute/formal_protocol-2.m compilation, -O3 -g
UNRESOLVED: objc/execute/formal_protocol-2.m execution, -O3 -g
FAIL: objc/execute/formal_protocol-2.m compilation, -Os
UNRESOLVED: objc/execute/formal_protocol-2.m execution, -Os
FAIL: objc/execute/formal_protocol-3.m compilation, -O0
UNRESOLVED: objc/execute/formal_protocol-3.m execution, -O0
FAIL: objc/execute/formal_protocol-3.m compilation, -O1
UNRESOLVED: objc/execute/formal_protocol-3.m execution, -O1
FAIL: objc/execute/formal_protocol-3.m compilation, -O2
UNRESOLVED: objc/execute/formal_protocol-3.m execution, -O2
FAIL: objc/execute/formal_protocol-3.m compilation, -O3 -fomit-frame-pointer
UNRESOLVED: objc/execute/formal_protocol-3.m execution, -O3 -fomit-frame-pointer
FAIL: objc/execute/formal_protocol-3.m compilation, -O3 -g
UNRESOLVED: objc/execute/formal_protocol-3.m execution, -O3 -g
FAIL: objc/execute/formal_protocol-3.m compilation, -Os
UNRESOLVED: objc/execute/formal_protocol-3.m execution, -Os
FAIL: objc/execute/formal_protocol-4.m compilation, -O0
UNRESOLVED: objc/execute/formal_protocol-4.m execution, -O0
FAIL: objc/execute/formal_protocol-4.m compilation, -O1
UNRESOLVED: objc/execute/formal_protocol-4.m execution, -O1
FAIL: objc/execute/formal_protocol-4.m compilation, -O2
UNRESOLVED: objc/execute/formal_protocol-4.m execution, -O2
FAIL: objc/execute/formal_protocol-4.m compilation, -O3 -fomit-frame-pointer
UNRESOLVED: objc/execute/formal_protocol-4.m execution, -O3 -fomit-frame-pointer
FAIL: objc/execute/formal_protocol-4.m compilation, -O3 -g
UNRESOLVED: objc/execute/formal_protocol-4.m execution, -O3 -g
FAIL: objc/execute/formal_protocol-4.m compilation, -Os
UNRESOLVED: objc/execute/formal_protocol-4.m execution, -Os
FAIL: objc/execute/formal_protocol-5.m compilation, -O0
UNRESOLVED: objc/execute/formal_protocol-5.m execution, -O0
FAIL: objc/execute/formal_protocol-5.m compilation, -O1
UNRESOLVED: objc/execute/formal_protocol-5.m execution, -O1
FAIL: objc/execute/formal_protocol-5.m compilation, -O2
UNRESOLVED: objc/execute/formal_protocol-5.m execution, -O2
FAIL: objc/execute/formal_protocol-5.m compilation, -O3 -fomit-frame-pointer
UNRESOLVED: objc/execute/formal_protocol-5.m execution, -O3 -fomit-frame-pointer
FAIL: objc/execute/formal_protocol-5.m compilation, -O3 -g
UNRESOLVED: objc/execute/formal_protocol-5.m execution, -O3 -g
FAIL: objc/execute/formal_protocol-5.m compilation, -Os
UNRESOLVED: objc/execute/formal_protocol-5.m execution, -Os
FAIL: objc/execute/formal_protocol-6.m compilation, -O0
UNRESOLVED: objc/execute/formal_protocol-6.m execution, -O0
FAIL: objc/execute/formal_protocol-6.m compilation, -O1
UNRESOLVED: objc/execute/formal_protocol-6.m execution, -O1
FAIL: objc/execute/formal_protocol-6.m compilation, -O2
UNRESOLVED: objc/execute/formal_protocol-6.m execution, -O2
FAIL: objc/execute/formal_protocol-6.m compilation, -O3 -fomit-frame-pointer
UNRESOLVED: objc/execute/formal_protocol-6.m execution, -O3 -fomit-frame-pointer
FAIL: objc/execute/formal_protocol-6.m compilation, -O3 -g
UNRESOLVED: objc/execute/formal_protocol-6.m execution, -O3 -g
FAIL: objc/execute/formal_protocol-6.m compilation, -Os
UNRESOLVED: objc/execute/formal_protocol-6.m execution, -Os
FAIL: objc/execute/formal_protocol-7.m compilation, -O0
UNRESOLVED: objc/execute/formal_protocol-7.m execution, -O0
FAIL: objc/execute/formal_protocol-7.m compilation, -O1
UNRESOLVED: objc/execute/formal_protocol-7.m execution, -O1
FAIL: objc/execute/formal_protocol-7.m compilation, -O2
UNRESOLVED: objc/execute/formal_protocol-7.m execution, -O2
FAIL: objc/execute/formal_protocol-7.m compilation, -O3 -fomit-frame-pointer
UNRESOLVED: objc/execute/formal_protocol-7.m execution, -O3 -fomit-frame-pointer
FAIL: objc/execute/formal_protocol-7.m compilation, -O3 -g
UNRESOLVED: objc/execute/formal_protocol-7.m execution, -O3 -g
FAIL: objc/execute/formal_protocol-7.m compilation, -Os
UNRESOLVED: objc/execute/formal_protocol-7.m execution, -Os
FAIL: objc/execute/function-message-1.m compilation, -O0
UNRESOLVED: objc/execute/function-message-1.m execution, -O0
FAIL: objc/execute/function-message-1.m compilation, -O1
UNRESOLVED: objc/execute/function-message-1.m execution, -O1
FAIL: objc/execute/function-message-1.m compilation, -O2
UNRESOLVED: objc/execute/function-message-1.m execution, -O2
FAIL: objc/execute/function-message-1.m compilation, -O3 -fomit-frame-pointer
UNRESOLVED: objc/execute/function-message-1.m execution, -O3 -fomit-frame-pointer
FAIL: objc/execute/function-message-1.m compilation, -O3 -g
UNRESOLVED: objc/execute/function-message-1.m execution, -O3 -g
FAIL: objc/execute/function-message-1.m compilation, -Os
UNRESOLVED: objc/execute/function-message-1.m execution, -Os
FAIL: objc/execute/informal_protocol.m compilation, -O0
UNRESOLVED: objc/execute/informal_protocol.m execution, -O0
FAIL: objc/execute/informal_protocol.m compilation, -O1
UNRESOLVED: objc/execute/informal_protocol.m execution, -O1
FAIL: objc/execute/informal_protocol.m compilation, -O2
UNRESOLVED: objc/execute/informal_protocol.m execution, -O2
FAIL: objc/execute/informal_protocol.m compilation, -O3 -fomit-frame-pointer
UNRESOLVED: objc/execute/informal_protocol.m execution, -O3 -fomit-frame-pointer
FAIL: objc/execute/informal_protocol.m compilation, -O3 -g
UNRESOLVED: objc/execute/informal_protocol.m execution, -O3 -g
FAIL: objc/execute/informal_protocol.m compilation, -Os
UNRESOLVED: objc/execute/informal_protocol.m execution, -Os
FAIL: objc/execute/initialize.m compilation, -O0
UNRESOLVED: objc/execute/initialize.m execution, -O0
FAIL: objc/execute/initialize.m compilation, -O1
UNRESOLVED: objc/execute/initialize.m execution, -O1
FAIL: objc/execute/initialize.m compilation, -O2
UNRESOLVED: objc/execute/initialize.m execution, -O2
FAIL: objc/execute/initialize.m compilation, -O3 -fomit-frame-pointer
UNRESOLVED: objc/execute/initialize.m execution, -O3 -fomit-frame-pointer
FAIL: objc/execute/initialize.m compilation, -O3 -g
UNRESOLVED: objc/execute/initialize.m execution, -O3 -g
FAIL: objc/execute/initialize.m compilation, -Os
UNRESOLVED: objc/execute/initialize.m execution, -Os
FAIL: objc/execute/load-2.m compilation, -O0
UNRESOLVED: objc/execute/load-2.m execution, -O0
FAIL: objc/execute/load-2.m compilation, -O1
UNRESOLVED: objc/execute/load-2.m execution, -O1
FAIL: objc/execute/load-2.m compilation, -O2
UNRESOLVED: objc/execute/load-2.m execution, -O2
FAIL: objc/execute/load-2.m compilation, -O3 -fomit-frame-pointer
UNRESOLVED: objc/execute/load-2.m execution, -O3 -fomit-frame-pointer
FAIL: objc/execute/load-2.m compilation, -O3 -g
UNRESOLVED: objc/execute/load-2.m execution, -O3 -g
FAIL: objc/execute/load-2.m compilation, -Os
UNRESOLVED: objc/execute/load-2.m execution, -Os
FAIL: objc/execute/load-3.m compilation, -O0
UNRESOLVED: objc/execute/load-3.m execution, -O0
FAIL: objc/execute/load-3.m compilation, -O1
UNRESOLVED: objc/execute/load-3.m execution, -O1
FAIL: objc/execute/load-3.m compilation, -O2
UNRESOLVED: objc/execute/load-3.m execution, -O2
FAIL: objc/execute/load-3.m compilation, -O3 -fomit-frame-pointer
UNRESOLVED: objc/execute/load-3.m execution, -O3 -fomit-frame-pointer
FAIL: objc/execute/load-3.m compilation, -O3 -fomit-frame-pointer -funroll-loops
UNRESOLVED: objc/execute/load-3.m execution, -O3 -fomit-frame-pointer -funroll-loops
FAIL: objc/execute/load-3.m compilation, -O3 -fomit-frame-pointer -funroll-all-loops -finline-functions
UNRESOLVED: objc/execute/load-3.m execution, -O3 -fomit-frame-pointer -funroll-all-loops -finline-functions
FAIL: objc/execute/load-3.m compilation, -O3 -g
UNRESOLVED: objc/execute/load-3.m execution, -O3 -g
FAIL: objc/execute/load-3.m compilation, -Os
UNRESOLVED: objc/execute/load-3.m execution, -Os
FAIL: objc/execute/load.m compilation, -O0
UNRESOLVED: objc/execute/load.m execution, -O0
FAIL: objc/execute/load.m compilation, -O1
UNRESOLVED: objc/execute/load.m execution, -O1
FAIL: objc/execute/load.m compilation, -O2
UNRESOLVED: objc/execute/load.m execution, -O2
FAIL: objc/execute/load.m compilation, -O3 -fomit-frame-pointer
UNRESOLVED: objc/execute/load.m execution, -O3 -fomit-frame-pointer
FAIL: objc/execute/load.m compilation, -O3 -g
UNRESOLVED: objc/execute/load.m execution, -O3 -g
FAIL: objc/execute/load.m compilation, -Os
UNRESOLVED: objc/execute/load.m execution, -Os
FAIL: objc/execute/many_args_method.m compilation, -O0
UNRESOLVED: objc/execute/many_args_method.m execution, -O0
FAIL: objc/execute/many_args_method.m compilation, -O1
UNRESOLVED: objc/execute/many_args_method.m execution, -O1
FAIL: objc/execute/many_args_method.m compilation, -O2
UNRESOLVED: objc/execute/many_args_method.m execution, -O2
FAIL: objc/execute/many_args_method.m compilation, -O3 -fomit-frame-pointer
UNRESOLVED: objc/execute/many_args_method.m execution, -O3 -fomit-frame-pointer
FAIL: objc/execute/many_args_method.m compilation, -O3 -g
UNRESOLVED: objc/execute/many_args_method.m execution, -O3 -g
FAIL: objc/execute/many_args_method.m compilation, -Os
UNRESOLVED: objc/execute/many_args_method.m execution, -Os
FAIL: objc/execute/nested-1.m compilation, -O0
UNRESOLVED: objc/execute/nested-1.m execution, -O0
FAIL: objc/execute/nested-1.m compilation, -O1
UNRESOLVED: objc/execute/nested-1.m execution, -O1
FAIL: objc/execute/nested-1.m compilation, -O2
UNRESOLVED: objc/execute/nested-1.m execution, -O2
FAIL: objc/execute/nested-1.m compilation, -O3 -fomit-frame-pointer
UNRESOLVED: objc/execute/nested-1.m execution, -O3 -fomit-frame-pointer
FAIL: objc/execute/nested-1.m compilation, -O3 -g
UNRESOLVED: objc/execute/nested-1.m execution, -O3 -g
FAIL: objc/execute/nested-1.m compilation, -Os
UNRESOLVED: objc/execute/nested-1.m execution, -Os
FAIL: objc/execute/nested-2.m compilation, -O0
UNRESOLVED: objc/execute/nested-2.m execution, -O0
FAIL: objc/execute/nested-2.m compilation, -O1
UNRESOLVED: objc/execute/nested-2.m execution, -O1
FAIL: objc/execute/nested-2.m compilation, -O2
UNRESOLVED: objc/execute/nested-2.m execution, -O2
FAIL: objc/execute/nested-2.m compilation, -O3 -fomit-frame-pointer
UNRESOLVED: objc/execute/nested-2.m execution, -O3 -fomit-frame-pointer
FAIL: objc/execute/nested-2.m compilation, -O3 -g
UNRESOLVED: objc/execute/nested-2.m execution, -O3 -g
FAIL: objc/execute/nested-2.m compilation, -Os
UNRESOLVED: objc/execute/nested-2.m execution, -Os
FAIL: objc/execute/nested-3.m compilation, -O0
UNRESOLVED: objc/execute/nested-3.m execution, -O0
FAIL: objc/execute/nested-3.m compilation, -O1
UNRESOLVED: objc/execute/nested-3.m execution, -O1
FAIL: objc/execute/nested-3.m compilation, -O2
UNRESOLVED: objc/execute/nested-3.m execution, -O2
FAIL: objc/execute/nested-3.m compilation, -O3 -fomit-frame-pointer
UNRESOLVED: objc/execute/nested-3.m execution, -O3 -fomit-frame-pointer
FAIL: objc/execute/nested-3.m compilation, -O3 -g
UNRESOLVED: objc/execute/nested-3.m execution, -O3 -g
FAIL: objc/execute/nested-3.m compilation, -Os
UNRESOLVED: objc/execute/nested-3.m execution, -Os
FAIL: objc/execute/nil_method-1.m compilation, -O0
UNRESOLVED: objc/execute/nil_method-1.m execution, -O0
FAIL: objc/execute/nil_method-1.m compilation, -O1
UNRESOLVED: objc/execute/nil_method-1.m execution, -O1
FAIL: objc/execute/nil_method-1.m compilation, -O2
UNRESOLVED: objc/execute/nil_method-1.m execution, -O2
FAIL: objc/execute/nil_method-1.m compilation, -O3 -fomit-frame-pointer
UNRESOLVED: objc/execute/nil_method-1.m execution, -O3 -fomit-frame-pointer
FAIL: objc/execute/nil_method-1.m compilation, -O3 -g
UNRESOLVED: objc/execute/nil_method-1.m execution, -O3 -g
FAIL: objc/execute/nil_method-1.m compilation, -Os
UNRESOLVED: objc/execute/nil_method-1.m execution, -Os
FAIL: objc/execute/no_clash.m compilation, -O0
UNRESOLVED: objc/execute/no_clash.m execution, -O0
FAIL: objc/execute/no_clash.m compilation, -O1
UNRESOLVED: objc/execute/no_clash.m execution, -O1
FAIL: objc/execute/no_clash.m compilation, -O2
UNRESOLVED: objc/execute/no_clash.m execution, -O2
FAIL: objc/execute/no_clash.m compilation, -O3 -fomit-frame-pointer
UNRESOLVED: objc/execute/no_clash.m execution, -O3 -fomit-frame-pointer
FAIL: objc/execute/no_clash.m compilation, -O3 -g
UNRESOLVED: objc/execute/no_clash.m execution, -O3 -g
FAIL: objc/execute/no_clash.m compilation, -Os
UNRESOLVED: objc/execute/no_clash.m execution, -Os
FAIL: objc/execute/np-1.m compilation, -O0
UNRESOLVED: objc/execute/np-1.m execution, -O0
FAIL: objc/execute/np-1.m compilation, -O1
UNRESOLVED: objc/execute/np-1.m execution, -O1
FAIL: objc/execute/np-1.m compilation, -O2
UNRESOLVED: objc/execute/np-1.m execution, -O2
FAIL: objc/execute/np-1.m compilation, -O3 -fomit-frame-pointer
UNRESOLVED: objc/execute/np-1.m execution, -O3 -fomit-frame-pointer
FAIL: objc/execute/np-1.m compilation, -O3 -g
UNRESOLVED: objc/execute/np-1.m execution, -O3 -g
FAIL: objc/execute/np-1.m compilation, -Os
UNRESOLVED: objc/execute/np-1.m execution, -Os
FAIL: objc/execute/np-2.m compilation, -O0
UNRESOLVED: objc/execute/np-2.m execution, -O0
FAIL: objc/execute/np-2.m compilation, -O1
UNRESOLVED: objc/execute/np-2.m execution, -O1
FAIL: objc/execute/np-2.m compilation, -O2
UNRESOLVED: objc/execute/np-2.m execution, -O2
FAIL: objc/execute/np-2.m compilation, -O3 -fomit-frame-pointer
UNRESOLVED: objc/execute/np-2.m execution, -O3 -fomit-frame-pointer
FAIL: objc/execute/np-2.m compilation, -O3 -g
UNRESOLVED: objc/execute/np-2.m execution, -O3 -g
FAIL: objc/execute/np-2.m compilation, -Os
UNRESOLVED: objc/execute/np-2.m execution, -Os
FAIL: objc/execute/object_is_class.m compilation, -O0
UNRESOLVED: objc/execute/object_is_class.m execution, -O0
FAIL: objc/execute/object_is_class.m compilation, -O1
UNRESOLVED: objc/execute/object_is_class.m execution, -O1
FAIL: objc/execute/object_is_class.m compilation, -O2
UNRESOLVED: objc/execute/object_is_class.m execution, -O2
FAIL: objc/execute/object_is_class.m compilation, -O3 -fomit-frame-pointer
UNRESOLVED: objc/execute/object_is_class.m execution, -O3 -fomit-frame-pointer
FAIL: objc/execute/object_is_class.m compilation, -O3 -g
UNRESOLVED: objc/execute/object_is_class.m execution, -O3 -g
FAIL: objc/execute/object_is_class.m compilation, -Os
UNRESOLVED: objc/execute/object_is_class.m execution, -Os
FAIL: objc/execute/object_is_meta_class.m compilation, -O0
UNRESOLVED: objc/execute/object_is_meta_class.m execution, -O0
FAIL: objc/execute/object_is_meta_class.m compilation, -O1
UNRESOLVED: objc/execute/object_is_meta_class.m execution, -O1
FAIL: objc/execute/object_is_meta_class.m compilation, -O2
UNRESOLVED: objc/execute/object_is_meta_class.m execution, -O2
FAIL: objc/execute/object_is_meta_class.m compilation, -O3 -fomit-frame-pointer
UNRESOLVED: objc/execute/object_is_meta_class.m execution, -O3 -fomit-frame-pointer
FAIL: objc/execute/object_is_meta_class.m compilation, -O3 -g
UNRESOLVED: objc/execute/object_is_meta_class.m execution, -O3 -g
FAIL: objc/execute/object_is_meta_class.m compilation, -Os
UNRESOLVED: objc/execute/object_is_meta_class.m execution, -Os
FAIL: objc/execute/private.m compilation, -O0
UNRESOLVED: objc/execute/private.m execution, -O0
FAIL: objc/execute/private.m compilation, -O1
UNRESOLVED: objc/execute/private.m execution, -O1
FAIL: objc/execute/private.m compilation, -O2
UNRESOLVED: objc/execute/private.m execution, -O2
FAIL: objc/execute/private.m compilation, -O3 -fomit-frame-pointer
UNRESOLVED: objc/execute/private.m execution, -O3 -fomit-frame-pointer
FAIL: objc/execute/private.m compilation, -O3 -g
UNRESOLVED: objc/execute/private.m execution, -O3 -g
FAIL: objc/execute/private.m compilation, -Os
UNRESOLVED: objc/execute/private.m execution, -Os
FAIL: objc/execute/protocol-isEqual-1.m compilation, -O0
UNRESOLVED: objc/execute/protocol-isEqual-1.m execution, -O0
FAIL: objc/execute/protocol-isEqual-1.m compilation, -O1
UNRESOLVED: objc/execute/protocol-isEqual-1.m execution, -O1
FAIL: objc/execute/protocol-isEqual-1.m compilation, -O2
UNRESOLVED: objc/execute/protocol-isEqual-1.m execution, -O2
FAIL: objc/execute/protocol-isEqual-1.m compilation, -O3 -fomit-frame-pointer
UNRESOLVED: objc/execute/protocol-isEqual-1.m execution, -O3 -fomit-frame-pointer
FAIL: objc/execute/protocol-isEqual-1.m compilation, -O3 -g
UNRESOLVED: objc/execute/protocol-isEqual-1.m execution, -O3 -g
FAIL: objc/execute/protocol-isEqual-1.m compilation, -Os
UNRESOLVED: objc/execute/protocol-isEqual-1.m execution, -Os
FAIL: objc/execute/protocol-isEqual-2.m compilation, -O0
UNRESOLVED: objc/execute/protocol-isEqual-2.m execution, -O0
FAIL: objc/execute/protocol-isEqual-2.m compilation, -O1
UNRESOLVED: objc/execute/protocol-isEqual-2.m execution, -O1
FAIL: objc/execute/protocol-isEqual-2.m compilation, -O2
UNRESOLVED: objc/execute/protocol-isEqual-2.m execution, -O2
FAIL: objc/execute/protocol-isEqual-2.m compilation, -O3 -fomit-frame-pointer
UNRESOLVED: objc/execute/protocol-isEqual-2.m execution, -O3 -fomit-frame-pointer
FAIL: objc/execute/protocol-isEqual-2.m compilation, -O3 -g
UNRESOLVED: objc/execute/protocol-isEqual-2.m execution, -O3 -g
FAIL: objc/execute/protocol-isEqual-2.m compilation, -Os
UNRESOLVED: objc/execute/protocol-isEqual-2.m execution, -Os
FAIL: objc/execute/protocol-isEqual-3.m compilation, -O0
UNRESOLVED: objc/execute/protocol-isEqual-3.m execution, -O0
FAIL: objc/execute/protocol-isEqual-3.m compilation, -O1
UNRESOLVED: objc/execute/protocol-isEqual-3.m execution, -O1
FAIL: objc/execute/protocol-isEqual-3.m compilation, -O2
UNRESOLVED: objc/execute/protocol-isEqual-3.m execution, -O2
FAIL: objc/execute/protocol-isEqual-3.m compilation, -O3 -fomit-frame-pointer
UNRESOLVED: objc/execute/protocol-isEqual-3.m execution, -O3 -fomit-frame-pointer
FAIL: objc/execute/protocol-isEqual-3.m compilation, -O3 -g
UNRESOLVED: objc/execute/protocol-isEqual-3.m execution, -O3 -g
FAIL: objc/execute/protocol-isEqual-3.m compilation, -Os
UNRESOLVED: objc/execute/protocol-isEqual-3.m execution, -Os
FAIL: objc/execute/protocol-isEqual-4.m compilation, -O0
UNRESOLVED: objc/execute/protocol-isEqual-4.m execution, -O0
FAIL: objc/execute/protocol-isEqual-4.m compilation, -O1
UNRESOLVED: objc/execute/protocol-isEqual-4.m execution, -O1
FAIL: objc/execute/protocol-isEqual-4.m compilation, -O2
UNRESOLVED: objc/execute/protocol-isEqual-4.m execution, -O2
FAIL: objc/execute/protocol-isEqual-4.m compilation, -O3 -fomit-frame-pointer
UNRESOLVED: objc/execute/protocol-isEqual-4.m execution, -O3 -fomit-frame-pointer
FAIL: objc/execute/protocol-isEqual-4.m compilation, -O3 -g
UNRESOLVED: objc/execute/protocol-isEqual-4.m execution, -O3 -g
FAIL: objc/execute/protocol-isEqual-4.m compilation, -Os
UNRESOLVED: objc/execute/protocol-isEqual-4.m execution, -Os
FAIL: objc/execute/protocol.m compilation, -O0
UNRESOLVED: objc/execute/protocol.m execution, -O0
FAIL: objc/execute/protocol.m compilation, -O1
UNRESOLVED: objc/execute/protocol.m execution, -O1
FAIL: objc/execute/protocol.m compilation, -O2
UNRESOLVED: objc/execute/protocol.m execution, -O2
FAIL: objc/execute/protocol.m compilation, -O3 -fomit-frame-pointer
UNRESOLVED: objc/execute/protocol.m execution, -O3 -fomit-frame-pointer
FAIL: objc/execute/protocol.m compilation, -O3 -g
UNRESOLVED: objc/execute/protocol.m execution, -O3 -g
FAIL: objc/execute/protocol.m compilation, -Os
UNRESOLVED: objc/execute/protocol.m execution, -Os
FAIL: objc/execute/redefining_self.m compilation, -O0
UNRESOLVED: objc/execute/redefining_self.m execution, -O0
FAIL: objc/execute/redefining_self.m compilation, -O1
UNRESOLVED: objc/execute/redefining_self.m execution, -O1
FAIL: objc/execute/redefining_self.m compilation, -O2
UNRESOLVED: objc/execute/redefining_self.m execution, -O2
FAIL: objc/execute/redefining_self.m compilation, -O3 -fomit-frame-pointer
UNRESOLVED: objc/execute/redefining_self.m execution, -O3 -fomit-frame-pointer
FAIL: objc/execute/redefining_self.m compilation, -O3 -g
UNRESOLVED: objc/execute/redefining_self.m execution, -O3 -g
FAIL: objc/execute/redefining_self.m compilation, -Os
UNRESOLVED: objc/execute/redefining_self.m execution, -Os
FAIL: objc/execute/root_methods.m compilation, -O0
UNRESOLVED: objc/execute/root_methods.m execution, -O0
FAIL: objc/execute/root_methods.m compilation, -O1
UNRESOLVED: objc/execute/root_methods.m execution, -O1
FAIL: objc/execute/root_methods.m compilation, -O2
UNRESOLVED: objc/execute/root_methods.m execution, -O2
FAIL: objc/execute/root_methods.m compilation, -O3 -fomit-frame-pointer
UNRESOLVED: objc/execute/root_methods.m execution, -O3 -fomit-frame-pointer
FAIL: objc/execute/root_methods.m compilation, -O3 -g
UNRESOLVED: objc/execute/root_methods.m execution, -O3 -g
FAIL: objc/execute/root_methods.m compilation, -Os
UNRESOLVED: objc/execute/root_methods.m execution, -Os
FAIL: objc/execute/selector-1.m compilation, -O0
UNRESOLVED: objc/execute/selector-1.m execution, -O0
FAIL: objc/execute/selector-1.m compilation, -O1
UNRESOLVED: objc/execute/selector-1.m execution, -O1
FAIL: objc/execute/selector-1.m compilation, -O2
UNRESOLVED: objc/execute/selector-1.m execution, -O2
FAIL: objc/execute/selector-1.m compilation, -O3 -fomit-frame-pointer
UNRESOLVED: objc/execute/selector-1.m execution, -O3 -fomit-frame-pointer
FAIL: objc/execute/selector-1.m compilation, -O3 -g
UNRESOLVED: objc/execute/selector-1.m execution, -O3 -g
FAIL: objc/execute/selector-1.m compilation, -Os
UNRESOLVED: objc/execute/selector-1.m execution, -Os
FAIL: objc/execute/static-1.m compilation, -O0
UNRESOLVED: objc/execute/static-1.m execution, -O0
FAIL: objc/execute/static-1.m compilation, -O1
UNRESOLVED: objc/execute/static-1.m execution, -O1
FAIL: objc/execute/static-1.m compilation, -O2
UNRESOLVED: objc/execute/static-1.m execution, -O2
FAIL: objc/execute/static-1.m compilation, -O3 -fomit-frame-pointer
UNRESOLVED: objc/execute/static-1.m execution, -O3 -fomit-frame-pointer
FAIL: objc/execute/static-1.m compilation, -O3 -g
UNRESOLVED: objc/execute/static-1.m execution, -O3 -g
FAIL: objc/execute/static-1.m compilation, -Os
UNRESOLVED: objc/execute/static-1.m execution, -Os
FAIL: objc/execute/static-2.m compilation, -O0
UNRESOLVED: objc/execute/static-2.m execution, -O0
FAIL: objc/execute/static-2.m compilation, -O1
UNRESOLVED: objc/execute/static-2.m execution, -O1
FAIL: objc/execute/static-2.m compilation, -O2
UNRESOLVED: objc/execute/static-2.m execution, -O2
FAIL: objc/execute/static-2.m compilation, -O3 -fomit-frame-pointer
UNRESOLVED: objc/execute/static-2.m execution, -O3 -fomit-frame-pointer
FAIL: objc/execute/static-2.m compilation, -O3 -g
UNRESOLVED: objc/execute/static-2.m execution, -O3 -g
FAIL: objc/execute/static-2.m compilation, -Os
UNRESOLVED: objc/execute/static-2.m execution, -Os
FAIL: objc/execute/string1.m compilation, -O0
UNRESOLVED: objc/execute/string1.m execution, -O0
FAIL: objc/execute/string1.m compilation, -O1
UNRESOLVED: objc/execute/string1.m execution, -O1
FAIL: objc/execute/string1.m compilation, -O2
UNRESOLVED: objc/execute/string1.m execution, -O2
FAIL: objc/execute/string1.m compilation, -O3 -fomit-frame-pointer
UNRESOLVED: objc/execute/string1.m execution, -O3 -fomit-frame-pointer
FAIL: objc/execute/string1.m compilation, -O3 -g
UNRESOLVED: objc/execute/string1.m execution, -O3 -g
FAIL: objc/execute/string1.m compilation, -Os
UNRESOLVED: objc/execute/string1.m execution, -Os
FAIL: objc/execute/string2.m compilation, -O0
UNRESOLVED: objc/execute/string2.m execution, -O0
FAIL: objc/execute/string2.m compilation, -O1
UNRESOLVED: objc/execute/string2.m execution, -O1
FAIL: objc/execute/string2.m compilation, -O2
UNRESOLVED: objc/execute/string2.m execution, -O2
FAIL: objc/execute/string2.m compilation, -O3 -fomit-frame-pointer
UNRESOLVED: objc/execute/string2.m execution, -O3 -fomit-frame-pointer
FAIL: objc/execute/string2.m compilation, -O3 -g
UNRESOLVED: objc/execute/string2.m execution, -O3 -g
FAIL: objc/execute/string2.m compilation, -Os
UNRESOLVED: objc/execute/string2.m execution, -Os
FAIL: objc/execute/string3.m compilation, -O0
UNRESOLVED: objc/execute/string3.m execution, -O0
FAIL: objc/execute/string3.m compilation, -O1
UNRESOLVED: objc/execute/string3.m execution, -O1
FAIL: objc/execute/string3.m compilation, -O2
UNRESOLVED: objc/execute/string3.m execution, -O2
FAIL: objc/execute/string3.m compilation, -O3 -fomit-frame-pointer
UNRESOLVED: objc/execute/string3.m execution, -O3 -fomit-frame-pointer
FAIL: objc/execute/string3.m compilation, -O3 -g
UNRESOLVED: objc/execute/string3.m execution, -O3 -g
FAIL: objc/execute/string3.m compilation, -Os
UNRESOLVED: objc/execute/string3.m execution, -Os
FAIL: objc/execute/string4.m compilation, -O0
UNRESOLVED: objc/execute/string4.m execution, -O0
FAIL: objc/execute/string4.m compilation, -O1
UNRESOLVED: objc/execute/string4.m execution, -O1
FAIL: objc/execute/string4.m compilation, -O2
UNRESOLVED: objc/execute/string4.m execution, -O2
FAIL: objc/execute/string4.m compilation, -O3 -fomit-frame-pointer
UNRESOLVED: objc/execute/string4.m execution, -O3 -fomit-frame-pointer
FAIL: objc/execute/string4.m compilation, -O3 -g
UNRESOLVED: objc/execute/string4.m execution, -O3 -g
FAIL: objc/execute/string4.m compilation, -Os
UNRESOLVED: objc/execute/string4.m execution, -Os
FAIL: objc/execute/va_method.m compilation, -O0
UNRESOLVED: objc/execute/va_method.m execution, -O0
FAIL: objc/execute/va_method.m compilation, -O1
UNRESOLVED: objc/execute/va_method.m execution, -O1
FAIL: objc/execute/va_method.m compilation, -O2
UNRESOLVED: objc/execute/va_method.m execution, -O2
FAIL: objc/execute/va_method.m compilation, -O3 -fomit-frame-pointer
UNRESOLVED: objc/execute/va_method.m execution, -O3 -fomit-frame-pointer
FAIL: objc/execute/va_method.m compilation, -O3 -fomit-frame-pointer -funroll-loops
UNRESOLVED: objc/execute/va_method.m execution, -O3 -fomit-frame-pointer -funroll-loops
FAIL: objc/execute/va_method.m compilation, -O3 -fomit-frame-pointer -funroll-all-loops -finline-functions
UNRESOLVED: objc/execute/va_method.m execution, -O3 -fomit-frame-pointer -funroll-all-loops -finline-functions
FAIL: objc/execute/va_method.m compilation, -O3 -g
UNRESOLVED: objc/execute/va_method.m execution, -O3 -g
FAIL: objc/execute/va_method.m compilation, -Os
UNRESOLVED: objc/execute/va_method.m execution, -Os
FAIL: objc.dg/bitfield-1.m (test for excess errors)
WARNING: objc.dg/bitfield-1.m compilation failed to produce executable
FAIL: objc.dg/bitfield-3.m (test for excess errors)
WARNING: objc.dg/bitfield-3.m compilation failed to produce executable
FAIL: objc.dg/call-super-1.m (test for excess errors)
WARNING: objc.dg/call-super-1.m compilation failed to produce executable
FAIL: objc.dg/call-super-3.m (test for excess errors)
WARNING: objc.dg/call-super-3.m compilation failed to produce executable
FAIL: objc.dg/category-1.m (test for excess errors)
WARNING: objc.dg/category-1.m compilation failed to produce executable
FAIL: objc.dg/defs.m (test for excess errors)
WARNING: objc.dg/defs.m compilation failed to produce executable
FAIL: objc.dg/desig-init-1.m (test for excess errors)
WARNING: objc.dg/desig-init-1.m compilation failed to produce executable
FAIL: objc.dg/encode-1.m (test for excess errors)
WARNING: objc.dg/encode-1.m compilation failed to produce executable
FAIL: objc.dg/encode-2.m (test for excess errors)
WARNING: objc.dg/encode-2.m compilation failed to produce executable
FAIL: objc.dg/encode-3.m (test for excess errors)
WARNING: objc.dg/encode-3.m compilation failed to produce executable
FAIL: objc.dg/encode-4.m (test for excess errors)
WARNING: objc.dg/encode-4.m compilation failed to produce executable
FAIL: objc.dg/func-ptr-1.m (test for excess errors)
WARNING: objc.dg/func-ptr-1.m compilation failed to produce executable
FAIL: objc.dg/func-ptr-2.m (test for excess errors)
WARNING: objc.dg/func-ptr-2.m compilation failed to produce executable
FAIL: objc.dg/method-10.m (test for excess errors)
WARNING: objc.dg/method-10.m compilation failed to produce executable
FAIL: objc.dg/method-13.m (test for excess errors)
WARNING: objc.dg/method-13.m compilation failed to produce executable
FAIL: objc.dg/method-3.m (test for excess errors)
WARNING: objc.dg/method-3.m compilation failed to produce executable
FAIL: objc.dg/nested-func-1.m (test for excess errors)
WARNING: objc.dg/nested-func-1.m compilation failed to produce executable
FAIL: objc.dg/proto-lossage-3.m (test for excess errors)
WARNING: objc.dg/proto-lossage-3.m compilation failed to produce executable
FAIL: objc.dg/proto-qual-1.m (test for excess errors)
WARNING: objc.dg/proto-qual-1.m compilation failed to produce executable
FAIL: objc.dg/sizeof-1.m (test for excess errors)
WARNING: objc.dg/sizeof-1.m compilation failed to produce executable
FAIL: objc.dg/stret-1.m (test for excess errors)
WARNING: objc.dg/stret-1.m compilation failed to produce executable
FAIL: objc.dg/super-class-3.m (test for excess errors)
WARNING: objc.dg/super-class-3.m compilation failed to produce executable
FAIL: objc.dg/try-catch-2.m (test for excess errors)
WARNING: objc.dg/try-catch-2.m compilation failed to produce executable
FAIL: objc.dg/type-size-2.m (test for excess errors)
WARNING: objc.dg/type-size-2.m compilation failed to produce executable
FAIL: objc.dg/va-meth-1.m (test for excess errors)
WARNING: objc.dg/va-meth-1.m compilation failed to produce executable
FAIL: objc.dg/special/unclaimed-category-1.m unclaimed-category-1a.o (test for excess errors)
WARNING: objc.dg/special/unclaimed-category-1.m unclaimed-category-1a.o compilation failed to produce executable
=== objc Summary for unix/-m32 ===
# of expected passes 418
# of unexpected failures 558
# of unresolved testcases 532
# of unsupported tests 12
Running target unix/-m64
FAIL: objc/execute/IMP.m compilation, -O0
UNRESOLVED: objc/execute/IMP.m execution, -O0
FAIL: objc/execute/IMP.m compilation, -O1
UNRESOLVED: objc/execute/IMP.m execution, -O1
FAIL: objc/execute/IMP.m compilation, -O2
UNRESOLVED: objc/execute/IMP.m execution, -O2
FAIL: objc/execute/IMP.m compilation, -O3 -fomit-frame-pointer
UNRESOLVED: objc/execute/IMP.m execution, -O3 -fomit-frame-pointer
FAIL: objc/execute/IMP.m compilation, -O3 -g
UNRESOLVED: objc/execute/IMP.m execution, -O3 -g
FAIL: objc/execute/IMP.m compilation, -Os
UNRESOLVED: objc/execute/IMP.m execution, -Os
FAIL: objc/execute/_cmd.m compilation, -O0
UNRESOLVED: objc/execute/_cmd.m execution, -O0
FAIL: objc/execute/_cmd.m compilation, -O1
UNRESOLVED: objc/execute/_cmd.m execution, -O1
FAIL: objc/execute/_cmd.m compilation, -O2
UNRESOLVED: objc/execute/_cmd.m execution, -O2
FAIL: objc/execute/_cmd.m compilation, -O3 -fomit-frame-pointer
UNRESOLVED: objc/execute/_cmd.m execution, -O3 -fomit-frame-pointer
FAIL: objc/execute/_cmd.m compilation, -O3 -g
UNRESOLVED: objc/execute/_cmd.m execution, -O3 -g
FAIL: objc/execute/_cmd.m compilation, -Os
UNRESOLVED: objc/execute/_cmd.m execution, -Os
FAIL: objc/execute/accessing_ivars.m compilation, -O0
UNRESOLVED: objc/execute/accessing_ivars.m execution, -O0
FAIL: objc/execute/accessing_ivars.m compilation, -O1
UNRESOLVED: objc/execute/accessing_ivars.m execution, -O1
FAIL: objc/execute/accessing_ivars.m compilation, -O2
UNRESOLVED: objc/execute/accessing_ivars.m execution, -O2
FAIL: objc/execute/accessing_ivars.m compilation, -O3 -fomit-frame-pointer
UNRESOLVED: objc/execute/accessing_ivars.m execution, -O3 -fomit-frame-pointer
FAIL: objc/execute/accessing_ivars.m compilation, -O3 -g
UNRESOLVED: objc/execute/accessing_ivars.m execution, -O3 -g
FAIL: objc/execute/accessing_ivars.m compilation, -Os
UNRESOLVED: objc/execute/accessing_ivars.m execution, -Os
FAIL: objc/execute/bf-1.m compilation, -O0
UNRESOLVED: objc/execute/bf-1.m execution, -O0
FAIL: objc/execute/bf-1.m compilation, -O1
UNRESOLVED: objc/execute/bf-1.m execution, -O1
FAIL: objc/execute/bf-1.m compilation, -O2
UNRESOLVED: objc/execute/bf-1.m execution, -O2
FAIL: objc/execute/bf-1.m compilation, -O3 -fomit-frame-pointer
UNRESOLVED: objc/execute/bf-1.m execution, -O3 -fomit-frame-pointer
FAIL: objc/execute/bf-1.m compilation, -O3 -g
UNRESOLVED: objc/execute/bf-1.m execution, -O3 -g
FAIL: objc/execute/bf-1.m compilation, -Os
UNRESOLVED: objc/execute/bf-1.m execution, -Os
FAIL: objc/execute/bf-10.m compilation, -O0
UNRESOLVED: objc/execute/bf-10.m execution, -O0
FAIL: objc/execute/bf-10.m compilation, -O1
UNRESOLVED: objc/execute/bf-10.m execution, -O1
FAIL: objc/execute/bf-10.m compilation, -O2
UNRESOLVED: objc/execute/bf-10.m execution, -O2
FAIL: objc/execute/bf-10.m compilation, -O3 -fomit-frame-pointer
UNRESOLVED: objc/execute/bf-10.m execution, -O3 -fomit-frame-pointer
FAIL: objc/execute/bf-10.m compilation, -O3 -g
UNRESOLVED: objc/execute/bf-10.m execution, -O3 -g
FAIL: objc/execute/bf-10.m compilation, -Os
UNRESOLVED: objc/execute/bf-10.m execution, -Os
FAIL: objc/execute/bf-11.m compilation, -O0
UNRESOLVED: objc/execute/bf-11.m execution, -O0
FAIL: objc/execute/bf-11.m compilation, -O1
UNRESOLVED: objc/execute/bf-11.m execution, -O1
FAIL: objc/execute/bf-11.m compilation, -O2
UNRESOLVED: objc/execute/bf-11.m execution, -O2
FAIL: objc/execute/bf-11.m compilation, -O3 -fomit-frame-pointer
UNRESOLVED: objc/execute/bf-11.m execution, -O3 -fomit-frame-pointer
FAIL: objc/execute/bf-11.m compilation, -O3 -g
UNRESOLVED: objc/execute/bf-11.m execution, -O3 -g
FAIL: objc/execute/bf-11.m compilation, -Os
UNRESOLVED: objc/execute/bf-11.m execution, -Os
FAIL: objc/execute/bf-12.m compilation, -O0
UNRESOLVED: objc/execute/bf-12.m execution, -O0
FAIL: objc/execute/bf-12.m compilation, -O1
UNRESOLVED: objc/execute/bf-12.m execution, -O1
FAIL: objc/execute/bf-12.m compilation, -O2
UNRESOLVED: objc/execute/bf-12.m execution, -O2
FAIL: objc/execute/bf-12.m compilation, -O3 -fomit-frame-pointer
UNRESOLVED: objc/execute/bf-12.m execution, -O3 -fomit-frame-pointer
FAIL: objc/execute/bf-12.m compilation, -O3 -g
UNRESOLVED: objc/execute/bf-12.m execution, -O3 -g
FAIL: objc/execute/bf-12.m compilation, -Os
UNRESOLVED: objc/execute/bf-12.m execution, -Os
FAIL: objc/execute/bf-13.m compilation, -O0
UNRESOLVED: objc/execute/bf-13.m execution, -O0
FAIL: objc/execute/bf-13.m compilation, -O1
UNRESOLVED: objc/execute/bf-13.m execution, -O1
FAIL: objc/execute/bf-13.m compilation, -O2
UNRESOLVED: objc/execute/bf-13.m execution, -O2
FAIL: objc/execute/bf-13.m compilation, -O3 -fomit-frame-pointer
UNRESOLVED: objc/execute/bf-13.m execution, -O3 -fomit-frame-pointer
FAIL: objc/execute/bf-13.m compilation, -O3 -g
UNRESOLVED: objc/execute/bf-13.m execution, -O3 -g
FAIL: objc/execute/bf-13.m compilation, -Os
UNRESOLVED: objc/execute/bf-13.m execution, -Os
FAIL: objc/execute/bf-14.m compilation, -O0
UNRESOLVED: objc/execute/bf-14.m execution, -O0
FAIL: objc/execute/bf-14.m compilation, -O1
UNRESOLVED: objc/execute/bf-14.m execution, -O1
FAIL: objc/execute/bf-14.m compilation, -O2
UNRESOLVED: objc/execute/bf-14.m execution, -O2
FAIL: objc/execute/bf-14.m compilation, -O3 -fomit-frame-pointer
UNRESOLVED: objc/execute/bf-14.m execution, -O3 -fomit-frame-pointer
FAIL: objc/execute/bf-14.m compilation, -O3 -g
UNRESOLVED: objc/execute/bf-14.m execution, -O3 -g
FAIL: objc/execute/bf-14.m compilation, -Os
UNRESOLVED: objc/execute/bf-14.m execution, -Os
FAIL: objc/execute/bf-15.m compilation, -O0
UNRESOLVED: objc/execute/bf-15.m execution, -O0
FAIL: objc/execute/bf-15.m compilation, -O1
UNRESOLVED: objc/execute/bf-15.m execution, -O1
FAIL: objc/execute/bf-15.m compilation, -O2
UNRESOLVED: objc/execute/bf-15.m execution, -O2
FAIL: objc/execute/bf-15.m compilation, -O3 -fomit-frame-pointer
UNRESOLVED: objc/execute/bf-15.m execution, -O3 -fomit-frame-pointer
FAIL: objc/execute/bf-15.m compilation, -O3 -g
UNRESOLVED: objc/execute/bf-15.m execution, -O3 -g
FAIL: objc/execute/bf-15.m compilation, -Os
UNRESOLVED: objc/execute/bf-15.m execution, -Os
FAIL: objc/execute/bf-16.m compilation, -O0
UNRESOLVED: objc/execute/bf-16.m execution, -O0
FAIL: objc/execute/bf-16.m compilation, -O1
UNRESOLVED: objc/execute/bf-16.m execution, -O1
FAIL: objc/execute/bf-16.m compilation, -O2
UNRESOLVED: objc/execute/bf-16.m execution, -O2
FAIL: objc/execute/bf-16.m compilation, -O3 -fomit-frame-pointer
UNRESOLVED: objc/execute/bf-16.m execution, -O3 -fomit-frame-pointer
FAIL: objc/execute/bf-16.m compilation, -O3 -g
UNRESOLVED: objc/execute/bf-16.m execution, -O3 -g
FAIL: objc/execute/bf-16.m compilation, -Os
UNRESOLVED: objc/execute/bf-16.m execution, -Os
FAIL: objc/execute/bf-17.m compilation, -O0
UNRESOLVED: objc/execute/bf-17.m execution, -O0
FAIL: objc/execute/bf-17.m compilation, -O1
UNRESOLVED: objc/execute/bf-17.m execution, -O1
FAIL: objc/execute/bf-17.m compilation, -O2
UNRESOLVED: objc/execute/bf-17.m execution, -O2
FAIL: objc/execute/bf-17.m compilation, -O3 -fomit-frame-pointer
UNRESOLVED: objc/execute/bf-17.m execution, -O3 -fomit-frame-pointer
FAIL: objc/execute/bf-17.m compilation, -O3 -g
UNRESOLVED: objc/execute/bf-17.m execution, -O3 -g
FAIL: objc/execute/bf-17.m compilation, -Os
UNRESOLVED: objc/execute/bf-17.m execution, -Os
FAIL: objc/execute/bf-18.m compilation, -O0
UNRESOLVED: objc/execute/bf-18.m execution, -O0
FAIL: objc/execute/bf-18.m compilation, -O1
UNRESOLVED: objc/execute/bf-18.m execution, -O1
FAIL: objc/execute/bf-18.m compilation, -O2
UNRESOLVED: objc/execute/bf-18.m execution, -O2
FAIL: objc/execute/bf-18.m compilation, -O3 -fomit-frame-pointer
UNRESOLVED: objc/execute/bf-18.m execution, -O3 -fomit-frame-pointer
FAIL: objc/execute/bf-18.m compilation, -O3 -g
UNRESOLVED: objc/execute/bf-18.m execution, -O3 -g
FAIL: objc/execute/bf-18.m compilation, -Os
UNRESOLVED: objc/execute/bf-18.m execution, -Os
FAIL: objc/execute/bf-19.m compilation, -O0
UNRESOLVED: objc/execute/bf-19.m execution, -O0
FAIL: objc/execute/bf-19.m compilation, -O1
UNRESOLVED: objc/execute/bf-19.m execution, -O1
FAIL: objc/execute/bf-19.m compilation, -O2
UNRESOLVED: objc/execute/bf-19.m execution, -O2
FAIL: objc/execute/bf-19.m compilation, -O3 -fomit-frame-pointer
UNRESOLVED: objc/execute/bf-19.m execution, -O3 -fomit-frame-pointer
FAIL: objc/execute/bf-19.m compilation, -O3 -g
UNRESOLVED: objc/execute/bf-19.m execution, -O3 -g
FAIL: objc/execute/bf-19.m compilation, -Os
UNRESOLVED: objc/execute/bf-19.m execution, -Os
FAIL: objc/execute/bf-2.m compilation, -O0
UNRESOLVED: objc/execute/bf-2.m execution, -O0
FAIL: objc/execute/bf-2.m compilation, -O1
UNRESOLVED: objc/execute/bf-2.m execution, -O1
FAIL: objc/execute/bf-2.m compilation, -O2
UNRESOLVED: objc/execute/bf-2.m execution, -O2
FAIL: objc/execute/bf-2.m compilation, -O3 -fomit-frame-pointer
UNRESOLVED: objc/execute/bf-2.m execution, -O3 -fomit-frame-pointer
FAIL: objc/execute/bf-2.m compilation, -O3 -g
UNRESOLVED: objc/execute/bf-2.m execution, -O3 -g
FAIL: objc/execute/bf-2.m compilation, -Os
UNRESOLVED: objc/execute/bf-2.m execution, -Os
FAIL: objc/execute/bf-20.m compilation, -O0
UNRESOLVED: objc/execute/bf-20.m execution, -O0
FAIL: objc/execute/bf-20.m compilation, -O1
UNRESOLVED: objc/execute/bf-20.m execution, -O1
FAIL: objc/execute/bf-20.m compilation, -O2
UNRESOLVED: objc/execute/bf-20.m execution, -O2
FAIL: objc/execute/bf-20.m compilation, -O3 -fomit-frame-pointer
UNRESOLVED: objc/execute/bf-20.m execution, -O3 -fomit-frame-pointer
FAIL: objc/execute/bf-20.m compilation, -O3 -g
UNRESOLVED: objc/execute/bf-20.m execution, -O3 -g
FAIL: objc/execute/bf-20.m compilation, -Os
UNRESOLVED: objc/execute/bf-20.m execution, -Os
FAIL: objc/execute/bf-21.m compilation, -O0
UNRESOLVED: objc/execute/bf-21.m execution, -O0
FAIL: objc/execute/bf-21.m compilation, -O1
UNRESOLVED: objc/execute/bf-21.m execution, -O1
FAIL: objc/execute/bf-21.m compilation, -O2
UNRESOLVED: objc/execute/bf-21.m execution, -O2
FAIL: objc/execute/bf-21.m compilation, -O3 -fomit-frame-pointer
UNRESOLVED: objc/execute/bf-21.m execution, -O3 -fomit-frame-pointer
FAIL: objc/execute/bf-21.m compilation, -O3 -g
UNRESOLVED: objc/execute/bf-21.m execution, -O3 -g
FAIL: objc/execute/bf-21.m compilation, -Os
UNRESOLVED: objc/execute/bf-21.m execution, -Os
FAIL: objc/execute/bf-3.m compilation, -O0
UNRESOLVED: objc/execute/bf-3.m execution, -O0
FAIL: objc/execute/bf-3.m compilation, -O1
UNRESOLVED: objc/execute/bf-3.m execution, -O1
FAIL: objc/execute/bf-3.m compilation, -O2
UNRESOLVED: objc/execute/bf-3.m execution, -O2
FAIL: objc/execute/bf-3.m compilation, -O3 -fomit-frame-pointer
UNRESOLVED: objc/execute/bf-3.m execution, -O3 -fomit-frame-pointer
FAIL: objc/execute/bf-3.m compilation, -O3 -g
UNRESOLVED: objc/execute/bf-3.m execution, -O3 -g
FAIL: objc/execute/bf-3.m compilation, -Os
UNRESOLVED: objc/execute/bf-3.m execution, -Os
FAIL: objc/execute/bf-4.m compilation, -O0
UNRESOLVED: objc/execute/bf-4.m execution, -O0
FAIL: objc/execute/bf-4.m compilation, -O1
UNRESOLVED: objc/execute/bf-4.m execution, -O1
FAIL: objc/execute/bf-4.m compilation, -O2
UNRESOLVED: objc/execute/bf-4.m execution, -O2
FAIL: objc/execute/bf-4.m compilation, -O3 -fomit-frame-pointer
UNRESOLVED: objc/execute/bf-4.m execution, -O3 -fomit-frame-pointer
FAIL: objc/execute/bf-4.m compilation, -O3 -g
UNRESOLVED: objc/execute/bf-4.m execution, -O3 -g
FAIL: objc/execute/bf-4.m compilation, -Os
UNRESOLVED: objc/execute/bf-4.m execution, -Os
FAIL: objc/execute/bf-5.m compilation, -O0
UNRESOLVED: objc/execute/bf-5.m execution, -O0
FAIL: objc/execute/bf-5.m compilation, -O1
UNRESOLVED: objc/execute/bf-5.m execution, -O1
FAIL: objc/execute/bf-5.m compilation, -O2
UNRESOLVED: objc/execute/bf-5.m execution, -O2
FAIL: objc/execute/bf-5.m compilation, -O3 -fomit-frame-pointer
UNRESOLVED: objc/execute/bf-5.m execution, -O3 -fomit-frame-pointer
FAIL: objc/execute/bf-5.m compilation, -O3 -g
UNRESOLVED: objc/execute/bf-5.m execution, -O3 -g
FAIL: objc/execute/bf-5.m compilation, -Os
UNRESOLVED: objc/execute/bf-5.m execution, -Os
FAIL: objc/execute/bf-6.m compilation, -O0
UNRESOLVED: objc/execute/bf-6.m execution, -O0
FAIL: objc/execute/bf-6.m compilation, -O1
UNRESOLVED: objc/execute/bf-6.m execution, -O1
FAIL: objc/execute/bf-6.m compilation, -O2
UNRESOLVED: objc/execute/bf-6.m execution, -O2
FAIL: objc/execute/bf-6.m compilation, -O3 -fomit-frame-pointer
UNRESOLVED: objc/execute/bf-6.m execution, -O3 -fomit-frame-pointer
FAIL: objc/execute/bf-6.m compilation, -O3 -g
UNRESOLVED: objc/execute/bf-6.m execution, -O3 -g
FAIL: objc/execute/bf-6.m compilation, -Os
UNRESOLVED: objc/execute/bf-6.m execution, -Os
FAIL: objc/execute/bf-7.m compilation, -O0
UNRESOLVED: objc/execute/bf-7.m execution, -O0
FAIL: objc/execute/bf-7.m compilation, -O1
UNRESOLVED: objc/execute/bf-7.m execution, -O1
FAIL: objc/execute/bf-7.m compilation, -O2
UNRESOLVED: objc/execute/bf-7.m execution, -O2
FAIL: objc/execute/bf-7.m compilation, -O3 -fomit-frame-pointer
UNRESOLVED: objc/execute/bf-7.m execution, -O3 -fomit-frame-pointer
FAIL: objc/execute/bf-7.m compilation, -O3 -g
UNRESOLVED: objc/execute/bf-7.m execution, -O3 -g
FAIL: objc/execute/bf-7.m compilation, -Os
UNRESOLVED: objc/execute/bf-7.m execution, -Os
FAIL: objc/execute/bf-8.m compilation, -O0
UNRESOLVED: objc/execute/bf-8.m execution, -O0
FAIL: objc/execute/bf-8.m compilation, -O1
UNRESOLVED: objc/execute/bf-8.m execution, -O1
FAIL: objc/execute/bf-8.m compilation, -O2
UNRESOLVED: objc/execute/bf-8.m execution, -O2
FAIL: objc/execute/bf-8.m compilation, -O3 -fomit-frame-pointer
UNRESOLVED: objc/execute/bf-8.m execution, -O3 -fomit-frame-pointer
FAIL: objc/execute/bf-8.m compilation, -O3 -g
UNRESOLVED: objc/execute/bf-8.m execution, -O3 -g
FAIL: objc/execute/bf-8.m compilation, -Os
UNRESOLVED: objc/execute/bf-8.m execution, -Os
FAIL: objc/execute/bf-9.m compilation, -O0
UNRESOLVED: objc/execute/bf-9.m execution, -O0
FAIL: objc/execute/bf-9.m compilation, -O1
UNRESOLVED: objc/execute/bf-9.m execution, -O1
FAIL: objc/execute/bf-9.m compilation, -O2
UNRESOLVED: objc/execute/bf-9.m execution, -O2
FAIL: objc/execute/bf-9.m compilation, -O3 -fomit-frame-pointer
UNRESOLVED: objc/execute/bf-9.m execution, -O3 -fomit-frame-pointer
FAIL: objc/execute/bf-9.m compilation, -O3 -g
UNRESOLVED: objc/execute/bf-9.m execution, -O3 -g
FAIL: objc/execute/bf-9.m compilation, -Os
UNRESOLVED: objc/execute/bf-9.m execution, -Os
FAIL: objc/execute/bycopy-1.m compilation, -O0
UNRESOLVED: objc/execute/bycopy-1.m execution, -O0
FAIL: objc/execute/bycopy-1.m compilation, -O1
UNRESOLVED: objc/execute/bycopy-1.m execution, -O1
FAIL: objc/execute/bycopy-1.m compilation, -O2
UNRESOLVED: objc/execute/bycopy-1.m execution, -O2
FAIL: objc/execute/bycopy-1.m compilation, -O3 -fomit-frame-pointer
UNRESOLVED: objc/execute/bycopy-1.m execution, -O3 -fomit-frame-pointer
FAIL: objc/execute/bycopy-1.m compilation, -O3 -g
UNRESOLVED: objc/execute/bycopy-1.m execution, -O3 -g
FAIL: objc/execute/bycopy-1.m compilation, -Os
UNRESOLVED: objc/execute/bycopy-1.m execution, -Os
FAIL: objc/execute/bycopy-2.m compilation, -O0
UNRESOLVED: objc/execute/bycopy-2.m execution, -O0
FAIL: objc/execute/bycopy-2.m compilation, -O1
UNRESOLVED: objc/execute/bycopy-2.m execution, -O1
FAIL: objc/execute/bycopy-2.m compilation, -O2
UNRESOLVED: objc/execute/bycopy-2.m execution, -O2
FAIL: objc/execute/bycopy-2.m compilation, -O3 -fomit-frame-pointer
UNRESOLVED: objc/execute/bycopy-2.m execution, -O3 -fomit-frame-pointer
FAIL: objc/execute/bycopy-2.m compilation, -O3 -g
UNRESOLVED: objc/execute/bycopy-2.m execution, -O3 -g
FAIL: objc/execute/bycopy-2.m compilation, -Os
UNRESOLVED: objc/execute/bycopy-2.m execution, -Os
FAIL: objc/execute/bycopy-3.m compilation, -O0
UNRESOLVED: objc/execute/bycopy-3.m execution, -O0
FAIL: objc/execute/bycopy-3.m compilation, -O1
UNRESOLVED: objc/execute/bycopy-3.m execution, -O1
FAIL: objc/execute/bycopy-3.m compilation, -O2
UNRESOLVED: objc/execute/bycopy-3.m execution, -O2
FAIL: objc/execute/bycopy-3.m compilation, -O3 -fomit-frame-pointer
UNRESOLVED: objc/execute/bycopy-3.m execution, -O3 -fomit-frame-pointer
FAIL: objc/execute/bycopy-3.m compilation, -O3 -g
UNRESOLVED: objc/execute/bycopy-3.m execution, -O3 -g
FAIL: objc/execute/bycopy-3.m compilation, -Os
UNRESOLVED: objc/execute/bycopy-3.m execution, -Os
FAIL: objc/execute/cascading-1.m compilation, -O0
UNRESOLVED: objc/execute/cascading-1.m execution, -O0
FAIL: objc/execute/cascading-1.m compilation, -O1
UNRESOLVED: objc/execute/cascading-1.m execution, -O1
FAIL: objc/execute/cascading-1.m compilation, -O2
UNRESOLVED: objc/execute/cascading-1.m execution, -O2
FAIL: objc/execute/cascading-1.m compilation, -O3 -fomit-frame-pointer
UNRESOLVED: objc/execute/cascading-1.m execution, -O3 -fomit-frame-pointer
FAIL: objc/execute/cascading-1.m compilation, -O3 -g
UNRESOLVED: objc/execute/cascading-1.m execution, -O3 -g
FAIL: objc/execute/cascading-1.m compilation, -Os
UNRESOLVED: objc/execute/cascading-1.m execution, -Os
FAIL: objc/execute/class-1.m compilation, -O0
UNRESOLVED: objc/execute/class-1.m execution, -O0
FAIL: objc/execute/class-1.m compilation, -O1
UNRESOLVED: objc/execute/class-1.m execution, -O1
FAIL: objc/execute/class-1.m compilation, -O2
UNRESOLVED: objc/execute/class-1.m execution, -O2
FAIL: objc/execute/class-1.m compilation, -O3 -fomit-frame-pointer
UNRESOLVED: objc/execute/class-1.m execution, -O3 -fomit-frame-pointer
FAIL: objc/execute/class-1.m compilation, -O3 -g
UNRESOLVED: objc/execute/class-1.m execution, -O3 -g
FAIL: objc/execute/class-1.m compilation, -Os
UNRESOLVED: objc/execute/class-1.m execution, -Os
FAIL: objc/execute/class-10.m compilation, -O0
UNRESOLVED: objc/execute/class-10.m execution, -O0
FAIL: objc/execute/class-10.m compilation, -O1
UNRESOLVED: objc/execute/class-10.m execution, -O1
FAIL: objc/execute/class-10.m compilation, -O2
UNRESOLVED: objc/execute/class-10.m execution, -O2
FAIL: objc/execute/class-10.m compilation, -O3 -fomit-frame-pointer
UNRESOLVED: objc/execute/class-10.m execution, -O3 -fomit-frame-pointer
FAIL: objc/execute/class-10.m compilation, -O3 -g
UNRESOLVED: objc/execute/class-10.m execution, -O3 -g
FAIL: objc/execute/class-10.m compilation, -Os
UNRESOLVED: objc/execute/class-10.m execution, -Os
FAIL: objc/execute/class-11.m compilation, -O0
UNRESOLVED: objc/execute/class-11.m execution, -O0
FAIL: objc/execute/class-11.m compilation, -O1
UNRESOLVED: objc/execute/class-11.m execution, -O1
FAIL: objc/execute/class-11.m compilation, -O2
UNRESOLVED: objc/execute/class-11.m execution, -O2
FAIL: objc/execute/class-11.m compilation, -O3 -fomit-frame-pointer
UNRESOLVED: objc/execute/class-11.m execution, -O3 -fomit-frame-pointer
FAIL: objc/execute/class-11.m compilation, -O3 -g
UNRESOLVED: objc/execute/class-11.m execution, -O3 -g
FAIL: objc/execute/class-11.m compilation, -Os
UNRESOLVED: objc/execute/class-11.m execution, -Os
FAIL: objc/execute/class-12.m compilation, -O0
UNRESOLVED: objc/execute/class-12.m execution, -O0
FAIL: objc/execute/class-12.m compilation, -O1
UNRESOLVED: objc/execute/class-12.m execution, -O1
FAIL: objc/execute/class-12.m compilation, -O2
UNRESOLVED: objc/execute/class-12.m execution, -O2
FAIL: objc/execute/class-12.m compilation, -O3 -fomit-frame-pointer
UNRESOLVED: objc/execute/class-12.m execution, -O3 -fomit-frame-pointer
FAIL: objc/execute/class-12.m compilation, -O3 -g
UNRESOLVED: objc/execute/class-12.m execution, -O3 -g
FAIL: objc/execute/class-12.m compilation, -Os
UNRESOLVED: objc/execute/class-12.m execution, -Os
FAIL: objc/execute/class-13.m compilation, -O0
UNRESOLVED: objc/execute/class-13.m execution, -O0
FAIL: objc/execute/class-13.m compilation, -O1
UNRESOLVED: objc/execute/class-13.m execution, -O1
FAIL: objc/execute/class-13.m compilation, -O2
UNRESOLVED: objc/execute/class-13.m execution, -O2
FAIL: objc/execute/class-13.m compilation, -O3 -fomit-frame-pointer
UNRESOLVED: objc/execute/class-13.m execution, -O3 -fomit-frame-pointer
FAIL: objc/execute/class-13.m compilation, -O3 -g
UNRESOLVED: objc/execute/class-13.m execution, -O3 -g
FAIL: objc/execute/class-13.m compilation, -Os
UNRESOLVED: objc/execute/class-13.m execution, -Os
FAIL: objc/execute/class-14.m compilation, -O0
UNRESOLVED: objc/execute/class-14.m execution, -O0
FAIL: objc/execute/class-14.m compilation, -O1
UNRESOLVED: objc/execute/class-14.m execution, -O1
FAIL: objc/execute/class-14.m compilation, -O2
UNRESOLVED: objc/execute/class-14.m execution, -O2
FAIL: objc/execute/class-14.m compilation, -O3 -fomit-frame-pointer
UNRESOLVED: objc/execute/class-14.m execution, -O3 -fomit-frame-pointer
FAIL: objc/execute/class-14.m compilation, -O3 -g
UNRESOLVED: objc/execute/class-14.m execution, -O3 -g
FAIL: objc/execute/class-14.m compilation, -Os
UNRESOLVED: objc/execute/class-14.m execution, -Os
FAIL: objc/execute/class-2.m compilation, -O0
UNRESOLVED: objc/execute/class-2.m execution, -O0
FAIL: objc/execute/class-2.m compilation, -O1
UNRESOLVED: objc/execute/class-2.m execution, -O1
FAIL: objc/execute/class-2.m compilation, -O2
UNRESOLVED: objc/execute/class-2.m execution, -O2
FAIL: objc/execute/class-2.m compilation, -O3 -fomit-frame-pointer
UNRESOLVED: objc/execute/class-2.m execution, -O3 -fomit-frame-pointer
FAIL: objc/execute/class-2.m compilation, -O3 -g
UNRESOLVED: objc/execute/class-2.m execution, -O3 -g
FAIL: objc/execute/class-2.m compilation, -Os
UNRESOLVED: objc/execute/class-2.m execution, -Os
FAIL: objc/execute/class-3.m compilation, -O0
UNRESOLVED: objc/execute/class-3.m execution, -O0
FAIL: objc/execute/class-3.m compilation, -O1
UNRESOLVED: objc/execute/class-3.m execution, -O1
FAIL: objc/execute/class-3.m compilation, -O2
UNRESOLVED: objc/execute/class-3.m execution, -O2
FAIL: objc/execute/class-3.m compilation, -O3 -fomit-frame-pointer
UNRESOLVED: objc/execute/class-3.m execution, -O3 -fomit-frame-pointer
FAIL: objc/execute/class-3.m compilation, -O3 -g
UNRESOLVED: objc/execute/class-3.m execution, -O3 -g
FAIL: objc/execute/class-3.m compilation, -Os
UNRESOLVED: objc/execute/class-3.m execution, -Os
FAIL: objc/execute/class-4.m compilation, -O0
UNRESOLVED: objc/execute/class-4.m execution, -O0
FAIL: objc/execute/class-4.m compilation, -O1
UNRESOLVED: objc/execute/class-4.m execution, -O1
FAIL: objc/execute/class-4.m compilation, -O2
UNRESOLVED: objc/execute/class-4.m execution, -O2
FAIL: objc/execute/class-4.m compilation, -O3 -fomit-frame-pointer
UNRESOLVED: objc/execute/class-4.m execution, -O3 -fomit-frame-pointer
FAIL: objc/execute/class-4.m compilation, -O3 -g
UNRESOLVED: objc/execute/class-4.m execution, -O3 -g
FAIL: objc/execute/class-4.m compilation, -Os
UNRESOLVED: objc/execute/class-4.m execution, -Os
FAIL: objc/execute/class-5.m compilation, -O0
UNRESOLVED: objc/execute/class-5.m execution, -O0
FAIL: objc/execute/class-5.m compilation, -O1
UNRESOLVED: objc/execute/class-5.m execution, -O1
FAIL: objc/execute/class-5.m compilation, -O2
UNRESOLVED: objc/execute/class-5.m execution, -O2
FAIL: objc/execute/class-5.m compilation, -O3 -fomit-frame-pointer
UNRESOLVED: objc/execute/class-5.m execution, -O3 -fomit-frame-pointer
FAIL: objc/execute/class-5.m compilation, -O3 -g
UNRESOLVED: objc/execute/class-5.m execution, -O3 -g
FAIL: objc/execute/class-5.m compilation, -Os
UNRESOLVED: objc/execute/class-5.m execution, -Os
FAIL: objc/execute/class-6.m compilation, -O0
UNRESOLVED: objc/execute/class-6.m execution, -O0
FAIL: objc/execute/class-6.m compilation, -O1
UNRESOLVED: objc/execute/class-6.m execution, -O1
FAIL: objc/execute/class-6.m compilation, -O2
UNRESOLVED: objc/execute/class-6.m execution, -O2
FAIL: objc/execute/class-6.m compilation, -O3 -fomit-frame-pointer
UNRESOLVED: objc/execute/class-6.m execution, -O3 -fomit-frame-pointer
FAIL: objc/execute/class-6.m compilation, -O3 -g
UNRESOLVED: objc/execute/class-6.m execution, -O3 -g
FAIL: objc/execute/class-6.m compilation, -Os
UNRESOLVED: objc/execute/class-6.m execution, -Os
FAIL: objc/execute/class-7.m compilation, -O0
UNRESOLVED: objc/execute/class-7.m execution, -O0
FAIL: objc/execute/class-7.m compilation, -O1
UNRESOLVED: objc/execute/class-7.m execution, -O1
FAIL: objc/execute/class-7.m compilation, -O2
UNRESOLVED: objc/execute/class-7.m execution, -O2
FAIL: objc/execute/class-7.m compilation, -O3 -fomit-frame-pointer
UNRESOLVED: objc/execute/class-7.m execution, -O3 -fomit-frame-pointer
FAIL: objc/execute/class-7.m compilation, -O3 -g
UNRESOLVED: objc/execute/class-7.m execution, -O3 -g
FAIL: objc/execute/class-7.m compilation, -Os
UNRESOLVED: objc/execute/class-7.m execution, -Os
FAIL: objc/execute/class-8.m compilation, -O0
UNRESOLVED: objc/execute/class-8.m execution, -O0
FAIL: objc/execute/class-8.m compilation, -O1
UNRESOLVED: objc/execute/class-8.m execution, -O1
FAIL: objc/execute/class-8.m compilation, -O2
UNRESOLVED: objc/execute/class-8.m execution, -O2
FAIL: objc/execute/class-8.m compilation, -O3 -fomit-frame-pointer
UNRESOLVED: objc/execute/class-8.m execution, -O3 -fomit-frame-pointer
FAIL: objc/execute/class-8.m compilation, -O3 -g
UNRESOLVED: objc/execute/class-8.m execution, -O3 -g
FAIL: objc/execute/class-8.m compilation, -Os
UNRESOLVED: objc/execute/class-8.m execution, -Os
FAIL: objc/execute/class-9.m compilation, -O0
UNRESOLVED: objc/execute/class-9.m execution, -O0
FAIL: objc/execute/class-9.m compilation, -O1
UNRESOLVED: objc/execute/class-9.m execution, -O1
FAIL: objc/execute/class-9.m compilation, -O2
UNRESOLVED: objc/execute/class-9.m execution, -O2
FAIL: objc/execute/class-9.m compilation, -O3 -fomit-frame-pointer
UNRESOLVED: objc/execute/class-9.m execution, -O3 -fomit-frame-pointer
FAIL: objc/execute/class-9.m compilation, -O3 -g
UNRESOLVED: objc/execute/class-9.m execution, -O3 -g
FAIL: objc/execute/class-9.m compilation, -Os
UNRESOLVED: objc/execute/class-9.m execution, -Os
FAIL: objc/execute/class_self-1.m compilation, -O0
UNRESOLVED: objc/execute/class_self-1.m execution, -O0
FAIL: objc/execute/class_self-1.m compilation, -O1
UNRESOLVED: objc/execute/class_self-1.m execution, -O1
FAIL: objc/execute/class_self-1.m compilation, -O2
UNRESOLVED: objc/execute/class_self-1.m execution, -O2
FAIL: objc/execute/class_self-1.m compilation, -O3 -fomit-frame-pointer
UNRESOLVED: objc/execute/class_self-1.m execution, -O3 -fomit-frame-pointer
FAIL: objc/execute/class_self-1.m compilation, -O3 -g
UNRESOLVED: objc/execute/class_self-1.m execution, -O3 -g
FAIL: objc/execute/class_self-1.m compilation, -Os
UNRESOLVED: objc/execute/class_self-1.m execution, -Os
FAIL: objc/execute/class_self-2.m compilation, -O0
UNRESOLVED: objc/execute/class_self-2.m execution, -O0
FAIL: objc/execute/class_self-2.m compilation, -O1
UNRESOLVED: objc/execute/class_self-2.m execution, -O1
FAIL: objc/execute/class_self-2.m compilation, -O2
UNRESOLVED: objc/execute/class_self-2.m execution, -O2
FAIL: objc/execute/class_self-2.m compilation, -O3 -fomit-frame-pointer
UNRESOLVED: objc/execute/class_self-2.m execution, -O3 -fomit-frame-pointer
FAIL: objc/execute/class_self-2.m compilation, -O3 -g
UNRESOLVED: objc/execute/class_self-2.m execution, -O3 -g
FAIL: objc/execute/class_self-2.m compilation, -Os
UNRESOLVED: objc/execute/class_self-2.m execution, -Os
FAIL: objc/execute/compatibility_alias.m compilation, -O0
UNRESOLVED: objc/execute/compatibility_alias.m execution, -O0
FAIL: objc/execute/compatibility_alias.m compilation, -O1
UNRESOLVED: objc/execute/compatibility_alias.m execution, -O1
FAIL: objc/execute/compatibility_alias.m compilation, -O2
UNRESOLVED: objc/execute/compatibility_alias.m execution, -O2
FAIL: objc/execute/compatibility_alias.m compilation, -O3 -fomit-frame-pointer
UNRESOLVED: objc/execute/compatibility_alias.m execution, -O3 -fomit-frame-pointer
FAIL: objc/execute/compatibility_alias.m compilation, -O3 -g
UNRESOLVED: objc/execute/compatibility_alias.m execution, -O3 -g
FAIL: objc/execute/compatibility_alias.m compilation, -Os
UNRESOLVED: objc/execute/compatibility_alias.m execution, -Os
FAIL: objc/execute/encode-1.m compilation, -O0
UNRESOLVED: objc/execute/encode-1.m execution, -O0
FAIL: objc/execute/encode-1.m compilation, -O1
UNRESOLVED: objc/execute/encode-1.m execution, -O1
FAIL: objc/execute/encode-1.m compilation, -O2
UNRESOLVED: objc/execute/encode-1.m execution, -O2
FAIL: objc/execute/encode-1.m compilation, -O3 -fomit-frame-pointer
UNRESOLVED: objc/execute/encode-1.m execution, -O3 -fomit-frame-pointer
FAIL: objc/execute/encode-1.m compilation, -O3 -g
UNRESOLVED: objc/execute/encode-1.m execution, -O3 -g
FAIL: objc/execute/encode-1.m compilation, -Os
UNRESOLVED: objc/execute/encode-1.m execution, -Os
FAIL: objc/execute/enumeration-1.m compilation, -O0
UNRESOLVED: objc/execute/enumeration-1.m execution, -O0
FAIL: objc/execute/enumeration-1.m compilation, -O1
UNRESOLVED: objc/execute/enumeration-1.m execution, -O1
FAIL: objc/execute/enumeration-1.m compilation, -O2
UNRESOLVED: objc/execute/enumeration-1.m execution, -O2
FAIL: objc/execute/enumeration-1.m compilation, -O3 -fomit-frame-pointer
UNRESOLVED: objc/execute/enumeration-1.m execution, -O3 -fomit-frame-pointer
FAIL: objc/execute/enumeration-1.m compilation, -O3 -g
UNRESOLVED: objc/execute/enumeration-1.m execution, -O3 -g
FAIL: objc/execute/enumeration-1.m compilation, -Os
UNRESOLVED: objc/execute/enumeration-1.m execution, -Os
FAIL: objc/execute/enumeration-2.m compilation, -O0
UNRESOLVED: objc/execute/enumeration-2.m execution, -O0
FAIL: objc/execute/enumeration-2.m compilation, -O1
UNRESOLVED: objc/execute/enumeration-2.m execution, -O1
FAIL: objc/execute/enumeration-2.m compilation, -O2
UNRESOLVED: objc/execute/enumeration-2.m execution, -O2
FAIL: objc/execute/enumeration-2.m compilation, -O3 -fomit-frame-pointer
UNRESOLVED: objc/execute/enumeration-2.m execution, -O3 -fomit-frame-pointer
FAIL: objc/execute/enumeration-2.m compilation, -O3 -g
UNRESOLVED: objc/execute/enumeration-2.m execution, -O3 -g
FAIL: objc/execute/enumeration-2.m compilation, -Os
UNRESOLVED: objc/execute/enumeration-2.m execution, -Os
FAIL: objc/execute/fdecl.m compilation, -O0
UNRESOLVED: objc/execute/fdecl.m execution, -O0
FAIL: objc/execute/fdecl.m compilation, -O1
UNRESOLVED: objc/execute/fdecl.m execution, -O1
FAIL: objc/execute/fdecl.m compilation, -O2
UNRESOLVED: objc/execute/fdecl.m execution, -O2
FAIL: objc/execute/fdecl.m compilation, -O3 -fomit-frame-pointer
UNRESOLVED: objc/execute/fdecl.m execution, -O3 -fomit-frame-pointer
FAIL: objc/execute/fdecl.m compilation, -O3 -g
UNRESOLVED: objc/execute/fdecl.m execution, -O3 -g
FAIL: objc/execute/fdecl.m compilation, -Os
UNRESOLVED: objc/execute/fdecl.m execution, -Os
FAIL: objc/execute/formal_protocol-1.m compilation, -O0
UNRESOLVED: objc/execute/formal_protocol-1.m execution, -O0
FAIL: objc/execute/formal_protocol-1.m compilation, -O1
UNRESOLVED: objc/execute/formal_protocol-1.m execution, -O1
FAIL: objc/execute/formal_protocol-1.m compilation, -O2
UNRESOLVED: objc/execute/formal_protocol-1.m execution, -O2
FAIL: objc/execute/formal_protocol-1.m compilation, -O3 -fomit-frame-pointer
UNRESOLVED: objc/execute/formal_protocol-1.m execution, -O3 -fomit-frame-pointer
FAIL: objc/execute/formal_protocol-1.m compilation, -O3 -g
UNRESOLVED: objc/execute/formal_protocol-1.m execution, -O3 -g
FAIL: objc/execute/formal_protocol-1.m compilation, -Os
UNRESOLVED: objc/execute/formal_protocol-1.m execution, -Os
FAIL: objc/execute/formal_protocol-2.m compilation, -O0
UNRESOLVED: objc/execute/formal_protocol-2.m execution, -O0
FAIL: objc/execute/formal_protocol-2.m compilation, -O1
UNRESOLVED: objc/execute/formal_protocol-2.m execution, -O1
FAIL: objc/execute/formal_protocol-2.m compilation, -O2
UNRESOLVED: objc/execute/formal_protocol-2.m execution, -O2
FAIL: objc/execute/formal_protocol-2.m compilation, -O3 -fomit-frame-pointer
UNRESOLVED: objc/execute/formal_protocol-2.m execution, -O3 -fomit-frame-pointer
FAIL: objc/execute/formal_protocol-2.m compilation, -O3 -g
UNRESOLVED: objc/execute/formal_protocol-2.m execution, -O3 -g
FAIL: objc/execute/formal_protocol-2.m compilation, -Os
UNRESOLVED: objc/execute/formal_protocol-2.m execution, -Os
FAIL: objc/execute/formal_protocol-3.m compilation, -O0
UNRESOLVED: objc/execute/formal_protocol-3.m execution, -O0
FAIL: objc/execute/formal_protocol-3.m compilation, -O1
UNRESOLVED: objc/execute/formal_protocol-3.m execution, -O1
FAIL: objc/execute/formal_protocol-3.m compilation, -O2
UNRESOLVED: objc/execute/formal_protocol-3.m execution, -O2
FAIL: objc/execute/formal_protocol-3.m compilation, -O3 -fomit-frame-pointer
UNRESOLVED: objc/execute/formal_protocol-3.m execution, -O3 -fomit-frame-pointer
FAIL: objc/execute/formal_protocol-3.m compilation, -O3 -g
UNRESOLVED: objc/execute/formal_protocol-3.m execution, -O3 -g
FAIL: objc/execute/formal_protocol-3.m compilation, -Os
UNRESOLVED: objc/execute/formal_protocol-3.m execution, -Os
FAIL: objc/execute/formal_protocol-4.m compilation, -O0
UNRESOLVED: objc/execute/formal_protocol-4.m execution, -O0
FAIL: objc/execute/formal_protocol-4.m compilation, -O1
UNRESOLVED: objc/execute/formal_protocol-4.m execution, -O1
FAIL: objc/execute/formal_protocol-4.m compilation, -O2
UNRESOLVED: objc/execute/formal_protocol-4.m execution, -O2
FAIL: objc/execute/formal_protocol-4.m compilation, -O3 -fomit-frame-pointer
UNRESOLVED: objc/execute/formal_protocol-4.m execution, -O3 -fomit-frame-pointer
FAIL: objc/execute/formal_protocol-4.m compilation, -O3 -g
UNRESOLVED: objc/execute/formal_protocol-4.m execution, -O3 -g
FAIL: objc/execute/formal_protocol-4.m compilation, -Os
UNRESOLVED: objc/execute/formal_protocol-4.m execution, -Os
FAIL: objc/execute/formal_protocol-5.m compilation, -O0
UNRESOLVED: objc/execute/formal_protocol-5.m execution, -O0
FAIL: objc/execute/formal_protocol-5.m compilation, -O1
UNRESOLVED: objc/execute/formal_protocol-5.m execution, -O1
FAIL: objc/execute/formal_protocol-5.m compilation, -O2
UNRESOLVED: objc/execute/formal_protocol-5.m execution, -O2
FAIL: objc/execute/formal_protocol-5.m compilation, -O3 -fomit-frame-pointer
UNRESOLVED: objc/execute/formal_protocol-5.m execution, -O3 -fomit-frame-pointer
FAIL: objc/execute/formal_protocol-5.m compilation, -O3 -g
UNRESOLVED: objc/execute/formal_protocol-5.m execution, -O3 -g
FAIL: objc/execute/formal_protocol-5.m compilation, -Os
UNRESOLVED: objc/execute/formal_protocol-5.m execution, -Os
FAIL: objc/execute/formal_protocol-6.m compilation, -O0
UNRESOLVED: objc/execute/formal_protocol-6.m execution, -O0
FAIL: objc/execute/formal_protocol-6.m compilation, -O1
UNRESOLVED: objc/execute/formal_protocol-6.m execution, -O1
FAIL: objc/execute/formal_protocol-6.m compilation, -O2
UNRESOLVED: objc/execute/formal_protocol-6.m execution, -O2
FAIL: objc/execute/formal_protocol-6.m compilation, -O3 -fomit-frame-pointer
UNRESOLVED: objc/execute/formal_protocol-6.m execution, -O3 -fomit-frame-pointer
FAIL: objc/execute/formal_protocol-6.m compilation, -O3 -g
UNRESOLVED: objc/execute/formal_protocol-6.m execution, -O3 -g
FAIL: objc/execute/formal_protocol-6.m compilation, -Os
UNRESOLVED: objc/execute/formal_protocol-6.m execution, -Os
FAIL: objc/execute/formal_protocol-7.m compilation, -O0
UNRESOLVED: objc/execute/formal_protocol-7.m execution, -O0
FAIL: objc/execute/formal_protocol-7.m compilation, -O1
UNRESOLVED: objc/execute/formal_protocol-7.m execution, -O1
FAIL: objc/execute/formal_protocol-7.m compilation, -O2
UNRESOLVED: objc/execute/formal_protocol-7.m execution, -O2
FAIL: objc/execute/formal_protocol-7.m compilation, -O3 -fomit-frame-pointer
UNRESOLVED: objc/execute/formal_protocol-7.m execution, -O3 -fomit-frame-pointer
FAIL: objc/execute/formal_protocol-7.m compilation, -O3 -g
UNRESOLVED: objc/execute/formal_protocol-7.m execution, -O3 -g
FAIL: objc/execute/formal_protocol-7.m compilation, -Os
UNRESOLVED: objc/execute/formal_protocol-7.m execution, -Os
FAIL: objc/execute/function-message-1.m compilation, -O0
UNRESOLVED: objc/execute/function-message-1.m execution, -O0
FAIL: objc/execute/function-message-1.m compilation, -O1
UNRESOLVED: objc/execute/function-message-1.m execution, -O1
FAIL: objc/execute/function-message-1.m compilation, -O2
UNRESOLVED: objc/execute/function-message-1.m execution, -O2
FAIL: objc/execute/function-message-1.m compilation, -O3 -fomit-frame-pointer
UNRESOLVED: objc/execute/function-message-1.m execution, -O3 -fomit-frame-pointer
FAIL: objc/execute/function-message-1.m compilation, -O3 -g
UNRESOLVED: objc/execute/function-message-1.m execution, -O3 -g
FAIL: objc/execute/function-message-1.m compilation, -Os
UNRESOLVED: objc/execute/function-message-1.m execution, -Os
FAIL: objc/execute/informal_protocol.m compilation, -O0
UNRESOLVED: objc/execute/informal_protocol.m execution, -O0
FAIL: objc/execute/informal_protocol.m compilation, -O1
UNRESOLVED: objc/execute/informal_protocol.m execution, -O1
FAIL: objc/execute/informal_protocol.m compilation, -O2
UNRESOLVED: objc/execute/informal_protocol.m execution, -O2
FAIL: objc/execute/informal_protocol.m compilation, -O3 -fomit-frame-pointer
UNRESOLVED: objc/execute/informal_protocol.m execution, -O3 -fomit-frame-pointer
FAIL: objc/execute/informal_protocol.m compilation, -O3 -g
UNRESOLVED: objc/execute/informal_protocol.m execution, -O3 -g
FAIL: objc/execute/informal_protocol.m compilation, -Os
UNRESOLVED: objc/execute/informal_protocol.m execution, -Os
FAIL: objc/execute/initialize.m compilation, -O0
UNRESOLVED: objc/execute/initialize.m execution, -O0
FAIL: objc/execute/initialize.m compilation, -O1
UNRESOLVED: objc/execute/initialize.m execution, -O1
FAIL: objc/execute/initialize.m compilation, -O2
UNRESOLVED: objc/execute/initialize.m execution, -O2
FAIL: objc/execute/initialize.m compilation, -O3 -fomit-frame-pointer
UNRESOLVED: objc/execute/initialize.m execution, -O3 -fomit-frame-pointer
FAIL: objc/execute/initialize.m compilation, -O3 -g
UNRESOLVED: objc/execute/initialize.m execution, -O3 -g
FAIL: objc/execute/initialize.m compilation, -Os
UNRESOLVED: objc/execute/initialize.m execution, -Os
FAIL: objc/execute/load-2.m compilation, -O0
UNRESOLVED: objc/execute/load-2.m execution, -O0
FAIL: objc/execute/load-2.m compilation, -O1
UNRESOLVED: objc/execute/load-2.m execution, -O1
FAIL: objc/execute/load-2.m compilation, -O2
UNRESOLVED: objc/execute/load-2.m execution, -O2
FAIL: objc/execute/load-2.m compilation, -O3 -fomit-frame-pointer
UNRESOLVED: objc/execute/load-2.m execution, -O3 -fomit-frame-pointer
FAIL: objc/execute/load-2.m compilation, -O3 -g
UNRESOLVED: objc/execute/load-2.m execution, -O3 -g
FAIL: objc/execute/load-2.m compilation, -Os
UNRESOLVED: objc/execute/load-2.m execution, -Os
FAIL: objc/execute/load-3.m compilation, -O0
UNRESOLVED: objc/execute/load-3.m execution, -O0
FAIL: objc/execute/load-3.m compilation, -O1
UNRESOLVED: objc/execute/load-3.m execution, -O1
FAIL: objc/execute/load-3.m compilation, -O2
UNRESOLVED: objc/execute/load-3.m execution, -O2
FAIL: objc/execute/load-3.m compilation, -O3 -fomit-frame-pointer
UNRESOLVED: objc/execute/load-3.m execution, -O3 -fomit-frame-pointer
FAIL: objc/execute/load-3.m compilation, -O3 -fomit-frame-pointer -funroll-loops
UNRESOLVED: objc/execute/load-3.m execution, -O3 -fomit-frame-pointer -funroll-loops
FAIL: objc/execute/load-3.m compilation, -O3 -fomit-frame-pointer -funroll-all-loops -finline-functions
UNRESOLVED: objc/execute/load-3.m execution, -O3 -fomit-frame-pointer -funroll-all-loops -finline-functions
FAIL: objc/execute/load-3.m compilation, -O3 -g
UNRESOLVED: objc/execute/load-3.m execution, -O3 -g
FAIL: objc/execute/load-3.m compilation, -Os
UNRESOLVED: objc/execute/load-3.m execution, -Os
FAIL: objc/execute/load.m compilation, -O0
UNRESOLVED: objc/execute/load.m execution, -O0
FAIL: objc/execute/load.m compilation, -O1
UNRESOLVED: objc/execute/load.m execution, -O1
FAIL: objc/execute/load.m compilation, -O2
UNRESOLVED: objc/execute/load.m execution, -O2
FAIL: objc/execute/load.m compilation, -O3 -fomit-frame-pointer
UNRESOLVED: objc/execute/load.m execution, -O3 -fomit-frame-pointer
FAIL: objc/execute/load.m compilation, -O3 -g
UNRESOLVED: objc/execute/load.m execution, -O3 -g
FAIL: objc/execute/load.m compilation, -Os
UNRESOLVED: objc/execute/load.m execution, -Os
FAIL: objc/execute/many_args_method.m compilation, -O0
UNRESOLVED: objc/execute/many_args_method.m execution, -O0
FAIL: objc/execute/many_args_method.m compilation, -O1
UNRESOLVED: objc/execute/many_args_method.m execution, -O1
FAIL: objc/execute/many_args_method.m compilation, -O2
UNRESOLVED: objc/execute/many_args_method.m execution, -O2
FAIL: objc/execute/many_args_method.m compilation, -O3 -fomit-frame-pointer
UNRESOLVED: objc/execute/many_args_method.m execution, -O3 -fomit-frame-pointer
FAIL: objc/execute/many_args_method.m compilation, -O3 -g
UNRESOLVED: objc/execute/many_args_method.m execution, -O3 -g
FAIL: objc/execute/many_args_method.m compilation, -Os
UNRESOLVED: objc/execute/many_args_method.m execution, -Os
FAIL: objc/execute/nested-1.m compilation, -O0
UNRESOLVED: objc/execute/nested-1.m execution, -O0
FAIL: objc/execute/nested-1.m compilation, -O1
UNRESOLVED: objc/execute/nested-1.m execution, -O1
FAIL: objc/execute/nested-1.m compilation, -O2
UNRESOLVED: objc/execute/nested-1.m execution, -O2
FAIL: objc/execute/nested-1.m compilation, -O3 -fomit-frame-pointer
UNRESOLVED: objc/execute/nested-1.m execution, -O3 -fomit-frame-pointer
FAIL: objc/execute/nested-1.m compilation, -O3 -g
UNRESOLVED: objc/execute/nested-1.m execution, -O3 -g
FAIL: objc/execute/nested-1.m compilation, -Os
UNRESOLVED: objc/execute/nested-1.m execution, -Os
FAIL: objc/execute/nested-2.m compilation, -O0
UNRESOLVED: objc/execute/nested-2.m execution, -O0
FAIL: objc/execute/nested-2.m compilation, -O1
UNRESOLVED: objc/execute/nested-2.m execution, -O1
FAIL: objc/execute/nested-2.m compilation, -O2
UNRESOLVED: objc/execute/nested-2.m execution, -O2
FAIL: objc/execute/nested-2.m compilation, -O3 -fomit-frame-pointer
UNRESOLVED: objc/execute/nested-2.m execution, -O3 -fomit-frame-pointer
FAIL: objc/execute/nested-2.m compilation, -O3 -g
UNRESOLVED: objc/execute/nested-2.m execution, -O3 -g
FAIL: objc/execute/nested-2.m compilation, -Os
UNRESOLVED: objc/execute/nested-2.m execution, -Os
FAIL: objc/execute/nested-3.m compilation, -O0
UNRESOLVED: objc/execute/nested-3.m execution, -O0
FAIL: objc/execute/nested-3.m compilation, -O1
UNRESOLVED: objc/execute/nested-3.m execution, -O1
FAIL: objc/execute/nested-3.m compilation, -O2
UNRESOLVED: objc/execute/nested-3.m execution, -O2
FAIL: objc/execute/nested-3.m compilation, -O3 -fomit-frame-pointer
UNRESOLVED: objc/execute/nested-3.m execution, -O3 -fomit-frame-pointer
FAIL: objc/execute/nested-3.m compilation, -O3 -g
UNRESOLVED: objc/execute/nested-3.m execution, -O3 -g
FAIL: objc/execute/nested-3.m compilation, -Os
UNRESOLVED: objc/execute/nested-3.m execution, -Os
FAIL: objc/execute/nil_method-1.m compilation, -O0
UNRESOLVED: objc/execute/nil_method-1.m execution, -O0
FAIL: objc/execute/nil_method-1.m compilation, -O1
UNRESOLVED: objc/execute/nil_method-1.m execution, -O1
FAIL: objc/execute/nil_method-1.m compilation, -O2
UNRESOLVED: objc/execute/nil_method-1.m execution, -O2
FAIL: objc/execute/nil_method-1.m compilation, -O3 -fomit-frame-pointer
UNRESOLVED: objc/execute/nil_method-1.m execution, -O3 -fomit-frame-pointer
FAIL: objc/execute/nil_method-1.m compilation, -O3 -g
UNRESOLVED: objc/execute/nil_method-1.m execution, -O3 -g
FAIL: objc/execute/nil_method-1.m compilation, -Os
UNRESOLVED: objc/execute/nil_method-1.m execution, -Os
FAIL: objc/execute/no_clash.m compilation, -O0
UNRESOLVED: objc/execute/no_clash.m execution, -O0
FAIL: objc/execute/no_clash.m compilation, -O1
UNRESOLVED: objc/execute/no_clash.m execution, -O1
FAIL: objc/execute/no_clash.m compilation, -O2
UNRESOLVED: objc/execute/no_clash.m execution, -O2
FAIL: objc/execute/no_clash.m compilation, -O3 -fomit-frame-pointer
UNRESOLVED: objc/execute/no_clash.m execution, -O3 -fomit-frame-pointer
FAIL: objc/execute/no_clash.m compilation, -O3 -g
UNRESOLVED: objc/execute/no_clash.m execution, -O3 -g
FAIL: objc/execute/no_clash.m compilation, -Os
UNRESOLVED: objc/execute/no_clash.m execution, -Os
FAIL: objc/execute/np-1.m compilation, -O0
UNRESOLVED: objc/execute/np-1.m execution, -O0
FAIL: objc/execute/np-1.m compilation, -O1
UNRESOLVED: objc/execute/np-1.m execution, -O1
FAIL: objc/execute/np-1.m compilation, -O2
UNRESOLVED: objc/execute/np-1.m execution, -O2
FAIL: objc/execute/np-1.m compilation, -O3 -fomit-frame-pointer
UNRESOLVED: objc/execute/np-1.m execution, -O3 -fomit-frame-pointer
FAIL: objc/execute/np-1.m compilation, -O3 -g
UNRESOLVED: objc/execute/np-1.m execution, -O3 -g
FAIL: objc/execute/np-1.m compilation, -Os
UNRESOLVED: objc/execute/np-1.m execution, -Os
FAIL: objc/execute/np-2.m compilation, -O0
UNRESOLVED: objc/execute/np-2.m execution, -O0
FAIL: objc/execute/np-2.m compilation, -O1
UNRESOLVED: objc/execute/np-2.m execution, -O1
FAIL: objc/execute/np-2.m compilation, -O2
UNRESOLVED: objc/execute/np-2.m execution, -O2
FAIL: objc/execute/np-2.m compilation, -O3 -fomit-frame-pointer
UNRESOLVED: objc/execute/np-2.m execution, -O3 -fomit-frame-pointer
FAIL: objc/execute/np-2.m compilation, -O3 -g
UNRESOLVED: objc/execute/np-2.m execution, -O3 -g
FAIL: objc/execute/np-2.m compilation, -Os
UNRESOLVED: objc/execute/np-2.m execution, -Os
FAIL: objc/execute/object_is_class.m compilation, -O0
UNRESOLVED: objc/execute/object_is_class.m execution, -O0
FAIL: objc/execute/object_is_class.m compilation, -O1
UNRESOLVED: objc/execute/object_is_class.m execution, -O1
FAIL: objc/execute/object_is_class.m compilation, -O2
UNRESOLVED: objc/execute/object_is_class.m execution, -O2
FAIL: objc/execute/object_is_class.m compilation, -O3 -fomit-frame-pointer
UNRESOLVED: objc/execute/object_is_class.m execution, -O3 -fomit-frame-pointer
FAIL: objc/execute/object_is_class.m compilation, -O3 -g
UNRESOLVED: objc/execute/object_is_class.m execution, -O3 -g
FAIL: objc/execute/object_is_class.m compilation, -Os
UNRESOLVED: objc/execute/object_is_class.m execution, -Os
FAIL: objc/execute/object_is_meta_class.m compilation, -O0
UNRESOLVED: objc/execute/object_is_meta_class.m execution, -O0
FAIL: objc/execute/object_is_meta_class.m compilation, -O1
UNRESOLVED: objc/execute/object_is_meta_class.m execution, -O1
FAIL: objc/execute/object_is_meta_class.m compilation, -O2
UNRESOLVED: objc/execute/object_is_meta_class.m execution, -O2
FAIL: objc/execute/object_is_meta_class.m compilation, -O3 -fomit-frame-pointer
UNRESOLVED: objc/execute/object_is_meta_class.m execution, -O3 -fomit-frame-pointer
FAIL: objc/execute/object_is_meta_class.m compilation, -O3 -g
UNRESOLVED: objc/execute/object_is_meta_class.m execution, -O3 -g
FAIL: objc/execute/object_is_meta_class.m compilation, -Os
UNRESOLVED: objc/execute/object_is_meta_class.m execution, -Os
FAIL: objc/execute/private.m compilation, -O0
UNRESOLVED: objc/execute/private.m execution, -O0
FAIL: objc/execute/private.m compilation, -O1
UNRESOLVED: objc/execute/private.m execution, -O1
FAIL: objc/execute/private.m compilation, -O2
UNRESOLVED: objc/execute/private.m execution, -O2
FAIL: objc/execute/private.m compilation, -O3 -fomit-frame-pointer
UNRESOLVED: objc/execute/private.m execution, -O3 -fomit-frame-pointer
FAIL: objc/execute/private.m compilation, -O3 -g
UNRESOLVED: objc/execute/private.m execution, -O3 -g
FAIL: objc/execute/private.m compilation, -Os
UNRESOLVED: objc/execute/private.m execution, -Os
FAIL: objc/execute/protocol-isEqual-1.m compilation, -O0
UNRESOLVED: objc/execute/protocol-isEqual-1.m execution, -O0
FAIL: objc/execute/protocol-isEqual-1.m compilation, -O1
UNRESOLVED: objc/execute/protocol-isEqual-1.m execution, -O1
FAIL: objc/execute/protocol-isEqual-1.m compilation, -O2
UNRESOLVED: objc/execute/protocol-isEqual-1.m execution, -O2
FAIL: objc/execute/protocol-isEqual-1.m compilation, -O3 -fomit-frame-pointer
UNRESOLVED: objc/execute/protocol-isEqual-1.m execution, -O3 -fomit-frame-pointer
FAIL: objc/execute/protocol-isEqual-1.m compilation, -O3 -g
UNRESOLVED: objc/execute/protocol-isEqual-1.m execution, -O3 -g
FAIL: objc/execute/protocol-isEqual-1.m compilation, -Os
UNRESOLVED: objc/execute/protocol-isEqual-1.m execution, -Os
FAIL: objc/execute/protocol-isEqual-2.m compilation, -O0
UNRESOLVED: objc/execute/protocol-isEqual-2.m execution, -O0
FAIL: objc/execute/protocol-isEqual-2.m compilation, -O1
UNRESOLVED: objc/execute/protocol-isEqual-2.m execution, -O1
FAIL: objc/execute/protocol-isEqual-2.m compilation, -O2
UNRESOLVED: objc/execute/protocol-isEqual-2.m execution, -O2
FAIL: objc/execute/protocol-isEqual-2.m compilation, -O3 -fomit-frame-pointer
UNRESOLVED: objc/execute/protocol-isEqual-2.m execution, -O3 -fomit-frame-pointer
FAIL: objc/execute/protocol-isEqual-2.m compilation, -O3 -g
UNRESOLVED: objc/execute/protocol-isEqual-2.m execution, -O3 -g
FAIL: objc/execute/protocol-isEqual-2.m compilation, -Os
UNRESOLVED: objc/execute/protocol-isEqual-2.m execution, -Os
FAIL: objc/execute/protocol-isEqual-3.m compilation, -O0
UNRESOLVED: objc/execute/protocol-isEqual-3.m execution, -O0
FAIL: objc/execute/protocol-isEqual-3.m compilation, -O1
UNRESOLVED: objc/execute/protocol-isEqual-3.m execution, -O1
FAIL: objc/execute/protocol-isEqual-3.m compilation, -O2
UNRESOLVED: objc/execute/protocol-isEqual-3.m execution, -O2
FAIL: objc/execute/protocol-isEqual-3.m compilation, -O3 -fomit-frame-pointer
UNRESOLVED: objc/execute/protocol-isEqual-3.m execution, -O3 -fomit-frame-pointer
FAIL: objc/execute/protocol-isEqual-3.m compilation, -O3 -g
UNRESOLVED: objc/execute/protocol-isEqual-3.m execution, -O3 -g
FAIL: objc/execute/protocol-isEqual-3.m compilation, -Os
UNRESOLVED: objc/execute/protocol-isEqual-3.m execution, -Os
FAIL: objc/execute/protocol-isEqual-4.m compilation, -O0
UNRESOLVED: objc/execute/protocol-isEqual-4.m execution, -O0
FAIL: objc/execute/protocol-isEqual-4.m compilation, -O1
UNRESOLVED: objc/execute/protocol-isEqual-4.m execution, -O1
FAIL: objc/execute/protocol-isEqual-4.m compilation, -O2
UNRESOLVED: objc/execute/protocol-isEqual-4.m execution, -O2
FAIL: objc/execute/protocol-isEqual-4.m compilation, -O3 -fomit-frame-pointer
UNRESOLVED: objc/execute/protocol-isEqual-4.m execution, -O3 -fomit-frame-pointer
FAIL: objc/execute/protocol-isEqual-4.m compilation, -O3 -g
UNRESOLVED: objc/execute/protocol-isEqual-4.m execution, -O3 -g
FAIL: objc/execute/protocol-isEqual-4.m compilation, -Os
UNRESOLVED: objc/execute/protocol-isEqual-4.m execution, -Os
FAIL: objc/execute/protocol.m compilation, -O0
UNRESOLVED: objc/execute/protocol.m execution, -O0
FAIL: objc/execute/protocol.m compilation, -O1
UNRESOLVED: objc/execute/protocol.m execution, -O1
FAIL: objc/execute/protocol.m compilation, -O2
UNRESOLVED: objc/execute/protocol.m execution, -O2
FAIL: objc/execute/protocol.m compilation, -O3 -fomit-frame-pointer
UNRESOLVED: objc/execute/protocol.m execution, -O3 -fomit-frame-pointer
FAIL: objc/execute/protocol.m compilation, -O3 -g
UNRESOLVED: objc/execute/protocol.m execution, -O3 -g
FAIL: objc/execute/protocol.m compilation, -Os
UNRESOLVED: objc/execute/protocol.m execution, -Os
FAIL: objc/execute/redefining_self.m compilation, -O0
UNRESOLVED: objc/execute/redefining_self.m execution, -O0
FAIL: objc/execute/redefining_self.m compilation, -O1
UNRESOLVED: objc/execute/redefining_self.m execution, -O1
FAIL: objc/execute/redefining_self.m compilation, -O2
UNRESOLVED: objc/execute/redefining_self.m execution, -O2
FAIL: objc/execute/redefining_self.m compilation, -O3 -fomit-frame-pointer
UNRESOLVED: objc/execute/redefining_self.m execution, -O3 -fomit-frame-pointer
FAIL: objc/execute/redefining_self.m compilation, -O3 -g
UNRESOLVED: objc/execute/redefining_self.m execution, -O3 -g
FAIL: objc/execute/redefining_self.m compilation, -Os
UNRESOLVED: objc/execute/redefining_self.m execution, -Os
FAIL: objc/execute/root_methods.m compilation, -O0
UNRESOLVED: objc/execute/root_methods.m execution, -O0
FAIL: objc/execute/root_methods.m compilation, -O1
UNRESOLVED: objc/execute/root_methods.m execution, -O1
FAIL: objc/execute/root_methods.m compilation, -O2
UNRESOLVED: objc/execute/root_methods.m execution, -O2
FAIL: objc/execute/root_methods.m compilation, -O3 -fomit-frame-pointer
UNRESOLVED: objc/execute/root_methods.m execution, -O3 -fomit-frame-pointer
FAIL: objc/execute/root_methods.m compilation, -O3 -g
UNRESOLVED: objc/execute/root_methods.m execution, -O3 -g
FAIL: objc/execute/root_methods.m compilation, -Os
UNRESOLVED: objc/execute/root_methods.m execution, -Os
FAIL: objc/execute/selector-1.m compilation, -O0
UNRESOLVED: objc/execute/selector-1.m execution, -O0
FAIL: objc/execute/selector-1.m compilation, -O1
UNRESOLVED: objc/execute/selector-1.m execution, -O1
FAIL: objc/execute/selector-1.m compilation, -O2
UNRESOLVED: objc/execute/selector-1.m execution, -O2
FAIL: objc/execute/selector-1.m compilation, -O3 -fomit-frame-pointer
UNRESOLVED: objc/execute/selector-1.m execution, -O3 -fomit-frame-pointer
FAIL: objc/execute/selector-1.m compilation, -O3 -g
UNRESOLVED: objc/execute/selector-1.m execution, -O3 -g
FAIL: objc/execute/selector-1.m compilation, -Os
UNRESOLVED: objc/execute/selector-1.m execution, -Os
FAIL: objc/execute/static-1.m compilation, -O0
UNRESOLVED: objc/execute/static-1.m execution, -O0
FAIL: objc/execute/static-1.m compilation, -O1
UNRESOLVED: objc/execute/static-1.m execution, -O1
FAIL: objc/execute/static-1.m compilation, -O2
UNRESOLVED: objc/execute/static-1.m execution, -O2
FAIL: objc/execute/static-1.m compilation, -O3 -fomit-frame-pointer
UNRESOLVED: objc/execute/static-1.m execution, -O3 -fomit-frame-pointer
FAIL: objc/execute/static-1.m compilation, -O3 -g
UNRESOLVED: objc/execute/static-1.m execution, -O3 -g
FAIL: objc/execute/static-1.m compilation, -Os
UNRESOLVED: objc/execute/static-1.m execution, -Os
FAIL: objc/execute/static-2.m compilation, -O0
UNRESOLVED: objc/execute/static-2.m execution, -O0
FAIL: objc/execute/static-2.m compilation, -O1
UNRESOLVED: objc/execute/static-2.m execution, -O1
FAIL: objc/execute/static-2.m compilation, -O2
UNRESOLVED: objc/execute/static-2.m execution, -O2
FAIL: objc/execute/static-2.m compilation, -O3 -fomit-frame-pointer
UNRESOLVED: objc/execute/static-2.m execution, -O3 -fomit-frame-pointer
FAIL: objc/execute/static-2.m compilation, -O3 -g
UNRESOLVED: objc/execute/static-2.m execution, -O3 -g
FAIL: objc/execute/static-2.m compilation, -Os
UNRESOLVED: objc/execute/static-2.m execution, -Os
FAIL: objc/execute/string1.m compilation, -O0
UNRESOLVED: objc/execute/string1.m execution, -O0
FAIL: objc/execute/string1.m compilation, -O1
UNRESOLVED: objc/execute/string1.m execution, -O1
FAIL: objc/execute/string1.m compilation, -O2
UNRESOLVED: objc/execute/string1.m execution, -O2
FAIL: objc/execute/string1.m compilation, -O3 -fomit-frame-pointer
UNRESOLVED: objc/execute/string1.m execution, -O3 -fomit-frame-pointer
FAIL: objc/execute/string1.m compilation, -O3 -g
UNRESOLVED: objc/execute/string1.m execution, -O3 -g
FAIL: objc/execute/string1.m compilation, -Os
UNRESOLVED: objc/execute/string1.m execution, -Os
FAIL: objc/execute/string2.m compilation, -O0
UNRESOLVED: objc/execute/string2.m execution, -O0
FAIL: objc/execute/string2.m compilation, -O1
UNRESOLVED: objc/execute/string2.m execution, -O1
FAIL: objc/execute/string2.m compilation, -O2
UNRESOLVED: objc/execute/string2.m execution, -O2
FAIL: objc/execute/string2.m compilation, -O3 -fomit-frame-pointer
UNRESOLVED: objc/execute/string2.m execution, -O3 -fomit-frame-pointer
FAIL: objc/execute/string2.m compilation, -O3 -g
UNRESOLVED: objc/execute/string2.m execution, -O3 -g
FAIL: objc/execute/string2.m compilation, -Os
UNRESOLVED: objc/execute/string2.m execution, -Os
FAIL: objc/execute/string3.m compilation, -O0
UNRESOLVED: objc/execute/string3.m execution, -O0
FAIL: objc/execute/string3.m compilation, -O1
UNRESOLVED: objc/execute/string3.m execution, -O1
FAIL: objc/execute/string3.m compilation, -O2
UNRESOLVED: objc/execute/string3.m execution, -O2
FAIL: objc/execute/string3.m compilation, -O3 -fomit-frame-pointer
UNRESOLVED: objc/execute/string3.m execution, -O3 -fomit-frame-pointer
FAIL: objc/execute/string3.m compilation, -O3 -g
UNRESOLVED: objc/execute/string3.m execution, -O3 -g
FAIL: objc/execute/string3.m compilation, -Os
UNRESOLVED: objc/execute/string3.m execution, -Os
FAIL: objc/execute/string4.m compilation, -O0
UNRESOLVED: objc/execute/string4.m execution, -O0
FAIL: objc/execute/string4.m compilation, -O1
UNRESOLVED: objc/execute/string4.m execution, -O1
FAIL: objc/execute/string4.m compilation, -O2
UNRESOLVED: objc/execute/string4.m execution, -O2
FAIL: objc/execute/string4.m compilation, -O3 -fomit-frame-pointer
UNRESOLVED: objc/execute/string4.m execution, -O3 -fomit-frame-pointer
FAIL: objc/execute/string4.m compilation, -O3 -g
UNRESOLVED: objc/execute/string4.m execution, -O3 -g
FAIL: objc/execute/string4.m compilation, -Os
UNRESOLVED: objc/execute/string4.m execution, -Os
FAIL: objc/execute/va_method.m compilation, -O0
UNRESOLVED: objc/execute/va_method.m execution, -O0
FAIL: objc/execute/va_method.m compilation, -O1
UNRESOLVED: objc/execute/va_method.m execution, -O1
FAIL: objc/execute/va_method.m compilation, -O2
UNRESOLVED: objc/execute/va_method.m execution, -O2
FAIL: objc/execute/va_method.m compilation, -O3 -fomit-frame-pointer
UNRESOLVED: objc/execute/va_method.m execution, -O3 -fomit-frame-pointer
FAIL: objc/execute/va_method.m compilation, -O3 -fomit-frame-pointer -funroll-loops
UNRESOLVED: objc/execute/va_method.m execution, -O3 -fomit-frame-pointer -funroll-loops
FAIL: objc/execute/va_method.m compilation, -O3 -fomit-frame-pointer -funroll-all-loops -finline-functions
UNRESOLVED: objc/execute/va_method.m execution, -O3 -fomit-frame-pointer -funroll-all-loops -finline-functions
FAIL: objc/execute/va_method.m compilation, -O3 -g
UNRESOLVED: objc/execute/va_method.m execution, -O3 -g
FAIL: objc/execute/va_method.m compilation, -Os
UNRESOLVED: objc/execute/va_method.m execution, -Os
FAIL: objc.dg/bitfield-1.m (test for excess errors)
WARNING: objc.dg/bitfield-1.m compilation failed to produce executable
FAIL: objc.dg/bitfield-3.m (test for excess errors)
WARNING: objc.dg/bitfield-3.m compilation failed to produce executable
FAIL: objc.dg/call-super-1.m (test for excess errors)
WARNING: objc.dg/call-super-1.m compilation failed to produce executable
FAIL: objc.dg/call-super-3.m (test for excess errors)
WARNING: objc.dg/call-super-3.m compilation failed to produce executable
FAIL: objc.dg/category-1.m (test for excess errors)
WARNING: objc.dg/category-1.m compilation failed to produce executable
FAIL: objc.dg/defs.m (test for excess errors)
WARNING: objc.dg/defs.m compilation failed to produce executable
FAIL: objc.dg/desig-init-1.m (test for excess errors)
WARNING: objc.dg/desig-init-1.m compilation failed to produce executable
FAIL: objc.dg/encode-1.m (test for excess errors)
WARNING: objc.dg/encode-1.m compilation failed to produce executable
FAIL: objc.dg/encode-2.m (test for excess errors)
WARNING: objc.dg/encode-2.m compilation failed to produce executable
FAIL: objc.dg/encode-3.m (test for excess errors)
WARNING: objc.dg/encode-3.m compilation failed to produce executable
FAIL: objc.dg/encode-4.m (test for excess errors)
WARNING: objc.dg/encode-4.m compilation failed to produce executable
FAIL: objc.dg/func-ptr-1.m (test for excess errors)
WARNING: objc.dg/func-ptr-1.m compilation failed to produce executable
FAIL: objc.dg/func-ptr-2.m (test for excess errors)
WARNING: objc.dg/func-ptr-2.m compilation failed to produce executable
FAIL: objc.dg/method-10.m (test for excess errors)
WARNING: objc.dg/method-10.m compilation failed to produce executable
FAIL: objc.dg/method-13.m (test for excess errors)
WARNING: objc.dg/method-13.m compilation failed to produce executable
FAIL: objc.dg/method-3.m (test for excess errors)
WARNING: objc.dg/method-3.m compilation failed to produce executable
FAIL: objc.dg/nested-func-1.m (test for excess errors)
WARNING: objc.dg/nested-func-1.m compilation failed to produce executable
FAIL: objc.dg/proto-lossage-3.m (test for excess errors)
WARNING: objc.dg/proto-lossage-3.m compilation failed to produce executable
FAIL: objc.dg/proto-qual-1.m (test for excess errors)
WARNING: objc.dg/proto-qual-1.m compilation failed to produce executable
FAIL: objc.dg/sizeof-1.m (test for excess errors)
WARNING: objc.dg/sizeof-1.m compilation failed to produce executable
FAIL: objc.dg/stret-1.m (test for excess errors)
WARNING: objc.dg/stret-1.m compilation failed to produce executable
FAIL: objc.dg/super-class-3.m (test for excess errors)
WARNING: objc.dg/super-class-3.m compilation failed to produce executable
FAIL: objc.dg/try-catch-2.m (test for excess errors)
WARNING: objc.dg/try-catch-2.m compilation failed to produce executable
FAIL: objc.dg/type-size-2.m (test for excess errors)
WARNING: objc.dg/type-size-2.m compilation failed to produce executable
FAIL: objc.dg/va-meth-1.m (test for excess errors)
WARNING: objc.dg/va-meth-1.m compilation failed to produce executable
FAIL: objc.dg/special/unclaimed-category-1.m unclaimed-category-1a.o (test for excess errors)
WARNING: objc.dg/special/unclaimed-category-1.m unclaimed-category-1a.o compilation failed to produce executable
=== objc Summary for unix/-m64 ===
# of expected passes 418
# of unexpected failures 558
# of unresolved testcases 532
# of unsupported tests 12
=== objc Summary ===
# of expected passes 836
# of unexpected failures 1116
# of unresolved testcases 1064
# of unsupported tests 24
/home/jgrimm/build/nightly/build-gcc-mline/gcc/xgcc version 4.1.0 20050517 (experimental)
=== libmudflap tests ===
Running target unix/-m32
FAIL: libmudflap.cth/pass40-frag.c execution test
FAIL: libmudflap.cth/pass40-frag.c output pattern test
FAIL: libmudflap.cth/pass40-frag.c (-O2) execution test
FAIL: libmudflap.cth/pass40-frag.c (-O2) output pattern test
FAIL: libmudflap.cth/pass40-frag.c (-O3) execution test
FAIL: libmudflap.cth/pass40-frag.c (-O3) output pattern test
=== libmudflap Summary for unix/-m32 ===
# of expected passes 1325
# of unexpected failures 6
Running target unix/-m64
FAIL: libmudflap.c/fail27-frag.c output pattern test
FAIL: libmudflap.c/fail27-frag.c (-O2) output pattern test
FAIL: libmudflap.c/fail27-frag.c (-O3) output pattern test
=== libmudflap Summary for unix/-m64 ===
# of expected passes 1328
# of unexpected failures 3
=== libmudflap Summary ===
# of expected passes 2653
# of unexpected failures 9
=== libstdc++ tests ===
Running target unix/-m32
XPASS: 26_numerics/cmath/c99_classification_macros_c.cc (test for excess errors)
XPASS: ext/array_allocator/2.cc execution test
=== libstdc++ Summary for unix/-m32 ===
# of expected passes 3640
# of unexpected successes 2
# of expected failures 12
Running target unix/-m64
FAIL: 22_locale/messages/members/char/1.cc execution test
FAIL: 22_locale/messages/members/char/2.cc execution test
FAIL: 22_locale/messages/members/char/wrapped_env.cc execution test
FAIL: 22_locale/messages/members/char/wrapped_locale.cc execution test
FAIL: 22_locale/messages_byname/named_equivalence.cc execution test
XPASS: 26_numerics/cmath/c99_classification_macros_c.cc (test for excess errors)
XPASS: 27_io/fpos/14320-1.cc execution test
XPASS: ext/array_allocator/2.cc execution test
=== libstdc++ Summary for unix/-m64 ===
# of expected passes 3635
# of unexpected failures 5
# of unexpected successes 3
# of expected failures 11
=== libstdc++ Summary ===
# of expected passes 7275
# of unexpected failures 5
# of unexpected successes 5
# of expected failures 23
Compiler version: 4.1.0 20050517 (experimental)
Platform: powerpc64-unknown-linux-gnu
configure flags: --prefix=/home/jgrimm/opt/gcc-nightly/mline-20050518 --build=powerpc64-linux --host=powerpc64-linux --target=powerpc64-linux --with-cpu=default32 --with-as=/home/jgrimm/tools/binutils/bin/as --with-ld=/home/jgrimm/tools/binutils/bin/ld --enable-threads=posix --enable-shared --enable-__cxa_atexit --with-mpfr=/home/jgrimm/opt/gcc-nightly/gmp32 --enable-languages=c,c++,f95,objc