This is the mail archive of the
gcc-testresults@gcc.gnu.org
mailing list for the GCC project.
Results for 4.1.0 20050517 (experimental) testsuite on i686-pc-linux-gnu
- From: CodeSourcery Automatic Testing System <gcc at codesourcery dot com>
- To: gcc-testresults at gcc dot gnu dot org
- Date: Tue, 17 May 2005 03:49:18 -0700
- Subject: Results for 4.1.0 20050517 (experimental) testsuite on i686-pc-linux-gnu
LAST_UPDATED: Tue May 17 08:51:05 UTC 2005
Native configuration is i686-pc-linux-gnu
=== g++ tests ===
Running target unix
=== g++ Summary ===
# of expected passes 11058
# of expected failures 66
# of unsupported tests 61
/scratch/gcc/nightly-2005-05-17-mainline/i686-pc-linux-gnu/build_gcc/build/gcc-mainline-2005-05-17-nightly-i686-pc-linux-gnu-i686-pc-linux-gnu/gcc/testsuite/../g++ version 4.1.0 20050517 (experimental)
=== gcc tests ===
Running target unix
FAIL: gcc.c-torture/execute/20031215-1.c compilation, -O2
UNRESOLVED: gcc.c-torture/execute/20031215-1.c execution, -O2
FAIL: gcc.c-torture/execute/20031215-1.c compilation, -O3 -fomit-frame-pointer
UNRESOLVED: gcc.c-torture/execute/20031215-1.c execution, -O3 -fomit-frame-pointer
FAIL: gcc.c-torture/execute/20031215-1.c compilation, -O3 -g
UNRESOLVED: gcc.c-torture/execute/20031215-1.c execution, -O3 -g
FAIL: gcc.c-torture/execute/20031215-1.c compilation, -Os
UNRESOLVED: gcc.c-torture/execute/20031215-1.c execution, -Os
XPASS: gcc.dg/uninit-9.c uninitialized variable warning (test for bogus messages, line 26)
XPASS: gcc.dg/vect/vect-22.c scan-tree-dump-times vectorized 3 loops 1
XPASS: gcc.dg/vect/vect-67.c scan-tree-dump-times vectorized 1 loops 1
FAIL: gcc.dg/vect/vect-none.c scan-tree-dump-times vectorized 1 loops 1
=== gcc Summary ===
# of expected passes 35552
# of unexpected failures 5
# of unexpected successes 3
# of expected failures 103
# of unresolved testcases 4
# of untested testcases 28
# of unsupported tests 323
/scratch/gcc/nightly-2005-05-17-mainline/i686-pc-linux-gnu/build_gcc/build/gcc-mainline-2005-05-17-nightly-i686-pc-linux-gnu-i686-pc-linux-gnu/gcc/xgcc version 4.1.0 20050517 (experimental)
=== libstdc++ tests ===
Running target unix
FAIL: 22_locale/locale/cons/12658_thread-1.cc execution test
FAIL: 22_locale/messages/members/char/1.cc execution test
FAIL: 22_locale/messages/members/char/2.cc execution test
FAIL: 22_locale/messages/members/char/wrapped_env.cc execution test
FAIL: 22_locale/messages/members/char/wrapped_locale.cc execution test
FAIL: 22_locale/messages_byname/named_equivalence.cc execution test
XPASS: 26_numerics/cmath/c99_classification_macros_c.cc (test for excess errors)
=== libstdc++ Summary ===
# of expected passes 3635
# of unexpected failures 6
# of unexpected successes 1
# of expected failures 12
Compiler version: 4.1.0 20050517 (experimental)
Platform: i686-pc-linux-gnu
configure flags: --disable-nls --build=i686-pc-linux-gnu --host=i686-pc-linux-gnu --target=i686-pc-linux-gnu --enable-threads=posix --disable-libmudflap --with-gnu-as --with-as=/scratch/gcc/nightly-2005-05-17-mainline/i686-pc-linux-gnu/build_gcc/install/bin/as --with-gnu-ld --with-ld=/scratch/gcc/nightly-2005-05-17-mainline/i686-pc-linux-gnu/build_gcc/install/bin/ld --prefix=/scratch/gcc/nightly-2005-05-17-mainline/i686-pc-linux-gnu/build_gcc/install --enable-languages=c,c++