This is the mail archive of the
gcc-testresults@gcc.gnu.org
mailing list for the GCC project.
Results for 4.1.0 20050515 (experimental) testsuite on sparc-sun-solaris2.6
- From: eric at linux dot site (Eric Botcazou)
- To: gcc-testresults at gcc dot gnu dot org
- Date: Mon, 16 May 2005 20:05:26 +0200
- Subject: Results for 4.1.0 20050515 (experimental) testsuite on sparc-sun-solaris2.6
LAST_UPDATED: Sun May 15 17:36:36 UTC 2005
Native configuration is sparc-sun-solaris2.6
=== g++ tests ===
Running target unix
FAIL: g++.dg/other/ucnid-1.C (test for excess errors)
WARNING: g++.dg/other/ucnid-1.C compilation failed to produce executable
FAIL: g++.dg/pch/externc-1.C -g assembly comparison
FAIL: g++.dg/pch/externc-1.C -O2 -g assembly comparison
FAIL: g++.dg/pch/static-1.C -g assembly comparison
FAIL: g++.dg/pch/static-1.C -O2 -g assembly comparison
FAIL: g++.dg/pch/system-1.C -g assembly comparison
FAIL: g++.dg/pch/system-1.C -O2 -g assembly comparison
FAIL: g++.dg/pch/system-2.C -g assembly comparison
FAIL: g++.dg/pch/system-2.C -O2 -g assembly comparison
FAIL: g++.dg/pch/uninst.C -g assembly comparison
FAIL: g++.dg/pch/uninst.C -O2 -g assembly comparison
FAIL: g++.dg/pch/wchar-1.C -g assembly comparison
FAIL: g++.dg/pch/wchar-1.C -O2 -g assembly comparison
=== g++ Summary ===
# of expected passes 10683
# of unexpected failures 13
# of expected failures 66
# of unsupported tests 122
/opt/build/eric/gcc/gcc/testsuite/../g++ version 4.1.0 20050515 (experimental)
=== gcc tests ===
Running target unix
FAIL: gcc.c-torture/execute/20031215-1.c compilation, -O2
UNRESOLVED: gcc.c-torture/execute/20031215-1.c execution, -O2
FAIL: gcc.c-torture/execute/20031215-1.c compilation, -O3 -fomit-frame-pointer
UNRESOLVED: gcc.c-torture/execute/20031215-1.c execution, -O3 -fomit-frame-pointer
FAIL: gcc.c-torture/execute/20031215-1.c compilation, -O3 -g
UNRESOLVED: gcc.c-torture/execute/20031215-1.c execution, -O3 -g
FAIL: gcc.c-torture/execute/20031215-1.c compilation, -Os
UNRESOLVED: gcc.c-torture/execute/20031215-1.c execution, -Os
XPASS: gcc.dg/cpp/cmdlne-dI-M.c scan-file (^|\\\\n)cmdlne-dI-M.*:[^\\\\n]*cmdlne-dI-M.c
XPASS: gcc.dg/cpp/cmdlne-dM-M.c scan-file (^|\\\\n)cmdlne-dM-M[^\\\\n]*:[^\\\\n]*cmdlne-dM-M.c
FAIL: gcc.dg/ucnid-2.c (test for excess errors)
WARNING: gcc.dg/ucnid-2.c compilation failed to produce executable
FAIL: gcc.dg/ucnid-3.c (test for excess errors)
WARNING: gcc.dg/ucnid-3.c compilation failed to produce executable
XPASS: gcc.dg/uninit-9.c uninitialized variable warning (test for bogus messages, line 26)
FAIL: gcc.dg/tree-ssa/gen-vect-25.c execution test
XPASS: gcc.dg/vect/vect-67.c scan-tree-dump-times vectorized 1 loops 1
XPASS: gcc.dg/vect/vect-dv-2.c scan-tree-dump-times vectorized 2 loops 1
=== gcc Summary ===
# of expected passes 34541
# of unexpected failures 7
# of unexpected successes 5
# of expected failures 101
# of unresolved testcases 4
# of untested testcases 28
# of unsupported tests 552
/opt/build/eric/gcc/gcc/xgcc version 4.1.0 20050515 (experimental)
=== gfortran tests ===
Running target unix
XPASS: gfortran.dg/ret_pointer_1.f90 -O0 execution test
XPASS: gfortran.dg/ret_pointer_1.f90 -O1 execution test
XPASS: gfortran.dg/ret_pointer_1.f90 -O2 execution test
XPASS: gfortran.dg/ret_pointer_1.f90 -O3 -fomit-frame-pointer execution test
XPASS: gfortran.dg/ret_pointer_1.f90 -O3 -fomit-frame-pointer -funroll-loops execution test
XPASS: gfortran.dg/ret_pointer_1.f90 -O3 -fomit-frame-pointer -funroll-all-loops -finline-functions execution test
XPASS: gfortran.dg/ret_pointer_1.f90 -O3 -g execution test
FAIL: gfortran.fortran-torture/execute/forall_3.f90 execution, -O1
=== gfortran Summary ===
# of expected passes 6750
# of unexpected failures 1
# of unexpected successes 7
# of expected failures 22
# of unsupported tests 21
/opt/build/eric/gcc/gcc/testsuite/../gfortran version 4.1.0 20050515 (experimental)
=== objc tests ===
Running target unix
=== objc Summary ===
# of expected passes 1534
# of unsupported tests 12
/opt/build/eric/gcc/gcc/xgcc version 4.1.0 20050515 (experimental)
=== libstdc++ tests ===
Running target unix
FAIL: 22_locale/ctype/is/char/1.cc execution test
FAIL: 27_io/basic_filebuf/sgetn/char/1-in.cc execution test
FAIL: 27_io/basic_filebuf/sgetn/char/1-io.cc execution test
FAIL: 27_io/basic_filebuf/sgetn/char/2-in.cc execution test
FAIL: 27_io/basic_filebuf/sgetn/char/2-io.cc execution test
FAIL: 27_io/basic_istream/readsome/char/6746-2.cc execution test
=== libstdc++ Summary ===
# of expected passes 2559
# of unexpected failures 6
# of expected failures 12
Compiler version: 4.1.0 20050515 (experimental)
Platform: sparc-sun-solaris2.6
configure flags: --prefix=/opt/build/eric/local/gcc --with-gmp=/opt/build/eric/local --with-mpfr=/opt/build/eric/local --with-local-prefix=/opt/build/eric/local --enable-checking=assert,misc --enable-languages=c,c++,f95,java,objc
BOOT_CFLAGS=-g -O2