This is the mail archive of the
gcc-testresults@gcc.gnu.org
mailing list for the GCC project.
Results for 4.1.0 20050510 (experimental) testsuite on i686-pc-cygwin
- From: "David Billinghurst" <David dot Billinghurst at riotinto dot com>
- To: <gcc-testresults at gcc dot gnu dot org>
- Date: 11 May 2005 17:05:21 +1000
- Subject: Results for 4.1.0 20050510 (experimental) testsuite on i686-pc-cygwin
CYGWIN_NT-5.1 calttws68 1.5.13(0.122/4/2) 2005-03-01 11:01 i686 unknown
unknown Cygwin
Windows XP Professional Ver 5.1 Build 2600 Service Pack 2
PROCESSOR_IDENTIFIER = \`x86 Family 15 Model 0 Stepping 10, GenuineIntel'
LAST_UPDATED: Tue May 10 07:38:21 GMT 2005
Native configuration is i686-pc-cygwin
=== g++ tests ===
Running target unix
FAIL: g++.dg/abi/local1.C execution test
FAIL: g++.dg/abi/rtti1.C scan-assembler-dem-not \\ntypeinfo for A[:
\\t\\n]
FAIL: g++.dg/ext/dllexport-MI1.C scan-assembler-not -export:_ZN2D1C2ERKS_
FAIL: g++.dg/ext/dllexport-MI1.C scan-assembler-not -export:_ZN2D1D2Ev
FAIL: g++.dg/ext/dllimport2.C (test for warnings, line 18)
FAIL: g++.dg/ext/dllimport2.C (test for warnings, line 22)
FAIL: g++.dg/ext/dllimport2.C (test for warnings, line 23)
FAIL: g++.dg/ext/dllimport2.C (test for warnings, line 24)
FAIL: g++.dg/ext/dllimport3.C (test for warnings, line 18)
FAIL: g++.dg/opt/vt1.C scan-assembler-not
section[^\\n\\r]*_ZTV1S[^\\n\\r]*"[^w"\\n\\r]*"
FAIL: g++.dg/pch/externc-1.C -g assembly comparison
FAIL: g++.dg/pch/externc-1.C -O2 -g assembly comparison
FAIL: g++.dg/pch/static-1.C -g assembly comparison
FAIL: g++.dg/pch/static-1.C -O2 -g assembly comparison
FAIL: g++.dg/pch/system-1.C -g assembly comparison
FAIL: g++.dg/pch/system-1.C -O2 -g assembly comparison
FAIL: g++.dg/pch/system-2.C -g assembly comparison
FAIL: g++.dg/pch/system-2.C -O2 -g assembly comparison
FAIL: g++.dg/pch/uninst.C -g assembly comparison
FAIL: g++.dg/pch/uninst.C -O2 -g assembly comparison
FAIL: g++.dg/pch/wchar-1.C -g assembly comparison
FAIL: g++.dg/pch/wchar-1.C -O2 -g assembly comparison
FAIL: g++.old-deja/g++.eh/badalloc1.C execution test
XPASS: g++.old-deja/g++.ext/attrib5.C execution test
=== g++ Summary ===
# of expected passes 11189
# of unexpected failures 23
# of unexpected successes 1
# of expected failures 66
# of unsupported tests 112
/usr/local/obj/gcc/gcc/testsuite/../g++ version 4.1.0 20050510
(experimental)
=== gcc tests ===
Running target unix
XPASS: gcc.dg/cpp/cmdlne-dI-M.c scan-file
(^|\\\\n)cmdlne-dI-M.*:[^\\\\n]*cmdlne-dI-M.c
XPASS: gcc.dg/cpp/cmdlne-dM-M.c scan-file
(^|\\\\n)cmdlne-dM-M[^\\\\n]*:[^\\\\n]*cmdlne-dM-M.c
FAIL: gcc.dg/20021014-1.c (test for excess errors)
WARNING: gcc.dg/20021014-1.c compilation failed to produce executable
FAIL: gcc.dg/i386-pic-1.c (test for errors, line 10)
FAIL: gcc.dg/pr17957.c (test for excess errors)
FAIL: gcc.dg/uninit-1.c uninitialized variable warning (test for bogus
messages, line 16)
FAIL: gcc.dg/tree-ssa/loop-1.c scan-assembler-times foo 5
FAIL: gcc.dg/tree-ssa/loop-4.c scan-tree-dump-times
arr_base.[^0][^\\n\\r]*= 0
XPASS: gcc.dg/vect/vect-22.c scan-tree-dump-times vectorized 3 loops 1
XPASS: gcc.dg/vect/vect-67.c scan-tree-dump-times vectorized 1 loops 1
FAIL: gcc.dg/vect/vect-ifcvt-2.c (test for excess errors)
WARNING: gcc.dg/vect/vect-ifcvt-2.c compilation failed to produce
executable
FAIL: gcc.dg/vect/vect-ifcvt-3.c (test for excess errors)
WARNING: gcc.dg/vect/vect-ifcvt-3.c compilation failed to produce
executable
FAIL: gcc.dg/vect/vect-ifcvt-4.c (test for excess errors)
WARNING: gcc.dg/vect/vect-ifcvt-4.c compilation failed to produce
executable
FAIL: gcc.dg/vect/vect-ifcvt-5.c (test for excess errors)
WARNING: gcc.dg/vect/vect-ifcvt-5.c compilation failed to produce
executable
FAIL: gcc.dg/vect/vect-ifcvt-6.c (test for excess errors)
WARNING: gcc.dg/vect/vect-ifcvt-6.c compilation failed to produce
executable
FAIL: gcc.dg/vect/vect-ifcvt-7.c (test for excess errors)
WARNING: gcc.dg/vect/vect-ifcvt-7.c compilation failed to produce
executable
FAIL: gcc.dg/vect/vect-ifcvt-9.c (test for excess errors)
WARNING: gcc.dg/vect/vect-ifcvt-9.c compilation failed to produce
executable
FAIL: gcc.dg/vect/vect-ifcvt-9.c scan-tree-dump-times vectorized 1 loops 2
FAIL: gcc.dg/vect/vect-none.c (test for excess errors)
FAIL: compiler driver --coverage option(s) (compiler options)
=== gcc Summary ===
# of expected passes 36876
# of unexpected failures 16
# of unexpected successes 4
# of expected failures 100
# of untested testcases 28
# of unsupported tests 345
/usr/local/obj/gcc/gcc/xgcc version 4.1.0 20050510 (experimental)
=== gfortran tests ===
Running target unix
FAIL: gfortran.dg/pr19155.f execution test
FAIL: gfortran.dg/pr19155.f execution test
FAIL: gfortran.dg/pr19155.f execution test
FAIL: gfortran.dg/pr19155.f execution test
FAIL: gfortran.dg/pr19155.f execution test
FAIL: gfortran.dg/pr19155.f execution test
FAIL: gfortran.dg/pr19155.f execution test
FAIL: gfortran.dg/pr19155.f execution test
XPASS: gfortran.dg/ret_pointer_1.f90 execution test
XPASS: gfortran.dg/ret_pointer_1.f90 execution test
XPASS: gfortran.dg/ret_pointer_1.f90 execution test
XPASS: gfortran.dg/ret_pointer_1.f90 execution test
XPASS: gfortran.dg/ret_pointer_1.f90 execution test
FAIL: gfortran.dg/return_1.f90 (test for excess errors)
FAIL: gfortran.fortran-torture/execute/forall_3.f90 execution, -O1
=== gfortran Summary ===
# of expected passes 6675
# of unexpected failures 10
# of unexpected successes 5
# of expected failures 27
/usr/local/obj/gcc/gcc/testsuite/../gfortran version 4.1.0 20050510
(experimental)
=== objc tests ===
Running target unix
=== objc Summary ===
# of expected passes 1534
# of unsupported tests 12
/usr/local/obj/gcc/gcc/xgcc version 4.1.0 20050510 (experimental)
=== libstdc++ tests ===
Running target unix
FAIL: 27_io/basic_filebuf/close/char/4879.cc execution test
FAIL: 27_io/basic_filebuf/close/char/4879.cc execution test
FAIL: 27_io/basic_filebuf/close/char/4879.cc execution test
FAIL: 27_io/basic_filebuf/close/char/9964.cc execution test
FAIL: 27_io/basic_filebuf/close/char/9964.cc execution test
FAIL: 27_io/basic_filebuf/close/char/9964.cc execution test
FAIL: 27_io/basic_filebuf/seekoff/char/1-io.cc execution test
FAIL: 27_io/basic_filebuf/seekoff/char/1-io.cc execution test
FAIL: 27_io/basic_filebuf/seekoff/char/2-io.cc execution test
FAIL: 27_io/basic_filebuf/seekoff/char/2-io.cc execution test
FAIL: 27_io/basic_filebuf/seekpos/char/1-io.cc execution test
FAIL: 27_io/basic_filebuf/seekpos/char/1-io.cc execution test
FAIL: 27_io/basic_filebuf/seekpos/char/2-io.cc execution test
FAIL: 27_io/basic_filebuf/seekpos/char/2-io.cc execution test
FAIL: 27_io/basic_filebuf/sgetn/char/1-in.cc execution test
FAIL: 27_io/basic_filebuf/sgetn/char/1-in.cc execution test
FAIL: 27_io/basic_filebuf/sgetn/char/1-in.cc execution test
FAIL: 27_io/basic_filebuf/sgetn/char/1-io.cc execution test
FAIL: 27_io/basic_filebuf/sgetn/char/1-io.cc execution test
FAIL: 27_io/basic_filebuf/sgetn/char/1-io.cc execution test
FAIL: 27_io/basic_filebuf/sgetn/char/2-in.cc execution test
FAIL: 27_io/basic_filebuf/sgetn/char/2-in.cc execution test
FAIL: 27_io/basic_filebuf/sgetn/char/2-in.cc execution test
FAIL: 27_io/basic_filebuf/sgetn/char/2-io.cc execution test
FAIL: 27_io/basic_filebuf/sgetn/char/2-io.cc execution test
FAIL: 27_io/basic_filebuf/sgetn/char/2-io.cc execution test
WARNING: program timed out.
FAIL: 27_io/basic_filebuf/showmanyc/char/9533-1.cc execution test
FAIL: 27_io/basic_filebuf/underflow/char/10097.cc execution test
FAIL: 27_io/basic_filebuf/underflow/char/10097.cc execution test
FAIL: 27_io/basic_filebuf/underflow/char/10097.cc execution test
FAIL: 27_io/basic_istream/extractors_arithmetic/char/12.cc execution test
FAIL: 27_io/basic_istream/extractors_arithmetic/char/12.cc execution test
FAIL: 27_io/basic_istream/extractors_arithmetic/char/12.cc execution test
FAIL: 27_io/basic_istream/readsome/char/6746-2.cc execution test
FAIL: 27_io/basic_istream/readsome/char/6746-2.cc execution test
FAIL: 27_io/basic_istream/readsome/char/6746-2.cc execution test
FAIL: 27_io/objects/char/7.cc execution test
FAIL: 27_io/objects/char/7.cc execution test
FAIL: 27_io/objects/char/9661-1.cc execution test
FAIL: 27_io/objects/char/9661-1.cc execution test
=== libstdc++ Summary ===
# of expected passes 5922
# of unexpected failures 40
# of expected failures 32
Compiler version: 4.1.0 20050510 (experimental)
Platform: i686-pc-cygwin
configure
flags: --prefix=/usr/local/gcc-4_1 --enable-threads=posix --disable-libgcj
--enable-sjlj-exceptions --with-system-zlib --enable-nls --disable-libmud
flap --enable-version-specific-runtime-libs --without-included-gettext --d
isable-shared --enable-languages=c,c++,f95,java,objc
Counting all warnings,
there are 16 warnings in stage3 of this bootstrap.
Number of warnings per file:
4 gcc/gcc.c
3 gengtype-lex.c
2 gcc/objc/lang-specs.h
2 gcc/config/i386/i386.md
1 gcc/java/jvspec.c
1 gcc/fortran/trans-common.c
1 gcc/fortran/simplify.c
1 gcc/fortran/resolve.c
1 gcc/fortran/expr.c
Number of warning types:
8 string length \`???' is greater than the length \`???' ISO C89
compilers are required to support
4 control may reach end of non-void function \`???' being inlined
3 old-style function definition
1 operand 1 missing mode?
NOTICE
This e-mail and any attachments are private and confidential and may
contain privileged information. If you are not an authorised recipient,
the copying or distribution of this e-mail and any attachments is
prohibited and you must not read, print or act in reliance on this e-mail
or attachments.
This notice should not be removed.