This is the mail archive of the
gcc-testresults@gcc.gnu.org
mailing list for the GCC project.
Results for 4.1.0 20050511 (experimental) gfortran testsuite on sparc-sun-solaris2.9
- From: FX <fx at malo dot coudert dot name>
- To: gcc-testresults at gcc dot gnu dot org
- Date: Wed, 11 May 2005 07:47:48 +0200
- Subject: Results for 4.1.0 20050511 (experimental) gfortran testsuite on sparc-sun-solaris2.9
LAST_UPDATED:
Native configuration is sparc-sun-solaris2.9
=== gfortran tests ===
Running target unix
FAIL: gfortran.dg/assign_1.f90 -O (test for errors, line 5)
FAIL: gfortran.dg/assign_1.f90 -O (test for excess errors)
XPASS: gfortran.dg/ret_pointer_1.f90 -O0 execution test
XPASS: gfortran.dg/ret_pointer_1.f90 -O1 execution test
XPASS: gfortran.dg/ret_pointer_1.f90 -O2 execution test
XPASS: gfortran.dg/ret_pointer_1.f90 -O3 -fomit-frame-pointer execution test
XPASS: gfortran.dg/ret_pointer_1.f90 -O3 -fomit-frame-pointer -funroll-loops execution test
XPASS: gfortran.dg/ret_pointer_1.f90 -O3 -fomit-frame-pointer -funroll-all-loops -finline-functions execution test
XPASS: gfortran.dg/ret_pointer_1.f90 -O3 -g execution test
FAIL: gfortran.fortran-torture/execute/forall_3.f90 execution, -O1
=== gfortran Summary for unix ===
# of expected passes6683
# of unexpected failures3
# of unexpected successes7
# of expected failures22
# of unsupported tests21
Running target unix/-m64
XPASS: gfortran.dg/ret_pointer_1.f90 -O0 execution test
XPASS: gfortran.dg/ret_pointer_1.f90 -O1 execution test
XPASS: gfortran.dg/ret_pointer_1.f90 -O2 execution test
XPASS: gfortran.dg/ret_pointer_1.f90 -O3 -fomit-frame-pointer execution test
XPASS: gfortran.dg/ret_pointer_1.f90 -O3 -fomit-frame-pointer -funroll-loops execution test
XPASS: gfortran.dg/ret_pointer_1.f90 -O3 -fomit-frame-pointer -funroll-all-loops -finline-functions execution test
XPASS: gfortran.dg/ret_pointer_1.f90 -O3 -g execution test
XPASS: gfortran.dg/ret_pointer_1.f90 -Os execution test
FAIL: gfortran.fortran-torture/execute/forall_3.f90 execution, -O0
FAIL: gfortran.fortran-torture/execute/forall_3.f90 execution, -O1
=== gfortran Summary for unix/-m64 ===
# of expected passes6684
# of unexpected failures2
# of unexpected successes8
# of expected failures21
# of unsupported tests21
=== gfortran Summary ===
# of expected passes13367
# of unexpected failures5
# of unexpected successes15
# of expected failures43
# of unsupported tests42
/tmp/gfortran-20050511/ibin/gcc/testsuite/../gfortran version 4.1.0 20050511 (experimental)
Compiler version: 4.1.0 20050511 (experimental) gfortran
Platform: sparc-sun-solaris2.9
configure flags: --prefix=/tmp/gfortran-20050511/irun --enable-languages=c,f95,;t t