This is the mail archive of the gcc-testresults@gcc.gnu.org mailing list for the GCC project.


Index Nav: [Date Index] [Subject Index] [Author Index] [Thread Index]
Message Nav: [Date Prev] [Date Next] [Thread Prev] [Thread Next]
Other format: [Raw text]

Results for 4.1.0 20050510 (experimental) testsuite on s390x-ibm-linux-gnu


LAST_UPDATED: 
		=== acats tests ===
FAIL:	c32001e
FAIL:	c41203a
FAIL:	c41203b
FAIL:	c52011a
FAIL:	c52102b
FAIL:	c52102d
FAIL:	c52103x
FAIL:	c62002a
FAIL:	c64105b
FAIL:	c95086b
FAIL:	cd2b11a
FAIL:	cd2b11b
FAIL:	cdd2a02
FAIL:	cxb5002
FAIL:	cxg1002
FAIL:	cxg1003
FAIL:	cxg2006
FAIL:	cxg2007
FAIL:	cxg2018
FAIL:	cxg2019
FAIL:	cxg2020

		=== acats Summary ===
# of expected passes		2299
# of unexpected failures	21
Native configuration is s390x-ibm-linux-gnu

		=== g++ tests ===


Running target unix
FAIL: g++.dg/abi/empty6.C  (test for warnings, line 6)
XPASS: g++.old-deja/g++.other/init5.C execution test

		=== g++ Summary ===

# of expected passes		10945
# of unexpected failures	1
# of unexpected successes	1
# of expected failures		65
# of unsupported tests		98
/mnt/dasdc1/fsf/gcc-head-build/gcc/testsuite/../g++  version 4.1.0 20050510 (experimental)

		=== gcc tests ===


Running target unix
FAIL: gcc.dg/20020425-1.c (test for excess errors)
WARNING: program timed out.
FAIL: gcc.dg/c99-intconst-1.c (test for excess errors)
FAIL: gcc.dg/uninit-1.c uninitialized variable warning (test for bogus messages, line 16)
FAIL: gcc.dg/uninit-4.c uninitialized variable warning PR19833 (test for bogus messages, line 26)
XPASS: gcc.dg/tree-ssa/20040204-1.c scan-tree-dump-times link_error 0
FAIL: gcc.dg/tree-ssa/loop-4.c scan-tree-dump-times arr_base.[^0][^\\n\\r]*= 0
XPASS: gcc.dg/tree-ssa/sra-2.c scan-tree-dump-times link_error 0

		=== gcc Summary ===

# of expected passes		34583
# of unexpected failures	5
# of unexpected successes	2
# of expected failures		76
# of untested testcases		28
# of unsupported tests		491
/mnt/dasdc1/fsf/gcc-head-build/gcc/xgcc  version 4.1.0 20050510 (experimental)

		=== gfortran tests ===


Running target unix
FAIL: gfortran.dg/namelist_14.f90  -O0  (test for excess errors)
WARNING: gfortran.dg/namelist_14.f90  -O0  compilation failed to produce executable
XPASS: gfortran.dg/ret_pointer_1.f90  -O0  execution test
XPASS: gfortran.dg/ret_pointer_1.f90  -O1  execution test
XPASS: gfortran.dg/ret_pointer_1.f90  -O2  execution test
XPASS: gfortran.dg/ret_pointer_1.f90  -O3 -fomit-frame-pointer  execution test
XPASS: gfortran.dg/ret_pointer_1.f90  -O3 -fomit-frame-pointer -funroll-loops  execution test
XPASS: gfortran.dg/ret_pointer_1.f90  -O3 -fomit-frame-pointer -funroll-all-loops -finline-functions  execution test
XPASS: gfortran.dg/ret_pointer_1.f90  -O3 -g  execution test
XPASS: gfortran.dg/ret_pointer_1.f90  -Os  execution test
FAIL: gfortran.dg/return_1.f90  -O  (test for excess errors)
FAIL: gfortran.fortran-torture/execute/forall_3.f90 execution,  -O1 
FAIL: gfortran.fortran-torture/execute/forall_3.f90 execution,  -O2 
FAIL: gfortran.fortran-torture/execute/forall_3.f90 execution,  -O3 -fomit-frame-pointer 
FAIL: gfortran.fortran-torture/execute/forall_3.f90 execution,  -O3 -fomit-frame-pointer -funroll-loops 
FAIL: gfortran.fortran-torture/execute/forall_3.f90 execution,  -O3 -fomit-frame-pointer -funroll-all-loops -finline-functions 
FAIL: gfortran.fortran-torture/execute/forall_3.f90 execution,  -O3 -g 
FAIL: gfortran.fortran-torture/execute/forall_3.f90 execution,  -Os 
FAIL: gfortran.fortran-torture/execute/where_3.f90 execution,  -O3 -fomit-frame-pointer 
FAIL: gfortran.fortran-torture/execute/where_3.f90 execution,  -O3 -fomit-frame-pointer -funroll-loops 
FAIL: gfortran.fortran-torture/execute/where_3.f90 execution,  -O3 -fomit-frame-pointer -funroll-all-loops -finline-functions 
FAIL: gfortran.fortran-torture/execute/where_3.f90 execution,  -O3 -g 

		=== gfortran Summary ===

# of expected passes		6621
# of unexpected failures	13
# of unexpected successes	8
# of expected failures		18
# of unsupported tests		17
/mnt/dasdc1/fsf/gcc-head-build/gcc/testsuite/../gfortran  version 4.1.0 20050510 (experimental)

		=== objc tests ===


Running target unix

		=== objc Summary ===

# of expected passes		1534
# of unsupported tests		12
/mnt/dasdc1/fsf/gcc-head-build/gcc/xgcc  version 4.1.0 20050510 (experimental)

		=== libffi tests ===


Running target unix

		=== libffi Summary ===

# of expected passes		219
# of unsupported tests		2
		=== libjava tests ===


Running target unix
FAIL: Array_3 -O3 execution - bytecode->native test
FAIL: pr21115 run

		=== libjava Summary ===

# of expected passes		3806
# of unexpected failures	2
# of expected failures		10
# of untested testcases		10
		=== libmudflap tests ===


Running target unix

		=== libmudflap Summary ===

# of expected passes		1331
		=== libstdc++ tests ===


Running target unix
XPASS: 26_numerics/cmath/c99_classification_macros_c.cc (test for excess errors)
FAIL: 27_io/fpos/1.cc (test for excess errors)
XPASS: 27_io/fpos/14320-1.cc execution test
FAIL: ext/stdio_sync_filebuf/wchar_t/12077.cc (test for excess errors)
WARNING: ext/stdio_sync_filebuf/wchar_t/12077.cc compilation failed to produce executable

		=== libstdc++ Summary ===

# of expected passes		3638
# of unexpected failures	2
# of unexpected successes	2
# of expected failures		11

Compiler version: 4.1.0 20050510 (experimental) 
Platform: s390x-ibm-linux-gnu
configure flags: --prefix=/home/uweigand/fsf/gcc-head-install --enable-__cxa_atexit --disable-multilib --enable-languages=c,ada,c++,f95,java,objc


Index Nav: [Date Index] [Subject Index] [Author Index] [Thread Index]
Message Nav: [Date Prev] [Date Next] [Thread Prev] [Thread Next]