This is the mail archive of the
gcc-testresults@gcc.gnu.org
mailing list for the GCC project.
Results for 4.1.0 20050510 (experimental) testsuite on hppa2.0w-hp-hpux11.23
- From: CodeSourcery Automatic Testing System <gcc at codesourcery dot com>
- To: gcc-testresults at gcc dot gnu dot org
- Date: Tue, 10 May 2005 05:21:47 -0700
- Subject: Results for 4.1.0 20050510 (experimental) testsuite on hppa2.0w-hp-hpux11.23
LAST_UPDATED: Tue May 10 08:05:10 UTC 2005
Native configuration is hppa2.0w-hp-hpux11.23
=== g++ tests ===
Running target unix
=== g++ Summary ===
# of expected passes 10674
# of expected failures 66
# of unsupported tests 133
/scratch/gcc/nightly-2005-05-10-mainline/hppa2.0w-hp-hpux11.23/build_gcc/build/gcc-mainline-2005-05-10-nightly-hppa2.0w-hp-hpux11.23/gcc/testsuite/../g++ version 4.1.0 20050510 (experimental)
=== gcc tests ===
Running target unix
FAIL: gcc.c-torture/execute/20000822-1.c execution, -O0
FAIL: gcc.c-torture/execute/20000822-1.c execution, -O1
FAIL: gcc.c-torture/execute/20000822-1.c execution, -O2
FAIL: gcc.c-torture/execute/20000822-1.c execution, -O3 -fomit-frame-pointer
FAIL: gcc.c-torture/execute/20000822-1.c execution, -O3 -g
FAIL: gcc.c-torture/execute/20000822-1.c execution, -Os
FAIL: gcc.c-torture/execute/nestfunc-3.c execution, -O0
FAIL: gcc.c-torture/execute/nestfunc-3.c execution, -O1
FAIL: gcc.c-torture/execute/nestfunc-3.c execution, -O2
FAIL: gcc.c-torture/execute/nestfunc-3.c execution, -O3 -fomit-frame-pointer
FAIL: gcc.c-torture/execute/nestfunc-3.c execution, -O3 -fomit-frame-pointer -funroll-loops
FAIL: gcc.c-torture/execute/nestfunc-3.c execution, -O3 -fomit-frame-pointer -funroll-all-loops -finline-functions
FAIL: gcc.c-torture/execute/nestfunc-3.c execution, -O3 -g
FAIL: gcc.c-torture/execute/nestfunc-3.c execution, -Os
FAIL: gcc.c-torture/execute/nestfunc-5.c execution, -O0
FAIL: gcc.c-torture/execute/nestfunc-5.c execution, -O1
FAIL: gcc.c-torture/execute/nestfunc-5.c execution, -O2
FAIL: gcc.c-torture/execute/nestfunc-5.c execution, -O3 -fomit-frame-pointer
FAIL: gcc.c-torture/execute/nestfunc-5.c execution, -O3 -g
FAIL: gcc.c-torture/execute/nestfunc-5.c execution, -Os
FAIL: gcc.c-torture/execute/nestfunc-6.c execution, -O0
FAIL: gcc.c-torture/execute/nestfunc-6.c execution, -O1
FAIL: gcc.c-torture/execute/nestfunc-6.c execution, -O2
FAIL: gcc.c-torture/execute/nestfunc-6.c execution, -O3 -fomit-frame-pointer
FAIL: gcc.c-torture/execute/nestfunc-6.c execution, -O3 -g
FAIL: gcc.c-torture/execute/nestfunc-6.c execution, -Os
XPASS: gcc.dg/const-elim-1.c scan-assembler-not L\\\\\$?C[^A-Z]
FAIL: gcc.dg/trampoline-1.c execution test
FAIL: gcc.dg/uninit-1.c uninitialized variable warning (test for bogus messages, line 16)
FAIL: gcc.dg/special/weak-1.c execution test
=== gcc Summary ===
# of expected passes 34034
# of unexpected failures 29
# of unexpected successes 1
# of expected failures 78
# of untested testcases 28
# of unsupported tests 570
/scratch/gcc/nightly-2005-05-10-mainline/hppa2.0w-hp-hpux11.23/build_gcc/build/gcc-mainline-2005-05-10-nightly-hppa2.0w-hp-hpux11.23/gcc/xgcc version 4.1.0 20050510 (experimental)
=== libstdc++ tests ===
Running target unix
=== libstdc++ Summary ===
# of expected passes 2546
# of expected failures 11
# of unsupported tests 10
Compiler version: 4.1.0 20050510 (experimental)
Platform: hppa2.0w-hp-hpux11.23
configure flags: --disable-nls --build=hppa2.0w-hp-hpux11.23 --host=hppa2.0w-hp-hpux11.23 --target=hppa2.0w-hp-hpux11.23 --enable-threads=posix --disable-libmudflap --with-gnu-as --with-as=/scratch/gcc/nightly-2005-05-10-mainline/hppa2.0w-hp-hpux11.23/build_gcc/install/bin/as --without-gnu-ld --with-ld=/usr/ccs/bin/ld --prefix=/scratch/gcc/nightly-2005-05-10-mainline/hppa2.0w-hp-hpux11.23/build_gcc/install --enable-languages=c,c++