This is the mail archive of the gcc-testresults@gcc.gnu.org mailing list for the GCC project.


Index Nav: [Date Index] [Subject Index] [Author Index] [Thread Index]
Message Nav: [Date Prev] [Date Next] [Thread Prev] [Thread Next]
Other format: [Raw text]

Results for 4.1.0 20050507 (experimental) testsuite on sparc-unknown-linux-gnu


Aurora SPARC Linux release 2.0 (Kashmir FC3) UltraSparc IIi (Sabre) sun4u:

binutils-2.16.90.0.2-1.sparc
bison-1.875c-2.sparc
dejagnu-1.4.4-2.noarch
expect-5.42.1-1.sparc
gcc-3.4.2-6.fc3.sparc
gcc4-4.0.0-0.8sparc.sparc
glibc-2.3.3-99.sparc64
glibc-2.3.3-99.sparcv9
glibc-devel-2.3.3-99.sparc
glibc-devel-2.3.3-99.sparc64
glibc-headers-2.3.3-99.sparc64
glibc-headers-2.3.3-99.sparc
glibc-kernheaders-2.6-20sparc.sparc
gmp-4.1.4-3sparc.sparc
gmp-4.1.4-3sparc.sparc64
gmp-devel-4.1.4-3sparc.sparc
gmp-devel-4.1.4-3sparc.sparc64
kernel-2.6.11-1.1166sp1.sparc64
package kernel-devel is not installed
package kernel-smp is not installed
libgcc-3.4.2-6.fc3.sparc
libgcc-3.4.2-6.fc3.sparc64
libstdc++-3.4.2-6.fc3.sparc64
libstdc++-3.4.2-6.fc3.sparc
libstdc++-devel-3.4.2-6.fc3.sparc64
libstdc++-devel-3.4.2-6.fc3.sparc
make-3.80-5.sparc
nptl-devel-2.3.3-99.sparcv9
tcl-8.4.7-2.sparc

LAST_UPDATED: Sat May  7 20:11:48 UTC 2005

Native configuration is sparc-unknown-linux-gnu

		=== binutils tests ===


Running target unix

		=== binutils Summary ===

# of expected passes		33
		=== gas tests ===


Running target unix

		=== gas Summary ===

# of expected passes		93
		=== acats tests ===
FAIL:	c32001e
FAIL:	c41203a
FAIL:	c41203b
FAIL:	c52011a
FAIL:	c52102b
FAIL:	c52102d
FAIL:	c52103x
FAIL:	c52104x
FAIL:	c62002a
FAIL:	c64105b
FAIL:	c95086b
FAIL:	cd2b11a
FAIL:	cd2b11b
FAIL:	cxg1002
FAIL:	cxg1003
FAIL:	cxg2006
FAIL:	cxg2007
FAIL:	cxg2018
FAIL:	cxg2019
FAIL:	cxg2020

		=== acats Summary ===
# of expected passes		2300
# of unexpected failures	20

		=== gcc tests ===


Running target unix
WARNING: program timed out.
FAIL: gcc.c-torture/compile/20001226-1.c  -O3 -g  (test for excess errors)
FAIL: gcc.c-torture/compile/921116-2.c  -O1  (test for excess errors)
FAIL: gcc.c-torture/execute/ieee/fp-cmp-4.c compilation,  -O2 
UNRESOLVED: gcc.c-torture/execute/ieee/fp-cmp-4.c execution,  -O2 
FAIL: gcc.dg/uninit-1.c uninitialized variable warning (test for bogus messages, line 16)
FAIL: gcc.dg/special/gcsec-1.c (test for excess errors)
WARNING: gcc.dg/special/gcsec-1.c compilation failed to produce executable
FAIL: gcc.dg/tls/opt-8.c (test for excess errors)
FAIL: gcc.dg/tls/opt-9.c (test for excess errors)
FAIL: gcc.dg/tree-ssa/gen-vect-25.c execution test
XPASS: gcc.dg/vect/vect-67.c scan-tree-dump-times vectorized 1 loops 1
XPASS: gcc.dg/vect/vect-dv-2.c scan-tree-dump-times vectorized 2 loops 1

		=== gcc Summary ===

# of expected passes		34864
# of unexpected failures	8
# of unexpected successes	2
# of expected failures		104
# of unresolved testcases	1
# of untested testcases		28
# of unsupported tests		530
/usr/local/src/trunk/objdir32/gcc/xgcc  version 4.1.0 20050507 (experimental)

		=== gfortran tests ===


Running target unix
XPASS: gfortran.dg/ret_pointer_1.f90  -O0  execution test
XPASS: gfortran.dg/ret_pointer_1.f90  -O1  execution test
XPASS: gfortran.dg/ret_pointer_1.f90  -O2  execution test
XPASS: gfortran.dg/ret_pointer_1.f90  -O3 -fomit-frame-pointer  execution test
XPASS: gfortran.dg/ret_pointer_1.f90  -O3 -fomit-frame-pointer -funroll-loops  execution test
XPASS: gfortran.dg/ret_pointer_1.f90  -O3 -fomit-frame-pointer -funroll-all-loops -finline-functions  execution test
XPASS: gfortran.dg/ret_pointer_1.f90  -O3 -g  execution test
FAIL: gfortran.fortran-torture/execute/forall_3.f90 execution,  -O1 

		=== gfortran Summary ===

# of expected passes		6619
# of unexpected failures	1
# of unexpected successes	7
# of expected failures		22
# of unsupported tests		21
/usr/local/src/trunk/objdir32/gcc/testsuite/../gfortran  version 4.1.0 20050507 (experimental)

		=== g++ tests ===


Running target unix
XPASS: g++.old-deja/g++.other/init5.C execution test

		=== g++ Summary ===

# of expected passes		10982
# of unexpected successes	1
# of expected failures		65
# of unsupported tests		94
/usr/local/src/trunk/objdir32/gcc/testsuite/../g++  version 4.1.0 20050507 (experimental)

		=== objc tests ===


Running target unix

		=== objc Summary ===

# of expected passes		1534
# of unsupported tests		12
/usr/local/src/trunk/objdir32/gcc/xgcc  version 4.1.0 20050507 (experimental)

		=== treelang tests ===


Running target unix

		=== treelang Summary ===

# of expected passes		48
		=== ld tests ===


Running target unix
FAIL: bootstrap with --static
ERROR: /usr/local/src/trunk/gcc-binutils/ld/testsuite/ld-cdtest/cdtest-foo.cc: compilation failed
UNRESOLVED: cdtest
UNRESOLVED: cdtest with -Ur

		=== ld Summary ===

# of expected passes		244
# of unexpected failures	1
# of expected failures		5
# of unresolved testcases	2
		=== libffi tests ===


Running target unix

		=== libffi Summary ===

# of expected passes		219
# of unsupported tests		2
		=== libjava tests ===


Running target unix
FAIL: Array_3 -O3 execution - bytecode->native test
FAIL: pr21115 run

		=== libjava Summary ===

# of expected passes		3806
# of unexpected failures	2
# of expected failures		10
# of untested testcases		10
		=== libmudflap tests ===


Running target unix
FAIL: libmudflap.c/pass54-frag.c execution test
FAIL: libmudflap.c/fail17-frag.c (-static) (test for excess errors)
WARNING: libmudflap.c/fail17-frag.c (-static) compilation failed to produce executable
FAIL: libmudflap.c/fail34-frag.c (-static) (test for excess errors)
WARNING: libmudflap.c/fail34-frag.c (-static) compilation failed to produce executable
FAIL: libmudflap.c/pass54-frag.c (-static) execution test

		=== libmudflap Summary ===

# of expected passes		1323
# of unexpected failures	4
		=== libstdc++ tests ===


Running target unix
XPASS: 26_numerics/cmath/c99_classification_macros_c.cc (test for excess errors)
FAIL: ext/stdio_sync_filebuf/wchar_t/12077.cc (test for excess errors)
WARNING: ext/stdio_sync_filebuf/wchar_t/12077.cc compilation failed to produce executable

		=== libstdc++ Summary ===

# of expected passes		3633
# of unexpected failures	1
# of unexpected successes	1
# of expected failures		12

Compiler version: 4.1.0 20050507 (experimental) 
Platform: sparc-unknown-linux-gnu
configure flags: sparc-linux --enable-__cxa_atexit --disable-multilib --enable-64-bit-bfd --enable-shared --enable-languages=c,ada,c++,f95,java,objc,treelang
Counting all warnings,
there are 129 warnings in stage0 of this bootstrap.

Number of warnings per file:
     20 libiberty/regex.c
     10 /usr/local/src/trunk/gcc-binutils/binutils/bucomm.c
     10 libiberty/pexecute.c
     10 libiberty/getpwd.c
      7 libgfortran/intrinsics/getlog.c
      6 libmudflap/mf-runtime.c
      6 include/xregex2.h
      5 include/getopt.h
      4 include/gc_config.h
      4 include/config.h
      3 libgfortran/intrinsics/symlnk.c
      3 libgfortran/intrinsics/link.c
      3 libgfortran/intrinsics/chdir.c
      2 /usr/local/src/trunk/gcc-binutils/boehm-gc/os_dep.c
      2 raise.c
      2 libgfortran/intrinsics/perror.c
      2 libgfortran/generated/matmul_r8.c
      2 libgfortran/generated/matmul_r4.c
      2 libgfortran/generated/matmul_i8.c
      2 libgfortran/generated/matmul_i4.c
      2 libgfortran/generated/matmul_c8.c
      2 libgfortran/generated/matmul_c4.c
      2 fastjar/shift.c
      1 /usr/local/src/trunk/gcc-binutils/ld/ldgram.y
      1 /usr/local/src/trunk/gcc-binutils/boehm-gc/mark_rts.c
      1 libobjc/thr.c
      1 libobjc/sendmsg.c
      1 libmath/stubs.c
      1 libjava/prims.cc
      1 libjava/gnu/gcj/io/shs.cc
      1 libgfortran/generated/transpose_i8.c
      1 libgfortran/generated/transpose_i4.c
      1 libgfortran/generated/transpose_c8.c
      1 libgfortran/generated/transpose_c4.c
      1 libgfortran/generated/matmul_l8.c
      1 libgfortran/generated/matmul_l4.c
      1 javax/imageio/ImageIO.class
      1 java/net/natVMNetworkInterface.cc
      1 gcc/coretypes.h
      1 fastjar/jartool.c
      1 fastjar/compress.c

Number of warning types:
     18 passing argument 1 of \`???' from incompatible pointer type
     15 signed and unsigned type in conditional expression
     15 function declaration isn't a prototype
     12 incompatible implicit declaration of built-in function \`???'
     10 the use of \`???' is dangerous, better use \`???'
     10 assignment discards qualifiers from pointer target type
      7 implicit declaration of function \`???'
      5 this is the location of the previous definition
      5 return discards qualifiers from pointer target type
      4 ISO C90 does not support \`static' or type qualifiers in parameter array declarators
      2 unused parameter \`???'
      2 pointer targets in assignment differ in signedness
      2 ISO C90 does not support \`???' or type qualifiers in parameter array declarators
      2 \`???' is deprecated (declared at /usr/include/signal.h:184)
      2 format \`???' expects type \`???', but argument 6 has type \`???'
      2 format \`???' expects type \`???', but argument 4 has type \`???'
      2 format \`???' expects type \`???', but argument 15 has type \`???'
      2 comparison between signed and unsigned
      1 string length \`???' is greater than the length \`???' ISO C89 compilers are required to support
      1 \`rtx' redefined
      1 \`PACKAGE_VERSION' redefined
      1 \`PACKAGE_TARNAME' redefined
      1 \`PACKAGE_STRING' redefined
      1 \`PACKAGE_NAME' redefined
      1 function returns address of local variable
      1 \`???' function does return
      1 duplicate class will only be compiled once
      1 \`???' defined but not used
      1 \`???' declared \`???' but never defined
      1 comparison between signed and unsigned integer expressions
Counting all warnings,
there are 74 warnings in stage3 of this bootstrap.

Number of warnings per file:
     28 ./auto-host.h
     14 gcc/tsystem.h
     14 gcc/defaults.h
      4 gcc/gcc.c
      3 treelang/lex.c
      3 gengtype-lex.c
      2 gcc/objc/lang-specs.h
      1 gcc/treelang/parse.y
      1 gcc/java/jvspec.c
      1 gcc/fortran/trans-common.c
      1 gcc/fortran/simplify.c
      1 gcc/fortran/resolve.c
      1 gcc/fortran/expr.c

Number of warning types:
     28 this is the location of the previous definition
     14 \`HAVE_DECL_GETOPT' redefined
     14 \`DEFAULT_USE_CXA_ATEXIT' redefined
      7 string length \`???' is greater than the length \`???' ISO C89 compilers are required to support
      6 old-style function definition
      5 control may reach end of non-void function \`???' being inlined


Index Nav: [Date Index] [Subject Index] [Author Index] [Thread Index]
Message Nav: [Date Prev] [Date Next] [Thread Prev] [Thread Next]