This is the mail archive of the gcc-testresults@gcc.gnu.org mailing list for the GCC project.


Index Nav: [Date Index] [Subject Index] [Author Index] [Thread Index]
Message Nav: [Date Prev] [Date Next] [Thread Prev] [Thread Next]
Other format: [Raw text]

Results for 4.0.1 20050509 (prerelease) testsuite on x86_64-unknown-linux-gnu


LAST_UPDATED: Thu Mar 10 07:51:30 UTC 2005

Native configuration is x86_64-unknown-linux-gnu

		=== g++ tests ===


Running target unix
WARNING: program timed out.
FAIL: g++.old-deja/g++.law/arm15.C (test for excess errors)

		=== g++ Summary ===

# of expected passes		10813
# of unexpected failures	1
# of expected failures		70
# of unsupported tests		90
/opt/toolchain/amd64/obj/upstream/gcc-4.0/gcc/testsuite/../g++  version 4.0.1 20050509 (prerelease)

		=== gcc tests ===


Running target unix
WARNING: program timed out.
FAIL: gcc.c-torture/compile/991008-1.c  -O3 -fomit-frame-pointer  (test for excess errors)
WARNING: program timed out.
FAIL: gcc.c-torture/execute/920411-1.c compilation,  -O3 -fomit-frame-pointer 
UNRESOLVED: gcc.c-torture/execute/920411-1.c execution,  -O3 -fomit-frame-pointer 
WARNING: program timed out.
FAIL: gcc.dg/cpp/20000529-1.c (test for excess errors)
FAIL: gcc.dg/setjmp-2.c (test for excess errors)
WARNING: gcc.dg/setjmp-2.c compilation failed to produce executable
FAIL: gcc.dg/short-compare-1.c (test for excess errors)
WARNING: gcc.dg/short-compare-1.c compilation failed to produce executable
FAIL: gcc.dg/short-compare-2.c (test for excess errors)
WARNING: gcc.dg/short-compare-2.c compilation failed to produce executable
WARNING: program timed out.
WARNING: program timed out.
WARNING: program timed out.
FAIL: gcc.dg/pch/decl-1.c  -O1  (test for excess errors)
WARNING: program timed out.
FAIL: gcc.dg/pch/inline-4.c  -O3 -g  (test for excess errors)
WARNING: program timed out.
FAIL: gcc.dg/pch/system-1.c  -O3 -fomit-frame-pointer  (test for excess errors)
XPASS: gcc.dg/vect/vect-22.c scan-tree-dump-times vectorized 3 loops 1

		=== gcc Summary ===

# of expected passes		34415
# of unexpected failures	9
# of unexpected successes	1
# of expected failures		105
# of unresolved testcases	1
# of untested testcases		28
# of unsupported tests		429
/opt/toolchain/amd64/obj/upstream/gcc-4.0/gcc/xgcc  version 4.0.1 20050509 (prerelease)

		=== libstdc++ tests ===


Running target unix
XPASS: 22_locale/locale/cons/12658_thread-1.cc execution test
XPASS: 26_numerics/cmath/c99_classification_macros_c.cc (test for excess errors)
WARNING: program timed out.
FAIL: 27_io/basic_ios/exceptions/char/1.cc (test for excess errors)
XPASS: 27_io/fpos/14320-1.cc execution test

		=== libstdc++ Summary ===

# of expected passes		3618
# of unexpected failures	1
# of unexpected successes	3
# of expected failures		11

Compiler version: 4.0.1 20050509 (prerelease) 
Platform: x86_64-unknown-linux-gnu
configure flags: --prefix=/opt/toolchain/amd64/tot --program-suffix=-4.0 --with-system-zlib --enable-nls --without-included-gettext --disable-multilib --enable-languages=c,c++
Counting all warnings,
there are 0 warnings in stage3 of this bootstrap.

Number of warnings per file:

Number of warning types:


Index Nav: [Date Index] [Subject Index] [Author Index] [Thread Index]
Message Nav: [Date Prev] [Date Next] [Thread Prev] [Thread Next]