This is the mail archive of the
gcc-testresults@gcc.gnu.org
mailing list for the GCC project.
Results for 4.1.0 20050508 (experimental) testsuite on ia64-unknown-linux-gnu
- From: Matthias Klose <doko at debian dot org>
- To: gcc-testresults at gcc dot gnu dot org
- Cc: debian-gcc at lists dot debian dot org
- Date: Sun, 08 May 2005 17:55:09 -0600
- Subject: Results for 4.1.0 20050508 (experimental) testsuite on ia64-unknown-linux-gnu
- Reply-to: Matthias Klose <doko at debian dot org>
.232.41.67] (helo=mx20.gnu.org)
by monty-python.gnu.org with esmtp (TLS-1.0:RSA_ARCFOUR_SHA:16)
(Exim 4.34)
id 1DUvnh-0003cg-Gp
for gcc-testresults@gcc.gnu.org; Sun, 08 May 2005 20:07:09 -0400
Received: from [192.25.206.10] (helo=gluck.debian.org)
by mx20.gnu.org with esmtp (Exim 4.34)
id 1DUvcG-0001oY-3G
for gcc-testresults@gcc.gnu.org; Sun, 08 May 2005 19:55:20 -0400
Received: from doko by gluck.debian.org with local (Exim 3.35 1 (Debian))
id 1DUvc5-0005pm-00; Sun, 08 May 2005 17:55:09 -0600
To: gcc-testresults@gcc.gnu.org
Subject: Results for 4.1.0 20050508 (experimental) testsuite on ia64-unknown-linux-gnu
Cc: debian-gcc@lists.debian.org
From: Matthias Klose <doko@debian.org>
Reply-To: Matthias Klose <doko@debian.org>
Message-Id: <E1DUvc5-0005pm-00@gluck.debian.org>
Date: Sun, 08 May 2005 17:55:09 -0600
LAST_UPDATED: Sun May 8 12:17:34 UTC 2005
Native configuration is ia64-unknown-linux-gnu
=== g++ tests ===
Running target unix
FAIL: g++.dg/opt/longbranch1.C (test for excess errors)
FAIL: g++.dg/other/stdarg3.C (test for excess errors)
XPASS: g++.old-deja/g++.other/init5.C execution test
=== g++ Summary ===
# of expected passes 10536
# of unexpected failures 2
# of unexpected successes 1
# of expected failures 65
# of unsupported tests 95
/home/doko/gcc/snap/gcc-snapshot-20050508/build/gcc/testsuite/../g++ version 4.1.0 20050508 (experimental)
=== gcc tests ===
Running target unix
FAIL: gcc.c-torture/execute/20030928-1.c compilation, -O1
UNRESOLVED: gcc.c-torture/execute/20030928-1.c execution, -O1
FAIL: gcc.c-torture/execute/20030928-1.c compilation, -O2
UNRESOLVED: gcc.c-torture/execute/20030928-1.c execution, -O2
FAIL: gcc.c-torture/execute/20030928-1.c compilation, -O3 -fomit-frame-pointer
UNRESOLVED: gcc.c-torture/execute/20030928-1.c execution, -O3 -fomit-frame-pointer
FAIL: gcc.c-torture/execute/20030928-1.c compilation, -O3 -fomit-frame-pointer -funroll-loops
UNRESOLVED: gcc.c-torture/execute/20030928-1.c execution, -O3 -fomit-frame-pointer -funroll-loops
FAIL: gcc.c-torture/execute/20030928-1.c compilation, -O3 -fomit-frame-pointer -funroll-all-loops -finline-functions
UNRESOLVED: gcc.c-torture/execute/20030928-1.c execution, -O3 -fomit-frame-pointer -funroll-all-loops -finline-functions
FAIL: gcc.c-torture/execute/20030928-1.c compilation, -O3 -g
UNRESOLVED: gcc.c-torture/execute/20030928-1.c execution, -O3 -g
FAIL: gcc.c-torture/execute/20030928-1.c compilation, -Os
UNRESOLVED: gcc.c-torture/execute/20030928-1.c execution, -Os
FAIL: gcc.dg/builtin-apply4.c execution test
FAIL: gcc.dg/uninit-1.c uninitialized variable warning (test for bogus messages, line 16)
FAIL: gcc.dg/tls/opt-9.c (test for excess errors)
FAIL: gcc.dg/tree-ssa/gen-vect-11b.c scan-tree-dump-times vectorized 0 loops 1
FAIL: gcc.dg/tree-ssa/gen-vect-11c.c scan-tree-dump-times vectorized 0 loops 1
FAIL: gcc.dg/tree-ssa/ifc-20040816-1.c (test for excess errors)
XPASS: gcc.dg/tree-ssa/loop-1.c scan-assembler-times foo 5
FAIL: gcc.dg/tree-ssa/loop-4.c scan-tree-dump-times iter 0
XPASS: gcc.dg/vect/vect-22.c scan-tree-dump-times vectorized 3 loops 1
XPASS: gcc.dg/vect/vect-30.c scan-tree-dump-times vectorized 1 loops 2
XPASS: gcc.dg/vect/vect-67.c scan-tree-dump-times vectorized 1 loops 1
XPASS: gcc.dg/vect/vect-8.c scan-tree-dump-times vectorized 1 loops 1
FAIL: gcc.dg/vect/vect-92.c execution test
XPASS: gcc.dg/vect/vect-dv-2.c scan-tree-dump-times vectorized 2 loops 1
XPASS: gcc.dg/vect/vect-ifcvt-1.c scan-tree-dump-times vectorized 2 loops 1
FAIL: gcc.dg/vect/vect-ifcvt-2.c (test for excess errors)
WARNING: gcc.dg/vect/vect-ifcvt-2.c compilation failed to produce executable
FAIL: gcc.dg/vect/vect-ifcvt-3.c (test for excess errors)
WARNING: gcc.dg/vect/vect-ifcvt-3.c compilation failed to produce executable
FAIL: gcc.dg/vect/vect-ifcvt-4.c (test for excess errors)
WARNING: gcc.dg/vect/vect-ifcvt-4.c compilation failed to produce executable
FAIL: gcc.dg/vect/vect-ifcvt-5.c (test for excess errors)
WARNING: gcc.dg/vect/vect-ifcvt-5.c compilation failed to produce executable
FAIL: gcc.dg/vect/vect-ifcvt-6.c (test for excess errors)
WARNING: gcc.dg/vect/vect-ifcvt-6.c compilation failed to produce executable
FAIL: gcc.dg/vect/vect-ifcvt-7.c (test for excess errors)
WARNING: gcc.dg/vect/vect-ifcvt-7.c compilation failed to produce executable
FAIL: gcc.dg/vect/vect-ifcvt-9.c (test for excess errors)
WARNING: gcc.dg/vect/vect-ifcvt-9.c compilation failed to produce executable
FAIL: gcc.dg/vect/vect-ifcvt-9.c scan-tree-dump-times vectorized 1 loops 2
FAIL: gcc.dg/vect/vect-none.c (test for excess errors)
FAIL: gcc.dg/vect/vect-none.c scan-tree-dump-times vectorized 1 loops 3
=== gcc Summary ===
# of expected passes 34426
# of unexpected failures 25
# of unexpected successes 7
# of expected failures 134
# of unresolved testcases 7
# of untested testcases 28
# of unsupported tests 476
/home/doko/gcc/snap/gcc-snapshot-20050508/build/gcc/xgcc version 4.1.0 20050508 (experimental)
=== gfortran tests ===
Running target unix
XPASS: gfortran.dg/ret_pointer_1.f90 -O0 execution test
XPASS: gfortran.dg/ret_pointer_1.f90 -O1 execution test
XPASS: gfortran.dg/ret_pointer_1.f90 -O2 execution test
XPASS: gfortran.dg/ret_pointer_1.f90 -O3 -fomit-frame-pointer execution test
XPASS: gfortran.dg/ret_pointer_1.f90 -O3 -fomit-frame-pointer -funroll-loops execution test
XPASS: gfortran.dg/ret_pointer_1.f90 -O3 -fomit-frame-pointer -funroll-all-loops -finline-functions execution test
XPASS: gfortran.dg/ret_pointer_1.f90 -O3 -g execution test
XPASS: gfortran.dg/ret_pointer_1.f90 -Os execution test
FAIL: gfortran.fortran-torture/execute/forall_3.f90 execution, -O0
FAIL: gfortran.fortran-torture/execute/forall_3.f90 execution, -O1
FAIL: gfortran.fortran-torture/execute/forall_3.f90 execution, -O2
FAIL: gfortran.fortran-torture/execute/forall_3.f90 execution, -O3 -fomit-frame-pointer
FAIL: gfortran.fortran-torture/execute/forall_3.f90 execution, -O3 -fomit-frame-pointer -funroll-loops
FAIL: gfortran.fortran-torture/execute/forall_3.f90 execution, -O3 -fomit-frame-pointer -funroll-all-loops -finline-functions
FAIL: gfortran.fortran-torture/execute/forall_3.f90 execution, -O3 -g
FAIL: gfortran.fortran-torture/execute/forall_3.f90 execution, -Os
=== gfortran Summary ===
# of expected passes 6617
# of unexpected failures 8
# of unexpected successes 8
# of expected failures 30
# of unsupported tests 17
/home/doko/gcc/snap/gcc-snapshot-20050508/build/gcc/testsuite/../gfortran version 4.1.0 20050508 (experimental)
=== objc tests ===
Running target unix
=== objc Summary ===
# of expected passes 1532
# of unsupported tests 13
/home/doko/gcc/snap/gcc-snapshot-20050508/build/gcc/xgcc version 4.1.0 20050508 (experimental)
=== treelang tests ===
Running target unix
=== treelang Summary ===
# of expected passes 48
=== libffi tests ===
Running target unix
=== libffi Summary ===
# of expected passes 219
# of unsupported tests 2
=== libjava tests ===
Running target unix
FAIL: Array_3 -O3 execution - bytecode->native test
FAIL: Class_1 execution - gij test
FAIL: Class_1 execution - gij test
FAIL: InvokeInterface execution - gij test
FAIL: InvokeInterface execution - gij test
FAIL: PR12350 execution - gij test
FAIL: PR12350 execution - gij test
FAIL: PR12416 execution - gij test
FAIL: PR12416 execution - gij test
FAIL: PR260 execution - gij test
FAIL: PR260 execution - gij test
FAIL: SyncTest execution - gij test
FAIL: SyncTest execution - gij test
FAIL: invokethrow execution - gij test
FAIL: invokethrow execution - gij test
FAIL: pr179 execution - gij test
FAIL: pr179 execution - gij test
FAIL: pr8415 execution - gij test
FAIL: pr8415 execution - gij test
FAIL: stringconst2 output - gij test
FAIL: stringconst2 output - gij test
FAIL: pr21115 run
=== libjava Summary ===
# of expected passes 3768
# of unexpected failures 22
# of expected failures 10
# of untested testcases 28
=== libmudflap tests ===
Running target unix
=== libmudflap Summary ===
# of expected passes 1331
=== libstdc++ tests ===
Running target unix
FAIL: 22_locale/locale/cons/12658_thread-1.cc execution test
FAIL: 22_locale/messages/members/char/1.cc execution test
FAIL: 22_locale/messages/members/char/2.cc execution test
FAIL: 22_locale/messages/members/char/wrapped_env.cc execution test
FAIL: 22_locale/messages/members/char/wrapped_locale.cc execution test
FAIL: 22_locale/messages_byname/named_equivalence.cc execution test
FAIL: 23_containers/vector/capacity/8230.cc execution test
XPASS: 26_numerics/cmath/c99_classification_macros_c.cc (test for excess errors)
XPASS: 27_io/fpos/14320-1.cc execution test
FAIL: ext/stdio_sync_filebuf/wchar_t/12077.cc (test for excess errors)
WARNING: ext/stdio_sync_filebuf/wchar_t/12077.cc compilation failed to produce executable
=== libstdc++ Summary ===
# of expected passes 3626
# of unexpected failures 8
# of unexpected successes 2
# of expected failures 11
Compiler version: 4.1.0 20050508 (experimental)
Platform: ia64-unknown-linux-gnu
configure flags: -v --prefix=/usr/lib/gcc-snapshot --enable-shared --with-system-zlib --disable-nls --enable-__cxa_atexit --enable-libstdcxx-allocator=mt --enable-clocale=gnu --enable-libstdcxx-debug --enable-java-gc=boehm --enable-java-awt=gtk --enable-mpfr --disable-werror --with-system-libunwind --disable-werror ia64-linux --enable-languages=c,c++,f95,java,objc,treelang
BOOT_CFLAGS=-O2
Build Dependencies:
Desired=Unknown/Install/Remove/Purge/Hold
| Status=Not/Installed/Config-files/Unpacked/Failed-config/Half-installed
|/ Err?=(none)/Hold/Reinst-required/X=both-problems (Status,Err: uppercase=bad)
||/ Name Version Description
+++-==============-==============-============================================
ii binutils 2.15-5.1 The GNU assembler, linker and binary utiliti
ii libc6.1-dev 2.3.2.ds1-21 GNU C Library: Development Libraries and Hea
Patches that Debian applied in this version:
Counting all warnings,
there are 122 warnings in stage3 of this bootstrap.
Number of warnings per file:
88 genattrtab
11 treelang/lex.c
11 gengtype-lex.c
3 gcc/gcc.c
2 gcc/objc/lang-specs.h
1 gcc/treelang/parse.y
1 gcc/java/jvspec.c
1 gcc/fortran/trans-common.c
1 gcc/fortran/simplify.c
1 gcc/fortran/resolve.c
1 gcc/fortran/expr.c
1 gcc/config/ia64/itanium2.md
Number of warning types:
56 unit `???' excludes and requires presence of `???'
32 unit `???' is not used
22 no previous prototype for `???'
7 string length `???' is greater than the length `???' ISO C89 compilers are required to support
5 control may reach end of non-void function `???' being inlined