This is the mail archive of the
gcc-testresults@gcc.gnu.org
mailing list for the GCC project.
Results for 4.0.120050508(prerelease) testsuite on mips64-unknown-elf
- From: Richard Sandiford <rsandifo at redhat dot com>
- To: gcc-testresults at gcc dot gnu dot org
- Date: Sun, 08 May 2005 12:52:28 +0100
- Subject: Results for 4.0.120050508(prerelease) testsuite on mips64-unknown-elf
LAST_UPDATED:
Target is mips64-unknown-elf
Host is i686-pc-linux-gnulibc2.3
=== gcc tests ===
Running target mips-sim
FAIL: gcc.c-torture/execute/ieee/copysign1.c execution, -O0
FAIL: gcc.c-torture/execute/ieee/copysign1.c execution, -O1
FAIL: gcc.c-torture/execute/ieee/copysign1.c execution, -O2
FAIL: gcc.c-torture/execute/ieee/copysign1.c execution, -O3 -fomit-frame-pointer
FAIL: gcc.c-torture/execute/ieee/copysign1.c execution, -O3 -fomit-frame-pointer -funroll-loops
FAIL: gcc.c-torture/execute/ieee/copysign1.c execution, -O3 -fomit-frame-pointer -funroll-all-loops -finline-functions
FAIL: gcc.c-torture/execute/ieee/copysign1.c execution, -O3 -g
FAIL: gcc.c-torture/execute/ieee/copysign1.c execution, -Os
=== gcc Summary ===
# of expected passes 33789
# of unexpected failures 8
# of expected failures 75
# of untested testcases 28
# of unsupported tests 466
/es/scratch/rsandifo/gcc/gcc-4_0-branch/mips64-elf/i686-pc-linux-gnulibc2.3/gcc/xgcc version 4.0.1 20050508 (prerelease)
Host is i686-pc-linux-gnulibc2.3
=== g++ tests ===
Running target mips-sim
=== g++ Summary ===
# of expected passes 10726
# of expected failures 70
# of unsupported tests 110
/es/scratch/rsandifo/gcc/gcc-4_0-branch/mips64-elf/i686-pc-linux-gnulibc2.3/gcc/testsuite/../g++ version 4.0.1 20050508 (prerelease)
Host is i686-pc-linux-gnulibc2.3
=== objc tests ===
Running target mips-sim
FAIL: objc.dg/stabs-1.m scan-assembler (.SUBSPA.*[\$]CODE[\$]|.text"?)\\n\\t.stabs.*100,0,0,(\\\\.)?L?L[\$]?etext[0-9]*\\n(\\\\.)?L?L[\$]?etext
=== objc Summary ===
# of expected passes 1533
# of unexpected failures 1
# of unsupported tests 10
/es/scratch/rsandifo/gcc/gcc-4_0-branch/mips64-elf/i686-pc-linux-gnulibc2.3/gcc/xgcc version 4.0.1 20050508 (prerelease)
Compiler version: 4.0.120050508(prerelease)
Platform: mips64-unknown-elf
configure flags: --prefix=/es/scratch/rsandifo/usr/gcc-4_0-branch --exec-prefix=/es/scratch/rsandifo/usr/gcc-4_0-branch/H-i686-pc-linux-gnulibc2.3 --build=i686-pc-linux-gnulibc2.3 --host=i686-pc-linux-gnulibc2.3 --target=mips64-elf --enable-checking --with-gnu-as --with-as=/es/scratch/rsandifo/usr/src/H-i686-pc-linux-gnulibc2.3/bin/mips64-elf-as --with-gnu-ld --with-ld=/es/scratch/rsandifo/usr/src/H-i686-pc-linux-gnulibc2.3/bin/mips64-elf-ld --enable-languages=c,c++,objc