This is the mail archive of the gcc-testresults@gcc.gnu.org mailing list for the GCC project.
Index Nav: | [Date Index] [Subject Index] [Author Index] [Thread Index] | |
---|---|---|
Message Nav: | [Date Prev] [Date Next] | [Thread Prev] [Thread Next] |
Other format: | [Raw text] |
LAST_UPDATED: Native configuration is i386-pc-solaris2.10.1 === g++ tests === Running target unix/-m32 === g++ Summary for unix/-m32 === # of expected passes 10964 # of expected failures 66 # of unsupported tests 98 Running target unix/-m64 FAIL: g++.dg/opt/inline9.C (test for excess errors) WARNING: g++.dg/opt/inline9.C compilation failed to produce executable FAIL: g++.old-deja/g++.law/profile1.C execution test === g++ Summary for unix/-m64 === # of expected passes 10887 # of unexpected failures 2 # of expected failures 66 # of unsupported tests 121 === g++ Summary === # of expected passes 21851 # of unexpected failures 2 # of expected failures 132 # of unsupported tests 219 /home/joseph/src/gcc-build/gcc/testsuite/../g++ version 4.1.0 20050507 (experimental) === gcc tests === Running target unix/-m32 FAIL: gcc.dg/uninit-1.c uninitialized variable warning (test for bogus messages, line 16) FAIL: largefile.c -O0 -g (test for excess errors) FAIL: largefile.c -O0 (test for excess errors) FAIL: largefile.c -O1 (test for excess errors) FAIL: largefile.c -O2 (test for excess errors) FAIL: largefile.c -O3 -fomit-frame-pointer (test for excess errors) FAIL: largefile.c -O3 -g (test for excess errors) FAIL: largefile.c -Os (test for excess errors) XPASS: gcc.dg/tree-ssa/20040204-1.c scan-tree-dump-times link_error 0 FAIL: gcc.dg/tree-ssa/loop-4.c scan-tree-dump-times arr_base.[^0][^\\n\\r]*= 0 FAIL: gcc.dg/vect/pr18400.c execution test FAIL: gcc.dg/vect/pr20122.c execution test FAIL: gcc.dg/vect/vect-17.c execution test FAIL: gcc.dg/vect/vect-18.c execution test FAIL: gcc.dg/vect/vect-19.c execution test FAIL: gcc.dg/vect/vect-2.c execution test FAIL: gcc.dg/vect/vect-20.c execution test FAIL: gcc.dg/vect/vect-22.c execution test XPASS: gcc.dg/vect/vect-22.c scan-tree-dump-times vectorized 3 loops 1 FAIL: gcc.dg/vect/vect-26.c execution test FAIL: gcc.dg/vect/vect-27.c execution test FAIL: gcc.dg/vect/vect-3.c execution test FAIL: gcc.dg/vect/vect-31.c execution test FAIL: gcc.dg/vect/vect-32.c execution test FAIL: gcc.dg/vect/vect-34.c execution test FAIL: gcc.dg/vect/vect-36.c execution test FAIL: gcc.dg/vect/vect-4.c execution test FAIL: gcc.dg/vect/vect-40.c execution test FAIL: gcc.dg/vect/vect-42.c execution test FAIL: gcc.dg/vect/vect-43.c execution test FAIL: gcc.dg/vect/vect-46.c execution test FAIL: gcc.dg/vect/vect-48.c execution test FAIL: gcc.dg/vect/vect-5.c execution test FAIL: gcc.dg/vect/vect-52.c execution test FAIL: gcc.dg/vect/vect-54.c execution test FAIL: gcc.dg/vect/vect-56.c execution test FAIL: gcc.dg/vect/vect-58.c execution test FAIL: gcc.dg/vect/vect-6.c execution test FAIL: gcc.dg/vect/vect-60.c execution test FAIL: gcc.dg/vect/vect-62.c execution test FAIL: gcc.dg/vect/vect-64.c execution test FAIL: gcc.dg/vect/vect-65.c execution test FAIL: gcc.dg/vect/vect-66.c execution test XPASS: gcc.dg/vect/vect-67.c scan-tree-dump-times vectorized 1 loops 1 FAIL: gcc.dg/vect/vect-68.c execution test FAIL: gcc.dg/vect/vect-7.c execution test FAIL: gcc.dg/vect/vect-72.c execution test FAIL: gcc.dg/vect/vect-73.c execution test FAIL: gcc.dg/vect/vect-89.c execution test FAIL: gcc.dg/vect/vect-92.c execution test FAIL: gcc.dg/vect/vect-93.c execution test FAIL: gcc.dg/vect/vect-97.c execution test FAIL: gcc.dg/vect/vect-all.c execution test FAIL: gcc.dg/vect/vect-dv-2.c execution test FAIL: gcc.dg/vect/vect-ifcvt-1.c execution test FAIL: gcc.dg/vect/vect-ifcvt-2.c (test for excess errors) WARNING: gcc.dg/vect/vect-ifcvt-2.c compilation failed to produce executable FAIL: gcc.dg/vect/vect-ifcvt-3.c (test for excess errors) WARNING: gcc.dg/vect/vect-ifcvt-3.c compilation failed to produce executable FAIL: gcc.dg/vect/vect-ifcvt-4.c (test for excess errors) WARNING: gcc.dg/vect/vect-ifcvt-4.c compilation failed to produce executable FAIL: gcc.dg/vect/vect-ifcvt-5.c (test for excess errors) WARNING: gcc.dg/vect/vect-ifcvt-5.c compilation failed to produce executable FAIL: gcc.dg/vect/vect-ifcvt-6.c (test for excess errors) WARNING: gcc.dg/vect/vect-ifcvt-6.c compilation failed to produce executable FAIL: gcc.dg/vect/vect-ifcvt-7.c (test for excess errors) WARNING: gcc.dg/vect/vect-ifcvt-7.c compilation failed to produce executable FAIL: gcc.dg/vect/vect-ifcvt-9.c (test for excess errors) WARNING: gcc.dg/vect/vect-ifcvt-9.c compilation failed to produce executable FAIL: gcc.dg/vect/vect-ifcvt-9.c scan-tree-dump-times vectorized 1 loops 2 FAIL: gcc.dg/vect/vect-none.c (test for excess errors) FAIL: gcc.target/i386/abi-1.c scan-assembler xmm0 === gcc Summary for unix/-m32 === # of expected passes 35338 # of unexpected failures 62 # of unexpected successes 3 # of expected failures 102 # of untested testcases 35 # of unsupported tests 352 Running target unix/-m64 FAIL: gcc.dg/i386-387-8.c (test for excess errors) ERROR: gcc.dg/i386-387-8.c: error executing dg-final: couldn't open "i386-387-8.s": no such file or directory UNRESOLVED: gcc.dg/i386-387-8.c: error executing dg-final: couldn't open "i386-387-8.s": no such file or directory WARNING: gcc.dg/i386-loop-1.c compilation failed to produce executable FAIL: gcc.dg/i386-ssefn-1.c scan-assembler-not movsd FAIL: gcc.dg/i386-ssefn-1.c scan-assembler-not mulsd FAIL: gcc.dg/ia64-sync-1.c (test for excess errors) WARNING: gcc.dg/ia64-sync-1.c compilation failed to produce executable FAIL: gcc.dg/ia64-sync-2.c (test for excess errors) WARNING: gcc.dg/ia64-sync-2.c compilation failed to produce executable FAIL: gcc.dg/ia64-sync-3.c (test for excess errors) WARNING: gcc.dg/ia64-sync-3.c compilation failed to produce executable FAIL: gcc.dg/ia64-sync-4.c (test for excess errors) FAIL: gcc.dg/nest.c execution test FAIL: gcc.dg/uninit-1.c uninitialized variable warning (test for bogus messages, line 16) FAIL: largefile.c -O0 -g (test for excess errors) FAIL: largefile.c -O0 (test for excess errors) FAIL: largefile.c -O1 (test for excess errors) FAIL: largefile.c -O2 (test for excess errors) FAIL: largefile.c -O3 -fomit-frame-pointer (test for excess errors) FAIL: largefile.c -O3 -g (test for excess errors) FAIL: largefile.c -Os (test for excess errors) FAIL: gcc.dg/tree-ssa/gen-vect-11c.c scan-tree-dump-times vectorized 0 loops 1 FAIL: gcc.dg/tree-ssa/ifc-20040816-1.c (test for excess errors) FAIL: gcc.dg/tree-ssa/loop-4.c scan-tree-dump-times arr_base.[^0][^\\n\\r]*= 0 FAIL: gcc.dg/tree-ssa/stdarg-2.c scan-tree-dump f3: va_list escapes 0, needs to save [1-9][0-9]* GPR units FAIL: gcc.dg/tree-ssa/stdarg-2.c scan-tree-dump f12: va_list escapes 0, needs to save [1-9][0-9]* GPR units FAIL: gcc.dg/tree-ssa/stdarg-2.c scan-tree-dump f13: va_list escapes 0, needs to save [1-9][0-9]* GPR units FAIL: gcc.dg/tree-ssa/stdarg-4.c scan-tree-dump f2: va_list escapes [01], needs to save all GPR units FAIL: gcc.dg/tree-ssa/stdarg-4.c scan-tree-dump f4: va_list escapes 0, needs to save [148] GPR units XPASS: gcc.dg/vect/vect-22.c scan-tree-dump-times vectorized 3 loops 1 XPASS: gcc.dg/vect/vect-67.c scan-tree-dump-times vectorized 1 loops 1 FAIL: gcc.dg/vect/vect-ifcvt-2.c (test for excess errors) WARNING: gcc.dg/vect/vect-ifcvt-2.c compilation failed to produce executable FAIL: gcc.dg/vect/vect-ifcvt-3.c (test for excess errors) WARNING: gcc.dg/vect/vect-ifcvt-3.c compilation failed to produce executable FAIL: gcc.dg/vect/vect-ifcvt-4.c (test for excess errors) WARNING: gcc.dg/vect/vect-ifcvt-4.c compilation failed to produce executable FAIL: gcc.dg/vect/vect-ifcvt-5.c (test for excess errors) WARNING: gcc.dg/vect/vect-ifcvt-5.c compilation failed to produce executable FAIL: gcc.dg/vect/vect-ifcvt-6.c (test for excess errors) WARNING: gcc.dg/vect/vect-ifcvt-6.c compilation failed to produce executable FAIL: gcc.dg/vect/vect-ifcvt-7.c (test for excess errors) WARNING: gcc.dg/vect/vect-ifcvt-7.c compilation failed to produce executable FAIL: gcc.dg/vect/vect-ifcvt-9.c (test for excess errors) WARNING: gcc.dg/vect/vect-ifcvt-9.c compilation failed to produce executable FAIL: gcc.dg/vect/vect-ifcvt-9.c scan-tree-dump-times vectorized 1 loops 2 FAIL: gcc.dg/vect/vect-none.c (test for excess errors) FAIL: gcc.target/i386/asm-1.c (test for errors, line 4) === gcc Summary for unix/-m64 === # of expected passes 35097 # of unexpected failures 34 # of unexpected successes 2 # of expected failures 108 # of unresolved testcases 1 # of untested testcases 35 # of unsupported tests 444 === gcc Summary === # of expected passes 70435 # of unexpected failures 96 # of unexpected successes 5 # of expected failures 210 # of unresolved testcases 1 # of untested testcases 70 # of unsupported tests 796 /home/joseph/src/gcc-build/gcc/xgcc version 4.1.0 20050507 (experimental) === libstdc++ tests === Running target unix/-m32 FAIL: 22_locale/num_put/put/char/14220.cc execution test FAIL: 22_locale/num_put/put/wchar_t/14220.cc execution test FAIL: ext/stdio_sync_filebuf/wchar_t/12077.cc (test for excess errors) WARNING: ext/stdio_sync_filebuf/wchar_t/12077.cc compilation failed to produce executable === libstdc++ Summary for unix/-m32 === # of expected passes 3631 # of unexpected failures 3 # of expected failures 12 Running target unix/-m64 XPASS: 27_io/fpos/14320-1.cc execution test FAIL: ext/stdio_sync_filebuf/wchar_t/12077.cc (test for excess errors) WARNING: ext/stdio_sync_filebuf/wchar_t/12077.cc compilation failed to produce executable === libstdc++ Summary for unix/-m64 === # of expected passes 3633 # of unexpected failures 1 # of unexpected successes 1 # of expected failures 11 === libstdc++ Summary === # of expected passes 7264 # of unexpected failures 4 # of unexpected successes 1 # of expected failures 23 Compiler version: 4.1.0 20050507 (experimental) Platform: i386-pc-solaris2.10.1 configure flags: --prefix=/home/joseph/i386/gcc-mainline --with-gnu-as --with-as=/usr/sfw/bin/gas --without-gnu-ld --with-ld=/usr/ccs/bin/ld --enable-shared --enable-languages=c,c++
Index Nav: | [Date Index] [Subject Index] [Author Index] [Thread Index] | |
---|---|---|
Message Nav: | [Date Prev] [Date Next] | [Thread Prev] [Thread Next] |