This is the mail archive of the gcc-testresults@gcc.gnu.org mailing list for the GCC project.


Index Nav: [Date Index] [Subject Index] [Author Index] [Thread Index]
Message Nav: [Date Prev] [Date Next] [Thread Prev] [Thread Next]
Other format: [Raw text]

Results for 4.0.1 20050505 (prerelease) testsuite on hppa2.0w-hp-hpux11.23


LAST_UPDATED: Thu May  5 08:21:21 UTC 2005

Native configuration is hppa2.0w-hp-hpux11.23

		=== g++ tests ===


Running target unix

		=== g++ Summary ===

# of expected passes		10543
# of expected failures		70
# of unsupported tests		128
/scratch/gcc/nightly-2005-05-05-4.0/hppa2.0w-hp-hpux11.23/build_gcc/build/gcc-4.0-2005-05-05-nightly-hppa2.0w-hp-hpux11.23/gcc/testsuite/../g++  version 4.0.1 20050505 (prerelease)

		=== gcc tests ===


Running target unix
FAIL: gcc.c-torture/execute/20000822-1.c execution,  -O0 
FAIL: gcc.c-torture/execute/20000822-1.c execution,  -O1 
FAIL: gcc.c-torture/execute/20000822-1.c execution,  -O2 
FAIL: gcc.c-torture/execute/20000822-1.c execution,  -O3 -fomit-frame-pointer 
FAIL: gcc.c-torture/execute/20000822-1.c execution,  -O3 -g 
FAIL: gcc.c-torture/execute/20000822-1.c execution,  -Os 
FAIL: gcc.c-torture/execute/nestfunc-3.c execution,  -O0 
FAIL: gcc.c-torture/execute/nestfunc-3.c execution,  -O1 
FAIL: gcc.c-torture/execute/nestfunc-3.c execution,  -O2 
FAIL: gcc.c-torture/execute/nestfunc-3.c execution,  -O3 -fomit-frame-pointer 
FAIL: gcc.c-torture/execute/nestfunc-3.c execution,  -O3 -fomit-frame-pointer -funroll-loops 
FAIL: gcc.c-torture/execute/nestfunc-3.c execution,  -O3 -fomit-frame-pointer -funroll-all-loops -finline-functions 
FAIL: gcc.c-torture/execute/nestfunc-3.c execution,  -O3 -g 
FAIL: gcc.c-torture/execute/nestfunc-3.c execution,  -Os 
FAIL: gcc.c-torture/execute/nestfunc-5.c execution,  -O0 
FAIL: gcc.c-torture/execute/nestfunc-5.c execution,  -O1 
FAIL: gcc.c-torture/execute/nestfunc-5.c execution,  -O2 
FAIL: gcc.c-torture/execute/nestfunc-5.c execution,  -O3 -fomit-frame-pointer 
FAIL: gcc.c-torture/execute/nestfunc-5.c execution,  -O3 -g 
FAIL: gcc.c-torture/execute/nestfunc-5.c execution,  -Os 
FAIL: gcc.c-torture/execute/nestfunc-6.c execution,  -O0 
FAIL: gcc.c-torture/execute/nestfunc-6.c execution,  -O1 
FAIL: gcc.c-torture/execute/nestfunc-6.c execution,  -O2 
FAIL: gcc.c-torture/execute/nestfunc-6.c execution,  -O3 -fomit-frame-pointer 
FAIL: gcc.c-torture/execute/nestfunc-6.c execution,  -O3 -g 
FAIL: gcc.c-torture/execute/nestfunc-6.c execution,  -Os 
XPASS: gcc.dg/const-elim-1.c scan-assembler-not L\\\\\$?C[^A-Z]
FAIL: gcc.dg/trampoline-1.c execution test
FAIL: gcc.dg/special/weak-1.c execution test

		=== gcc Summary ===

# of expected passes		33342
# of unexpected failures	28
# of unexpected successes	1
# of expected failures		76
# of untested testcases		28
# of unsupported tests		563
/scratch/gcc/nightly-2005-05-05-4.0/hppa2.0w-hp-hpux11.23/build_gcc/build/gcc-4.0-2005-05-05-nightly-hppa2.0w-hp-hpux11.23/gcc/xgcc  version 4.0.1 20050505 (prerelease)

		=== libstdc++ tests ===


Running target unix
WARNING: 22_locale/collate/compare/wchar_t/2.cc compilation failed to produce executable
WARNING: 22_locale/collate/compare/wchar_t/wrapped_env.cc compilation failed to produce executable
WARNING: 22_locale/collate/compare/wchar_t/wrapped_locale.cc compilation failed to produce executable
WARNING: 22_locale/collate/hash/wchar_t/2.cc compilation failed to produce executable
WARNING: 22_locale/collate/hash/wchar_t/wrapped_env.cc compilation failed to produce executable
WARNING: 22_locale/collate/hash/wchar_t/wrapped_locale.cc compilation failed to produce executable
WARNING: 22_locale/collate/transform/wchar_t/2.cc compilation failed to produce executable
WARNING: 22_locale/collate/transform/wchar_t/wrapped_env.cc compilation failed to produce executable
WARNING: 22_locale/collate/transform/wchar_t/wrapped_locale.cc compilation failed to produce executable

		=== libstdc++ Summary ===

# of expected passes		3593
# of expected failures		21
# of unsupported tests		10

Compiler version: 4.0.1 20050505 (prerelease) 
Platform: hppa2.0w-hp-hpux11.23
configure flags: --build=hppa2.0w-hp-hpux11.23 --host=hppa2.0w-hp-hpux11.23 --target=hppa2.0w-hp-hpux11.23 --enable-threads=posix --disable-nls --disable-libmudflap --with-gnu-as --with-as=/scratch/gcc/nightly-2005-05-05-4.0/hppa2.0w-hp-hpux11.23/build_gcc/install/bin/as --without-gnu-ld --with-ld=/usr/ccs/bin/ld --prefix=/scratch/gcc/nightly-2005-05-05-4.0/hppa2.0w-hp-hpux11.23/build_gcc/install --enable-languages=c,c++


Index Nav: [Date Index] [Subject Index] [Author Index] [Thread Index]
Message Nav: [Date Prev] [Date Next] [Thread Prev] [Thread Next]