This is the mail archive of the
gcc-testresults@gcc.gnu.org
mailing list for the GCC project.
Results for 4.0.0 testsuite on sparc-sun-solaris2.10.1
- From: Chen Chinyue <chinyue at chinyue dot com>
- To: gcc-testresults at gcc dot gnu dot org
- Date: Fri, 06 May 2005 01:57:30 +0800
- Subject: Results for 4.0.0 testsuite on sparc-sun-solaris2.10.1
LAST_UPDATED: Obtained from CVS: -rgcc_4_0_0_release
Native configuration is sparc-sun-solaris2.10.1
=== g++ tests ===
Running target unix
ERROR: g++.dg/abi/rtti1.C: error executing dg-final: couldn't execute
"c++filt": no such file or directory
UNRESOLVED: g++.dg/abi/rtti1.C: error executing dg-final: couldn't
execute "c++filt": no such file or directory
=== g++ Summary ===
# of expected passes 10771
# of expected failures 70
# of unresolved testcases 1
# of unsupported tests 117
/home/chinyue/src/gcc4obj/gcc/testsuite/../g++ version 4.0.0
=== gcc tests ===
Running target unix
=== gcc Summary ===
# of expected passes 33327
# of expected failures 102
# of untested testcases 28
# of unsupported tests 532
/home/chinyue/src/gcc4obj/gcc/xgcc version 4.0.0
=== objc tests ===
Running target unix
=== objc Summary ===
# of expected passes 1534
# of unsupported tests 10
/home/chinyue/src/gcc4obj/gcc/xgcc version 4.0.0
=== libffi tests ===
Running target unix
=== libffi Summary ===
# of expected passes 219
# of unsupported tests 2
=== libjava tests ===
Running target unix
FAIL: InnerExcept compilation from bytecode
FAIL: InnerExcept -O3 compilation from bytecode
FAIL: PR12374 compilation from bytecode
FAIL: PR12374 -O3 compilation from bytecode
FAIL: PR1343 compilation from bytecode
FAIL: PR1343 -O3 compilation from bytecode
FAIL: PR16675 compilation from bytecode
FAIL: PR16675 -O3 compilation from bytecode
FAIL: PR238 compilation from bytecode
FAIL: PR238 -O3 compilation from bytecode
FAIL: PR295 compilation from bytecode
FAIL: PR295 -O3 compilation from bytecode
FAIL: SuperConstr compilation from bytecode
FAIL: SuperConstr -O3 compilation from bytecode
FAIL: XercesBug compilation from bytecode
FAIL: XercesBug -O3 compilation from bytecode
FAIL: inner_1 compilation from bytecode
FAIL: inner_1 -O3 compilation from bytecode
FAIL: inner_data compilation from bytecode
FAIL: inner_data -O3 compilation from bytecode
FAIL: inner_inherit compilation from bytecode
FAIL: inner_inherit -O3 compilation from bytecode
FAIL: inner_priv compilation from bytecode
FAIL: inner_priv -O3 compilation from bytecode
FAIL: inner_pub compilation from bytecode
FAIL: inner_pub -O3 compilation from bytecode
FAIL: not_a_redef compilation from bytecode
FAIL: not_a_redef -O3 compilation from bytecode
FAIL: pr172 compilation from bytecode
FAIL: pr172 -O3 compilation from bytecode
FAIL: pr174 compilation from bytecode
FAIL: pr174 -O3 compilation from bytecode
FAIL: pr17500 compilation from bytecode
FAIL: pr17500 -O3 compilation from bytecode
FAIL: pr176 compilation from bytecode
FAIL: pr176 -O3 compilation from bytecode
FAIL: static_2 compilation from bytecode
FAIL: static_2 -O3 compilation from bytecode
FAIL: static_3 compilation from bytecode
FAIL: static_3 -O3 compilation from bytecode
FAIL: static_inner compilation from bytecode
FAIL: static_inner -O3 compilation from bytecode
FAIL: Array_3 execution - gij test
FAIL: Array_3 execution - gij test
FAIL: FileHandleGcTest execution - source compiled test
FAIL: FileHandleGcTest execution - gij test
FAIL: FileHandleGcTest execution - bytecode->native test
FAIL: FileHandleGcTest -O3 execution - source compiled test
FAIL: FileHandleGcTest execution - gij test
FAIL: FileHandleGcTest -O3 execution - bytecode->native test
=== libjava Summary ===
# of expected passes 3732
# of unexpected failures 50
# of expected failures 14
# of untested testcases 24
=== libstdc++ tests ===
Running target unix
XPASS: 27_io/basic_istream/extractors_arithmetic/char/12.cc execution test
XPASS: 27_io/basic_istream/extractors_arithmetic/wchar_t/12.cc execution
test
=== libstdc++ Summary ===
# of expected passes 3620
# of unexpected successes 2
# of expected failures 12
Compiler version: 4.0.0
Platform: sparc-sun-solaris2.10.1
configure flags: --prefix=/usr/local/gcc4 --with-as=/usr/ccs/bin/as
--with-ld=/usr/ccs/bin/ld --enable-languages=c,c++,java,objc