This is the mail archive of the gcc-testresults@gcc.gnu.org mailing list for the GCC project.


Index Nav: [Date Index] [Subject Index] [Author Index] [Thread Index]
Message Nav: [Date Prev] [Date Next] [Thread Prev] [Thread Next]
Other format: [Raw text]

Results for 4.0.0 testsuite on powerpc-apple-darwin8.0.0


Host is an iMac G5 running Mac OS X 10.4 rel 8a428.

Bootstrap compiler is gcc3.3 from www.macada.org to include Ada95.
    264% gcc-3.3 -v
    Reading specs from /usr/libexec/gcc/darwin/ppc/3.3/specs
    Thread model: posix
    gcc version 3.3 20040913 (GNAT for Mac OS X build 1650)

Although this compiler was configured for darwin 7.x it appears to have worked well enough. I was not able to complete bootstrap with the gcc 4.0.0 built for darwin 7.9.0 earlier. GMP and MPFR were built with darwinports by the Apple 4.0 compiler.

Apparently the stock cctools release is:
Apple Computer, Inc. version cctools-576.obj~23, GNU assembler version 1.38


-Chris

LAST_UPDATED: Obtained from CVS: -rgcc_4_0_0_release

        === acats tests ===
FAIL:    c250002
FAIL:    cxaca01

        === acats Summary ===
# of expected passes        2318
# of unexpected failures    2
Native configuration is powerpc-apple-darwin8.0.0

=== g++ tests ===


Running target unix
ERROR: g++.dg/tree-ssa/pr15791-3.C: error executing dg-final: no files matched glob pattern "pr15791-3.C.t??.gimple"
UNRESOLVED: g++.dg/tree-ssa/pr15791-3.C: error executing dg-final: no files matched glob pattern "pr15791-3.C.t??.gimple"
ERROR: g++.dg/tree-ssa/pr15791-4.C: error executing dg-final: no files matched glob pattern "pr15791-4.C.t??.gimple"
UNRESOLVED: g++.dg/tree-ssa/pr15791-4.C: error executing dg-final: no files matched glob pattern "pr15791-4.C.t??.gimple"
ERROR: g++.dg/tree-ssa/pr15791-5.C: error executing dg-final: no files matched glob pattern "pr15791-5.C.t??.gimple"
UNRESOLVED: g++.dg/tree-ssa/pr15791-5.C: error executing dg-final: no files matched glob pattern "pr15791-5.C.t??.gimple"
FAIL: g++.dg/warn/weak1.C (test for excess errors)
WARNING: g++.dg/warn/weak1.C compilation failed to produce executable
FAIL: g++.dg/special/conpr-3.C execution test
XPASS: g++.old-deja/g++.eh/badalloc1.C execution test


=== g++ Summary ===

# of expected passes 10793
# of unexpected failures 2
# of unexpected successes 1
# of expected failures 70
# of unresolved testcases 3
# of unsupported tests 97
/Volumes/Playland/projects/gnu/gcc-stuff/powerpc-apple-darwin8.0.0/ gcc/testsuite/../g++ version 4.0.0


=== gcc tests ===


Running target unix
FAIL: tmpdir-gcc.dg-struct-layout-1/t001 c_compat_x_tst.o- c_compat_y_tst.o execute
FAIL: tmpdir-gcc.dg-struct-layout-1/t024 c_compat_x_tst.o- c_compat_y_tst.o execute
FAIL: tmpdir-gcc.dg-struct-layout-1/t025 c_compat_x_tst.o- c_compat_y_tst.o execute
FAIL: tmpdir-gcc.dg-struct-layout-1/t026 c_compat_x_tst.o- c_compat_y_tst.o execute
FAIL: tmpdir-gcc.dg-struct-layout-1/t027 c_compat_x_tst.o- c_compat_y_tst.o execute
FAIL: tmpdir-gcc.dg-struct-layout-1/t028 c_compat_x_tst.o- c_compat_y_tst.o execute
FAIL: gcc.dg/rs6000-power2-2.c scan-assembler-not lfd
FAIL: gcc.dg/rs6000-power2-2.c scan-assembler lfq
FAIL: gcc.dg/rs6000-power2-2.c scan-assembler stfq


=== gcc Summary ===

# of expected passes 34042
# of unexpected failures 9
# of expected failures 100
# of untested testcases 28
# of unsupported tests 459
/Volumes/Playland/projects/gnu/gcc-stuff/powerpc-apple-darwin8.0.0/ gcc/xgcc version 4.0.0


=== gfortran tests ===


Running target unix
XPASS: gfortran.dg/ret_pointer_1.f90 -O0 execution test
XPASS: gfortran.dg/ret_pointer_1.f90 -O1 execution test
XPASS: gfortran.dg/ret_pointer_1.f90 -O2 execution test
XPASS: gfortran.dg/ret_pointer_1.f90 -O3 -fomit-frame-pointer execution test
XPASS: gfortran.dg/ret_pointer_1.f90 -O3 -fomit-frame-pointer - funroll-loops execution test
XPASS: gfortran.dg/ret_pointer_1.f90 -O3 -fomit-frame-pointer - funroll-all-loops -finline-functions execution test
XPASS: gfortran.dg/ret_pointer_1.f90 -O3 -g execution test
XPASS: gfortran.dg/ret_pointer_1.f90 -Os execution test
FAIL: gfortran.fortran-torture/execute/forall_3.f90 execution, -O0
FAIL: gfortran.fortran-torture/execute/forall_3.f90 execution, -O1
FAIL: gfortran.fortran-torture/execute/forall_3.f90 execution, -O3 - fomit-frame-pointer -funroll-loops
FAIL: gfortran.fortran-torture/execute/forall_3.f90 execution, -O3 - fomit-frame-pointer -funroll-all-loops -finline-functions
FAIL: gfortran.fortran-torture/execute/forall_3.f90 execution, -Os


=== gfortran Summary ===

# of expected passes 5781
# of unexpected failures 5
# of unexpected successes 8
# of expected failures 18
# of unsupported tests 16
/Volumes/Playland/projects/gnu/gcc-stuff/powerpc-apple-darwin8.0.0/ gcc/testsuite/../gfortran version 4.0.0


=== objc tests ===


Running target unix FAIL: objc.dg/selector-2.m (test for excess errors)

=== objc Summary ===

# of expected passes 1556
# of unexpected failures 1
# of unsupported tests 1
/Volumes/Playland/projects/gnu/gcc-stuff/powerpc-apple-darwin8.0.0/ gcc/xgcc version 4.0.0


=== libstdc++ tests ===


Running target unix FAIL: 23_containers/vector/resize/1.cc execution test FAIL: 26_numerics/complex/13450.cc execution test FAIL: 27_io/ios_base/storage/2.cc execution test

=== libstdc++ Summary ===

# of expected passes        3619
# of unexpected failures    3
# of expected failures        12

Compiler version: 4.0.0
Platform: powerpc-apple-darwin8.0.0
configure flags: --prefix=/opt/gcc40 --enable-shared --disable- checking --with-mpfr=/opt/local --with-gmp=/opt/local --enable- languages=c,ada,c++,f95,objc



-- Christopher Douty <Chris_Douty@ampexdata.com> +1-650-367-3129 Senior Engineer, Software & Systems - AMPEX Data Systems Corp.



Index Nav: [Date Index] [Subject Index] [Author Index] [Thread Index]
Message Nav: [Date Prev] [Date Next] [Thread Prev] [Thread Next]