This is the mail archive of the gcc-testresults@gcc.gnu.org mailing list for the GCC project.


Index Nav: [Date Index] [Subject Index] [Author Index] [Thread Index]
Message Nav: [Date Prev] [Date Next] [Thread Prev] [Thread Next]
Other format: [Raw text]

Results for 4.0.1 20050505 (prerelease) testsuite on i686-pc-linux-gnu


LAST_UPDATED: Thu May  5 08:21:21 UTC 2005

Native configuration is i686-pc-linux-gnu

		=== g++ tests ===


Running target unix

		=== g++ Summary ===

# of expected passes		10907
# of expected failures		70
# of unsupported tests		56
/scratch/gcc/nightly-2005-05-05-4.0/i686-pc-linux-gnu/build_gcc/build/gcc-4.0-2005-05-05-nightly-i686-pc-linux-gnu/gcc/testsuite/../g++  version 4.0.1 20050505 (prerelease)

		=== gcc tests ===


Running target unix
XPASS: gcc.dg/vect/vect-22.c scan-tree-dump-times vectorized 3 loops 1

		=== gcc Summary ===

# of expected passes		34705
# of unexpected successes	1
# of expected failures		101
# of untested testcases		28
# of unsupported tests		324
/scratch/gcc/nightly-2005-05-05-4.0/i686-pc-linux-gnu/build_gcc/build/gcc-4.0-2005-05-05-nightly-i686-pc-linux-gnu/gcc/xgcc  version 4.0.1 20050505 (prerelease)


		=== libstdc++-v3 check-abi Summary ===

# of added symbols:		 48
# of missing symbols:		 0
# of incompatible symbols:	 0

using: /home/gcc/nightlies/src-4.0-2005-05-05/gcc-4.0-2005-05-05/libstdc++-v3/config/abi/i486-linux-gnu/baseline_symbols.txt

		=== libstdc++ tests ===


Running target unix
XPASS: 22_locale/locale/cons/12658_thread-1.cc execution test
FAIL: 22_locale/messages/members/char/1.cc execution test
FAIL: 22_locale/messages/members/char/2.cc execution test
FAIL: 22_locale/messages/members/char/wrapped_env.cc execution test
FAIL: 22_locale/messages/members/char/wrapped_locale.cc execution test
FAIL: 22_locale/messages_byname/named_equivalence.cc execution test
XPASS: 26_numerics/cmath/c99_classification_macros_c.cc (test for excess errors)

		=== libstdc++ Summary ===

# of expected passes		3624
# of unexpected failures	5
# of unexpected successes	2
# of expected failures		12

Compiler version: 4.0.1 20050505 (prerelease) 
Platform: i686-pc-linux-gnu
configure flags: --build=i686-pc-linux-gnu --host=i686-pc-linux-gnu --target=i686-pc-linux-gnu --enable-threads=posix --disable-nls --disable-libmudflap --with-gnu-as --with-as=/scratch/gcc/nightly-2005-05-05-4.0/i686-pc-linux-gnu/build_gcc/install/bin/as --with-gnu-ld --with-ld=/scratch/gcc/nightly-2005-05-05-4.0/i686-pc-linux-gnu/build_gcc/install/bin/ld --prefix=/scratch/gcc/nightly-2005-05-05-4.0/i686-pc-linux-gnu/build_gcc/install --enable-languages=c,c++


Index Nav: [Date Index] [Subject Index] [Author Index] [Thread Index]
Message Nav: [Date Prev] [Date Next] [Thread Prev] [Thread Next]