This is the mail archive of the
gcc-testresults@gcc.gnu.org
mailing list for the GCC project.
Results for 4.1.0 20050504 (experimental) testsuite oni686-pc-linux-gnu
- From: Andris Pavenis <pavenis at latnet dot lv>
- To: gcc-testresults at gcc dot gnu dot org
- Date: Wed, 04 May 2005 16:19:32 +0300
- Subject: Results for 4.1.0 20050504 (experimental) testsuite oni686-pc-linux-gnu
Last updated from CVS: 2005 May 04 13:05 +0300
LAST_UPDATED: Wed May 4 10:05:35 UTC 2005
Native configuration is i686-pc-linux-gnu
=== g++ tests ===
Running target unix
=== g++ Summary ===
# of expected passes 11042
# of expected failures 66
# of unsupported tests 61
/mnt/hd/hda8/cvs/gcc/4.1/build/build.lnx/gcc/testsuite/../g++ version 4.1.0 20050504 (experimental)
=== gcc tests ===
Running target unix
WARNING: program timed out.
FAIL: gcc.c-torture/compile/20001226-1.c -O0 (test for excess errors)
FAIL: gcc.dg/uninit-1.c uninitialized variable warning (test for bogus messages, line 16)
FAIL: gcc.dg/tree-ssa/loop-4.c scan-tree-dump-times arr_base.[^0][^\\n\\r]*= 0
XPASS: gcc.dg/vect/vect-22.c scan-tree-dump-times vectorized 3 loops 1
XPASS: gcc.dg/vect/vect-67.c scan-tree-dump-times vectorized 1 loops 1
=== gcc Summary ===
# of expected passes 35460
# of unexpected failures 3
# of unexpected successes 2
# of expected failures 103
# of untested testcases 28
# of unsupported tests 324
/mnt/hd/hda8/cvs/gcc/4.1/build/build.lnx/gcc/xgcc version 4.1.0 20050504 (experimental)
=== objc tests ===
Running target unix
=== objc Summary ===
# of expected passes 1534
# of unsupported tests 12
/mnt/hd/hda8/cvs/gcc/4.1/build/build.lnx/gcc/xgcc version 4.1.0 20050504 (experimental)
=== libffi tests ===
Running target unix
=== libffi Summary ===
# of expected passes 219
# of unsupported tests 2
=== libjava tests ===
Running target unix
FAIL: Array_3 -O3 execution - bytecode->native test
FAIL: pr21115 run
=== libjava Summary ===
# of expected passes 3806
# of unexpected failures 2
# of expected failures 10
# of untested testcases 10
=== libmudflap tests ===
Running target unix
WARNING: program timed out.
FAIL: libmudflap.cth/pass40-frag.c execution test
FAIL: libmudflap.cth/pass40-frag.c output pattern test
WARNING: program timed out.
FAIL: libmudflap.cth/pass40-frag.c (-static -DSTATIC) execution test
FAIL: libmudflap.cth/pass40-frag.c (-static -DSTATIC) output pattern test
WARNING: program timed out.
FAIL: libmudflap.cth/pass40-frag.c (-O2) execution test
FAIL: libmudflap.cth/pass40-frag.c (-O2) output pattern test
WARNING: program timed out.
FAIL: libmudflap.cth/pass40-frag.c (-O3) execution test
FAIL: libmudflap.cth/pass40-frag.c (-O3) output pattern test
=== libmudflap Summary ===
# of expected passes 1323
# of unexpected failures 8
=== libstdc++ tests ===
Running target unix
XPASS: 26_numerics/cmath/c99_classification_macros_c.cc (test for excess errors)
FAIL: ext/stdio_sync_filebuf/wchar_t/12077.cc (test for excess errors)
WARNING: ext/stdio_sync_filebuf/wchar_t/12077.cc compilation failed to produce executable
=== libstdc++ Summary ===
# of expected passes 3633
# of unexpected failures 1
# of unexpected successes 1
# of expected failures 12
Compiler version: 4.1.0 20050504 (experimental)
Platform: i686-pc-linux-gnu
configure flags: --prefix=/disk2/gcc40 --enable-shared --verbose --enable-threads=posix --enable-languages=c,c++,java,objc
Counting all warnings,
there are 43 warnings in stage3 of this bootstrap.
Number of warnings per file:
14 gcc/tsystem.h
14 ./auto-host.h
4 gcc/gcc.c
3 gengtype-lex.c
3 /usr/share/bison/bison.simple
2 gcc/objc/lang-specs.h
2 gcc/config/i386/i386.md
1 gcc/java/jvspec.c
Number of warning types:
14 this is the location of the previous definition
14 `HAVE_DECL_GETOPT' redefined
8 string length `???' is greater than the length `???' ISO C89 compilers are required to support
6 old-style function definition
1 operand 1 missing mode?