This is the mail archive of the gcc-testresults@gcc.gnu.org mailing list for the GCC project.
Index Nav: | [Date Index] [Subject Index] [Author Index] [Thread Index] | |
---|---|---|
Message Nav: | [Date Prev] [Date Next] | [Thread Prev] [Thread Next] |
Other format: | [Raw text] |
LAST_UPDATED: Tue May 3 23:39:56 UTC 2005 Native configuration is x86_64-unknown-linux-gnu === g++ tests === Running target unix === g++ Summary === # of expected passes 10945 # of expected failures 66 # of unsupported tests 95 /usr/src/GCC/build-4.1/gcc/testsuite/../g++ version 4.1.0 20050503 (experimental) === gcc tests === Running target unix FAIL: gcc.dg/uninit-1.c uninitialized variable warning (test for bogus messages, line 16) FAIL: gcc.dg/tree-ssa/gen-vect-11c.c scan-tree-dump-times vectorized 0 loops 1 FAIL: gcc.dg/tree-ssa/loop-4.c scan-tree-dump-times arr_base.[^0][^\\n\\r]*= 0 XPASS: gcc.dg/vect/vect-22.c scan-tree-dump-times vectorized 3 loops 1 XPASS: gcc.dg/vect/vect-67.c scan-tree-dump-times vectorized 1 loops 1 === gcc Summary === # of expected passes 35132 # of unexpected failures 3 # of unexpected successes 2 # of expected failures 105 # of untested testcases 28 # of unsupported tests 435 /usr/src/GCC/build-4.1/gcc/xgcc version 4.1.0 20050503 (experimental) === gfortran tests === Running target unix XPASS: gfortran.dg/ret_pointer_1.f90 -O0 execution test XPASS: gfortran.dg/ret_pointer_1.f90 -O1 execution test XPASS: gfortran.dg/ret_pointer_1.f90 -O2 execution test XPASS: gfortran.dg/ret_pointer_1.f90 -O3 -fomit-frame-pointer execution test XPASS: gfortran.dg/ret_pointer_1.f90 -O3 -fomit-frame-pointer -funroll-loops execution test XPASS: gfortran.dg/ret_pointer_1.f90 -O3 -fomit-frame-pointer -funroll-all-loops -finline-functions execution test XPASS: gfortran.dg/ret_pointer_1.f90 -O3 -g execution test XPASS: gfortran.dg/ret_pointer_1.f90 -Os execution test FAIL: gfortran.fortran-torture/execute/forall_3.f90 execution, -O2 FAIL: gfortran.fortran-torture/execute/forall_3.f90 execution, -O3 -fomit-frame-pointer FAIL: gfortran.fortran-torture/execute/forall_3.f90 execution, -O3 -g === gfortran Summary === # of expected passes 6614 # of unexpected failures 3 # of unexpected successes 8 # of expected failures 27 # of unsupported tests 16 /usr/src/GCC/build-4.1/gcc/testsuite/../gfortran version 4.1.0 20050503 (experimental) === objc tests === Running target unix === objc Summary === # of expected passes 1534 # of unsupported tests 12 /usr/src/GCC/build-4.1/gcc/xgcc version 4.1.0 20050503 (experimental) === libffi tests === Running target unix === libffi Summary === # of expected passes 219 # of unsupported tests 2 === libjava tests === Running target unix FAIL: Array_3 -O3 execution - bytecode->native test FAIL: pr21115 run === libjava Summary === # of expected passes 3806 # of unexpected failures 2 # of expected failures 10 # of untested testcases 10 === libmudflap tests === Running target unix === libmudflap Summary === # of expected passes 1331 === libstdc++ tests === Running target unix XPASS: 26_numerics/cmath/c99_classification_macros_c.cc (test for excess errors) XPASS: 27_io/fpos/14320-1.cc execution test FAIL: ext/stdio_sync_filebuf/wchar_t/12077.cc (test for excess errors) WARNING: ext/stdio_sync_filebuf/wchar_t/12077.cc compilation failed to produce executable === libstdc++ Summary === # of expected passes 3633 # of unexpected failures 1 # of unexpected successes 2 # of expected failures 11 Compiler version: 4.1.0 20050503 (experimental) Platform: x86_64-unknown-linux-gnu configure flags: --with-system-zlib --enable-nls --without-included-gettext --enable-languages=c,c++,f95,java,objc
Index Nav: | [Date Index] [Subject Index] [Author Index] [Thread Index] | |
---|---|---|
Message Nav: | [Date Prev] [Date Next] | [Thread Prev] [Thread Next] |