This is the mail archive of the
gcc-testresults@gcc.gnu.org
mailing list for the GCC project.
Results for 4.0.1 20050503 (prerelease) testsuite on hppa2.0w-hp-hpux11.11
- From: CodeSourcery Automatic Testing System <gcc at codesourcery dot com>
- To: gcc-testresults at gcc dot gnu dot org
- Date: Tue, 3 May 2005 13:20:27 -0700
- Subject: Results for 4.0.1 20050503 (prerelease) testsuite on hppa2.0w-hp-hpux11.11
LAST_UPDATED: Tue May 3 08:40:19 UTC 2005
Native configuration is hppa2.0w-hp-hpux11.11
=== g++ tests ===
Running target unix
=== g++ Summary ===
# of expected passes 10543
# of expected failures 70
# of unsupported tests 128
/scratch/gcc/nightly-2005-05-03-4.0/hppa2.0w-hp-hpux11.11/build_gcc/build/gcc-4.0-2005-05-03-nightly-hppa2.0w-hp-hpux11.11/gcc/testsuite/../g++ version 4.0.1 20050503 (prerelease)
=== gcc tests ===
Running target unix
XPASS: gcc.dg/const-elim-1.c scan-assembler-not L\\\\\$?C[^A-Z]
FAIL: gcc.dg/special/weak-1.c execution test
=== gcc Summary ===
# of expected passes 33353
# of unexpected failures 1
# of unexpected successes 1
# of expected failures 76
# of untested testcases 28
# of unsupported tests 561
/scratch/gcc/nightly-2005-05-03-4.0/hppa2.0w-hp-hpux11.11/build_gcc/build/gcc-4.0-2005-05-03-nightly-hppa2.0w-hp-hpux11.11/gcc/xgcc version 4.0.1 20050503 (prerelease)
=== libstdc++ tests ===
Running target unix
=== libstdc++ Summary ===
# of expected passes 3589
# of expected failures 12
# of unsupported tests 19
Compiler version: 4.0.1 20050503 (prerelease)
Platform: hppa2.0w-hp-hpux11.11
configure flags: --build=hppa2.0w-hp-hpux11.11 --host=hppa2.0w-hp-hpux11.11 --target=hppa2.0w-hp-hpux11.11 --enable-threads=posix --disable-nls --disable-libmudflap --with-gnu-as --with-as=/scratch/gcc/nightly-2005-05-03-4.0/hppa2.0w-hp-hpux11.11/build_gcc/install/bin/as --without-gnu-ld --with-ld=/usr/ccs/bin/ld --prefix=/scratch/gcc/nightly-2005-05-03-4.0/hppa2.0w-hp-hpux11.11/build_gcc/install --enable-languages=c,c++