This is the mail archive of the
gcc-testresults@gcc.gnu.org
mailing list for the GCC project.
Results for 4.1.0 20050502 (experimental) testsuite on x86_64-suse-linux-gnu
- From: aj at suse dot de (Andreas Jaeger)
- To: gcc-testresults at gcc dot gnu dot org
- Date: Mon, 2 May 2005 08:16:59 UT
- Subject: Results for 4.1.0 20050502 (experimental) testsuite on x86_64-suse-linux-gnu
Bootstrap and regtesting on x86_64-suse-linux-gnu.
CVS sources: mainline.
LAST_UPDATED: Mon May 2 02:58:38 UTC 2005
=== acats tests ===
FAIL: c41203a
FAIL: c41203b
FAIL: c52102b
FAIL: c52102d
FAIL: c52103x
FAIL: c62002a
FAIL: cd3015f
FAIL: cdd2a02
FAIL: cxg1002
FAIL: cxg1003
FAIL: cxg2006
FAIL: cxg2007
FAIL: cxg2018
FAIL: cxg2019
FAIL: cxg2020
FAIL: cxh1001
=== acats Summary ===
# of expected passes 2304
# of unexpected failures 16
Native configuration is x86_64-suse-linux-gnu
=== gcc tests ===
Running target unix/-m32
FAIL: gcc.c-torture/execute/ieee/20010114-2.c execution, -O1
FAIL: gcc.c-torture/execute/ieee/20010114-2.c execution, -O2
FAIL: gcc.c-torture/execute/ieee/20010114-2.c execution, -Os
FAIL: gcc.c-torture/execute/ieee/20030331-1.c execution, -O1
FAIL: gcc.c-torture/execute/ieee/20030331-1.c execution, -O2
FAIL: gcc.c-torture/execute/ieee/20030331-1.c execution, -O3 -fomit-frame-pointer
FAIL: gcc.c-torture/execute/ieee/20030331-1.c execution, -O3 -g
FAIL: gcc.c-torture/execute/ieee/20030331-1.c execution, -Os
FAIL: gcc.c-torture/execute/ieee/980619-1.c execution, -O1
FAIL: gcc.c-torture/execute/ieee/980619-1.c execution, -O2
FAIL: gcc.c-torture/execute/ieee/980619-1.c execution, -O3 -fomit-frame-pointer
FAIL: gcc.c-torture/execute/ieee/980619-1.c execution, -O3 -fomit-frame-pointer -funroll-loops
FAIL: gcc.c-torture/execute/ieee/980619-1.c execution, -O3 -fomit-frame-pointer -funroll-all-loops -finline-functions
FAIL: gcc.c-torture/execute/ieee/980619-1.c execution, -O3 -g
FAIL: gcc.c-torture/execute/ieee/980619-1.c execution, -Os
XPASS: gcc.dg/cpp/cmdlne-dI-M.c scan-file (^|\\\\n)cmdlne-dI-M.*:[^\\\\n]*cmdlne-dI-M.c
XPASS: gcc.dg/cpp/cmdlne-dM-M.c scan-file (^|\\\\n)cmdlne-dM-M[^\\\\n]*:[^\\\\n]*cmdlne-dM-M.c
FAIL: gcc.dg/uninit-1.c uninitialized variable warning (test for bogus messages, line 16)
FAIL: gcc.dg/tree-ssa/loop-4.c scan-tree-dump-times arr_base.[^0][^\\n\\r]*= 0
XPASS: gcc.dg/vect/vect-22.c scan-tree-dump-times vectorized 3 loops 1
XPASS: gcc.dg/vect/vect-67.c scan-tree-dump-times vectorized 1 loops 1
=== gcc Summary for unix/-m32 ===
# of expected passes 35011
# of unexpected failures 17
# of unexpected successes 4
# of expected failures 99
# of untested testcases 28
# of unsupported tests 440
Running target unix
XPASS: gcc.dg/cpp/cmdlne-dI-M.c scan-file (^|\\\\n)cmdlne-dI-M.*:[^\\\\n]*cmdlne-dI-M.c
XPASS: gcc.dg/cpp/cmdlne-dM-M.c scan-file (^|\\\\n)cmdlne-dM-M[^\\\\n]*:[^\\\\n]*cmdlne-dM-M.c
FAIL: gcc.dg/uninit-1.c uninitialized variable warning (test for bogus messages, line 16)
FAIL: gcc.dg/tree-ssa/gen-vect-11c.c scan-tree-dump-times vectorized 0 loops 1
FAIL: gcc.dg/tree-ssa/loop-4.c scan-tree-dump-times arr_base.[^0][^\\n\\r]*= 0
XPASS: gcc.dg/vect/vect-22.c scan-tree-dump-times vectorized 3 loops 1
XPASS: gcc.dg/vect/vect-67.c scan-tree-dump-times vectorized 1 loops 1
=== gcc Summary for unix ===
# of expected passes 35065
# of unexpected failures 3
# of unexpected successes 4
# of expected failures 103
# of untested testcases 28
# of unsupported tests 434
=== gcc Summary ===
# of expected passes 70076
# of unexpected failures 20
# of unexpected successes 8
# of expected failures 202
# of untested testcases 56
# of unsupported tests 874
/builds/gcc/misc/gcc/xgcc version 4.1.0 20050502 (experimental)
=== gfortran tests ===
Running target unix/-m32
XPASS: gfortran.dg/ret_pointer_1.f90 -O0 execution test
XPASS: gfortran.dg/ret_pointer_1.f90 -O1 execution test
XPASS: gfortran.dg/ret_pointer_1.f90 -O2 execution test
XPASS: gfortran.dg/ret_pointer_1.f90 -O3 -fomit-frame-pointer execution test
XPASS: gfortran.dg/ret_pointer_1.f90 -O3 -fomit-frame-pointer -funroll-loops execution test
XPASS: gfortran.dg/ret_pointer_1.f90 -O3 -fomit-frame-pointer -funroll-all-loops -finline-functions execution test
XPASS: gfortran.dg/ret_pointer_1.f90 -O3 -g execution test
XPASS: gfortran.dg/ret_pointer_1.f90 -Os execution test
FAIL: gfortran.fortran-torture/execute/forall_3.f90 execution, -O1
=== gfortran Summary for unix/-m32 ===
# of expected passes 6619
# of unexpected failures 1
# of unexpected successes 8
# of expected failures 24
# of unsupported tests 16
Running target unix
XPASS: gfortran.dg/ret_pointer_1.f90 -O0 execution test
XPASS: gfortran.dg/ret_pointer_1.f90 -O1 execution test
XPASS: gfortran.dg/ret_pointer_1.f90 -O2 execution test
XPASS: gfortran.dg/ret_pointer_1.f90 -O3 -fomit-frame-pointer execution test
XPASS: gfortran.dg/ret_pointer_1.f90 -O3 -fomit-frame-pointer -funroll-loops execution test
XPASS: gfortran.dg/ret_pointer_1.f90 -O3 -fomit-frame-pointer -funroll-all-loops -finline-functions execution test
XPASS: gfortran.dg/ret_pointer_1.f90 -O3 -g execution test
XPASS: gfortran.dg/ret_pointer_1.f90 -Os execution test
FAIL: gfortran.fortran-torture/execute/forall_3.f90 execution, -O0
FAIL: gfortran.fortran-torture/execute/forall_3.f90 execution, -O2
FAIL: gfortran.fortran-torture/execute/forall_3.f90 execution, -O3 -fomit-frame-pointer
FAIL: gfortran.fortran-torture/execute/forall_3.f90 execution, -O3 -g
=== gfortran Summary for unix ===
# of expected passes 6613
# of unexpected failures 4
# of unexpected successes 8
# of expected failures 27
# of unsupported tests 16
=== gfortran Summary ===
# of expected passes 13232
# of unexpected failures 5
# of unexpected successes 16
# of expected failures 51
# of unsupported tests 32
/builds/gcc/misc/gcc/testsuite/../gfortran version 4.1.0 20050502 (experimental)
=== g++ tests ===
Running target unix/-m32
FAIL: g++.dg/eh/simd-1.C (test for excess errors)
FAIL: g++.dg/eh/simd-2.C (test for excess errors)
FAIL: g++.dg/other/static11.C (test for excess errors)
XPASS: g++.old-deja/g++.other/init5.C execution test
=== g++ Summary for unix/-m32 ===
# of expected passes 10969
# of unexpected failures 3
# of unexpected successes 1
# of expected failures 65
# of unsupported tests 93
Running target unix
FAIL: g++.dg/other/static11.C (test for excess errors)
XPASS: g++.old-deja/g++.other/init5.C execution test
=== g++ Summary for unix ===
# of expected passes 10939
# of unexpected failures 1
# of unexpected successes 1
# of expected failures 65
# of unsupported tests 95
=== g++ Summary ===
# of expected passes 21908
# of unexpected failures 4
# of unexpected successes 2
# of expected failures 130
# of unsupported tests 188
/builds/gcc/misc/gcc/testsuite/../g++ version 4.1.0 20050502 (experimental)
=== objc tests ===
Running target unix/-m32
=== objc Summary for unix/-m32 ===
# of expected passes 1534
# of unsupported tests 12
Running target unix
=== objc Summary for unix ===
# of expected passes 1534
# of unsupported tests 12
=== objc Summary ===
# of expected passes 3068
# of unsupported tests 24
/builds/gcc/misc/gcc/xgcc version 4.1.0 20050502 (experimental)
=== treelang tests ===
Running target unix/-m32
=== treelang Summary for unix/-m32 ===
# of expected passes 48
Running target unix
=== treelang Summary for unix ===
=== treelang Summary ===
# of expected passes 48
=== libffi tests ===
Running target unix/-m32
=== libffi Summary for unix/-m32 ===
# of expected passes 219
# of unsupported tests 2
Running target unix
=== libffi Summary for unix ===
# of expected passes 219
# of unsupported tests 2
=== libffi Summary ===
# of expected passes 438
# of unsupported tests 4
=== libjava tests ===
Running target unix/-m32
FAIL: Array_3 -O3 execution - bytecode->native test
FAIL: pr21115 run
=== libjava Summary for unix/-m32 ===
# of expected passes 3806
# of unexpected failures 2
# of expected failures 10
# of untested testcases 10
Running target unix
FAIL: Array_3 -O3 execution - bytecode->native test
FAIL: pr21115 run
=== libjava Summary for unix ===
# of expected passes 3806
# of unexpected failures 2
# of expected failures 10
# of untested testcases 10
=== libjava Summary ===
# of expected passes 7612
# of unexpected failures 4
# of expected failures 20
# of untested testcases 20
=== libmudflap tests ===
Running target unix/-m32
FAIL: libmudflap.cth/pass40-frag.c execution test
FAIL: libmudflap.cth/pass40-frag.c output pattern test
FAIL: libmudflap.cth/pass40-frag.c (-O2) execution test
FAIL: libmudflap.cth/pass40-frag.c (-O2) output pattern test
FAIL: libmudflap.cth/pass40-frag.c (-O3) execution test
FAIL: libmudflap.cth/pass40-frag.c (-O3) output pattern test
=== libmudflap Summary for unix/-m32 ===
# of expected passes 1325
# of unexpected failures 6
Running target unix
=== libmudflap Summary for unix ===
# of expected passes 1331
=== libmudflap Summary ===
# of expected passes 2656
# of unexpected failures 6
=== libstdc++ tests ===
Running target unix/-m32
FAIL: 22_locale/messages/members/char/1.cc execution test
FAIL: 22_locale/messages/members/char/2.cc execution test
FAIL: 22_locale/messages/members/char/wrapped_env.cc execution test
FAIL: 22_locale/messages/members/char/wrapped_locale.cc execution test
FAIL: 22_locale/messages_byname/named_equivalence.cc execution test
XPASS: 26_numerics/cmath/c99_classification_macros_c.cc (test for excess errors)
FAIL: ext/stdio_sync_filebuf/wchar_t/12077.cc (test for excess errors)
WARNING: ext/stdio_sync_filebuf/wchar_t/12077.cc compilation failed to produce executable
=== libstdc++ Summary for unix/-m32 ===
# of expected passes 3628
# of unexpected failures 6
# of unexpected successes 1
# of expected failures 12
Running target unix
XPASS: 26_numerics/cmath/c99_classification_macros_c.cc (test for excess errors)
XPASS: 27_io/fpos/14320-1.cc execution test
FAIL: ext/stdio_sync_filebuf/wchar_t/12077.cc (test for excess errors)
WARNING: ext/stdio_sync_filebuf/wchar_t/12077.cc compilation failed to produce executable
=== libstdc++ Summary for unix ===
# of expected passes 3633
# of unexpected failures 1
# of unexpected successes 2
# of expected failures 11
=== libstdc++ Summary ===
# of expected passes 7261
# of unexpected failures 7
# of unexpected successes 3
# of expected failures 23
Compiler version: 4.1.0 20050502 (experimental)
Platform: x86_64-suse-linux-gnu
configure flags: --prefix=/opt/gcc/4.1-devel --enable-checking=misc,tree,gc,rtl,rtlflag,assert --enable-threads=posix --enable-clocale=gnu --enable-__cxa_atexit --enable-shared --with-system-zlib x86_64-suse-linux-gnu --enable-languages=c,ada,c++,f95,java,objc,treelang
Version of binutils: GNU ld version 2.15.94.0.2.2 20041220 (SuSE Linux)
Version of glibc (/lib/libc.so.6): 2.3.4 (20050218)
Version of glibc (/lib64/libc.so.6): 2.3.4 (20050218)