This is the mail archive of the gcc-testresults@gcc.gnu.org mailing list for the GCC project.


Index Nav: [Date Index] [Subject Index] [Author Index] [Thread Index]
Message Nav: [Date Prev] [Date Next] [Thread Prev] [Thread Next]
Other format: [Raw text]

Results for 4.0.0 testsuite on sparc-sun-solaris2.10


LAST_UPDATED: Sat Apr 30 18:43:48 GMT 2005

		=== acats tests ===
FAIL:	c954025
FAIL:	c954026

		=== acats Summary ===
# of expected passes		2318
# of unexpected failures	2
Native configuration is sparc-sun-solaris2.10

		=== g++ tests ===


Running target unix

		=== g++ Summary for unix ===

# of expected passes		10772
# of expected failures		70
# of unsupported tests		117

Running target unix/-m64

		=== g++ Summary for unix/-m64 ===

# of expected passes		10740
# of expected failures		70
# of unsupported tests		119

		=== g++ Summary ===

# of expected passes		21512
# of expected failures		140
# of unsupported tests		236
/opt/build/eric/gcc-4_0-branch/gcc/testsuite/../g++  version 4.0.0

		=== gcc tests ===


Running target unix

		=== gcc Summary for unix ===

# of expected passes		33327
# of expected failures		102
# of untested testcases		28
# of unsupported tests		532

Running target unix/-m64

		=== gcc Summary for unix/-m64 ===

# of expected passes		33322
# of expected failures		102
# of untested testcases		28
# of unsupported tests		534

		=== gcc Summary ===

# of expected passes		66649
# of expected failures		204
# of untested testcases		56
# of unsupported tests		1066
/opt/build/eric/gcc-4_0-branch/gcc/xgcc  version 4.0.0

		=== objc tests ===


Running target unix

		=== objc Summary for unix ===

# of expected passes		1534
# of unsupported tests		10

Running target unix/-m64

		=== objc Summary for unix/-m64 ===

# of expected passes		1534
# of unsupported tests		10

		=== objc Summary ===

# of expected passes		3068
# of unsupported tests		20
/opt/build/eric/gcc-4_0-branch/gcc/xgcc  version 4.0.0

		=== libffi tests ===


Running target unix

		=== libffi Summary for unix ===

# of expected passes		219
# of unsupported tests		2

Running target unix/-m64

		=== libffi Summary for unix/-m64 ===

# of expected passes		219
# of unsupported tests		2

		=== libffi Summary ===

# of expected passes		438
# of unsupported tests		4
		=== libjava tests ===


Running target unix
FAIL: Array_3 execution - gij test
FAIL: Array_3 execution - gij test
FAIL: FileHandleGcTest execution - source compiled test
FAIL: FileHandleGcTest execution - gij test
FAIL: FileHandleGcTest execution - bytecode->native test
FAIL: FileHandleGcTest -O3 execution - source compiled test
FAIL: FileHandleGcTest execution - gij test
FAIL: FileHandleGcTest -O3 execution - bytecode->native test

		=== libjava Summary for unix ===

# of expected passes		3774
# of unexpected failures	8
# of expected failures		14
# of untested testcases		24

Running target unix/-m64
FAIL: Array_3 execution - gij test
FAIL: Array_3 execution - gij test
FAIL: FileHandleGcTest execution - source compiled test
FAIL: FileHandleGcTest execution - gij test
FAIL: FileHandleGcTest execution - bytecode->native test
FAIL: FileHandleGcTest -O3 execution - source compiled test
FAIL: FileHandleGcTest execution - gij test
FAIL: FileHandleGcTest -O3 execution - bytecode->native test
FAIL: Throw_2 execution - gij test
FAIL: Throw_2 execution - gij test

		=== libjava Summary for unix/-m64 ===

# of expected passes		3769
# of unexpected failures	10
# of expected failures		14
# of untested testcases		27

		=== libjava Summary ===

# of expected passes		7543
# of unexpected failures	18
# of expected failures		28
# of untested testcases		51
		=== libstdc++ tests ===


Running target unix
XPASS: 27_io/basic_istream/extractors_arithmetic/char/12.cc execution test
XPASS: 27_io/basic_istream/extractors_arithmetic/wchar_t/12.cc execution test

		=== libstdc++ Summary for unix ===

# of expected passes		3620
# of unexpected successes	2
# of expected failures		12

Running target unix/-m64
XPASS: 27_io/basic_istream/extractors_arithmetic/char/12.cc execution test
XPASS: 27_io/basic_istream/extractors_arithmetic/wchar_t/12.cc execution test
XPASS: 27_io/fpos/14320-1.cc execution test

		=== libstdc++ Summary for unix/-m64 ===

# of expected passes		3620
# of unexpected successes	3
# of expected failures		11

		=== libstdc++ Summary ===

# of expected passes		7240
# of unexpected successes	5
# of expected failures		23

Compiler version: 4.0.0 
Platform: sparc-sun-solaris2.10
configure flags: --prefix=/opt/build/eric/local --with-as=/usr/ccs/bin/as --with-ld=/usr/ccs/bin/ld --with-gmp=/opt/build/eric/local --with-mpfr=/opt/build/eric/local --with-local-prefix=/opt/build/eric/local --enable-languages=c,ada,c++,f95,java,objc
BOOT_CFLAGS=-g -O2


Index Nav: [Date Index] [Subject Index] [Author Index] [Thread Index]
Message Nav: [Date Prev] [Date Next] [Thread Prev] [Thread Next]