This is the mail archive of the gcc-testresults@gcc.gnu.org mailing list for the GCC project.


Index Nav: [Date Index] [Subject Index] [Author Index] [Thread Index]
Message Nav: [Date Prev] [Date Next] [Thread Prev] [Thread Next]
Other format: [Raw text]

Results for 4.0.0 testsuite on x86_64-suse-linux-gnu


LAST_UPDATED: Sat Apr 30 17:42:39 UTC 2005

		=== acats tests ===

		=== acats Summary ===
# of expected passes		2320
# of unexpected failures	0
Native configuration is x86_64-suse-linux-gnu

		=== gcc tests ===


Running target unix
XPASS: gcc.dg/vect/vect-22.c scan-tree-dump-times vectorized 3 loops 1

		=== gcc Summary ===

# of expected passes		33561
# of unexpected successes	1
# of expected failures		105
# of untested testcases		28
# of unsupported tests		429
/home/eric/build/gcc-4_0-branch/native/gcc/xgcc  version 4.0.0

		=== gfortran tests ===


Running target unix
XPASS: gfortran.dg/ret_pointer_1.f90  -O0  execution test
XPASS: gfortran.dg/ret_pointer_1.f90  -O1  execution test
XPASS: gfortran.dg/ret_pointer_1.f90  -O2  execution test
XPASS: gfortran.dg/ret_pointer_1.f90  -O3 -fomit-frame-pointer  execution test
XPASS: gfortran.dg/ret_pointer_1.f90  -O3 -fomit-frame-pointer -funroll-loops  execution test
XPASS: gfortran.dg/ret_pointer_1.f90  -O3 -fomit-frame-pointer -funroll-all-loops -finline-functions  execution test
XPASS: gfortran.dg/ret_pointer_1.f90  -O3 -g  execution test
XPASS: gfortran.dg/ret_pointer_1.f90  -Os  execution test
FAIL: gfortran.fortran-torture/execute/forall_3.f90 execution,  -O0 
FAIL: gfortran.fortran-torture/execute/forall_3.f90 execution,  -O2 
FAIL: gfortran.fortran-torture/execute/forall_3.f90 execution,  -O3 -fomit-frame-pointer 
FAIL: gfortran.fortran-torture/execute/forall_3.f90 execution,  -O3 -fomit-frame-pointer -funroll-loops 
FAIL: gfortran.fortran-torture/execute/forall_3.f90 execution,  -O3 -fomit-frame-pointer -funroll-all-loops -finline-functions 
FAIL: gfortran.fortran-torture/execute/forall_3.f90 execution,  -O3 -g 
FAIL: gfortran.fortran-torture/execute/forall_3.f90 execution,  -Os 

		=== gfortran Summary ===

# of expected passes		5779
# of unexpected failures	7
# of unexpected successes	8
# of expected failures		18
# of unsupported tests		16
/home/eric/build/gcc-4_0-branch/native/gcc/testsuite/../gfortran  version 4.0.0

		=== g++ tests ===


Running target unix
XPASS: g++.old-deja/g++.other/init5.C execution test

		=== g++ Summary ===

# of expected passes		10804
# of unexpected successes	1
# of expected failures		69
# of unsupported tests		90
/home/eric/build/gcc-4_0-branch/native/gcc/testsuite/../g++  version 4.0.0

		=== objc tests ===


Running target unix

		=== objc Summary ===

# of expected passes		1534
# of unsupported tests		10
/home/eric/build/gcc-4_0-branch/native/gcc/xgcc  version 4.0.0

		=== libffi tests ===


Running target unix

		=== libffi Summary ===

# of expected passes		219
# of unsupported tests		2
		=== libjava tests ===


Running target unix
FAIL: Array_3 -O3 execution - bytecode->native test

		=== libjava Summary ===

# of expected passes		3788
# of unexpected failures	1
# of expected failures		14
# of untested testcases		17
		=== libmudflap tests ===


Running target unix

		=== libmudflap Summary ===

# of expected passes		1288

		=== libstdc++-v3 check-abi Summary ===

# of added symbols:		 48
# of missing symbols:		 0
# of incompatible symbols:	 0

using: /home/eric/cvs/gcc-4_0-branch/libstdc++-v3/config/abi/x86_64-linux-gnu/baseline_symbols.txt

		=== libstdc++ tests ===


Running target unix
XPASS: 22_locale/locale/cons/12658_thread-1.cc execution test
XPASS: 26_numerics/cmath/c99_classification_macros_c.cc (test for excess errors)
XPASS: 27_io/fpos/14320-1.cc execution test

		=== libstdc++ Summary ===

# of expected passes		3620
# of unexpected successes	3
# of expected failures		11

Compiler version: 4.0.0 
Platform: x86_64-suse-linux-gnu
configure flags: x86_64-suse-linux --prefix=/usr/local --enable-__cxa_atexit --enable-languages=c,ada,c++,f95,java,objc
BOOT_CFLAGS=-g -O2


Index Nav: [Date Index] [Subject Index] [Author Index] [Thread Index]
Message Nav: [Date Prev] [Date Next] [Thread Prev] [Thread Next]