This is the mail archive of the gcc-testresults@gcc.gnu.org mailing list for the GCC project.


Index Nav: [Date Index] [Subject Index] [Author Index] [Thread Index]
Message Nav: [Date Prev] [Date Next] [Thread Prev] [Thread Next]
Other format: [Raw text]

Results for 4.0.1 20050428 (prerelease) testsuite on mips-sgi-irix6.5


This run on SGI Origin 300 cru300 running IRIX 6.5.22m
Bootstrap compiler gcc (GCC) 3.3.1
Using GNU binutils with -mabi=32 multilib disabled

dejagnu version:
Expect version is	5.40.0
Tcl version is		8.4
Framework version is	1.4.4

LAST_UPDATED: Thu Apr 28 12:22:50 GMT 2005

Native configuration is mips-sgi-irix6.5

		=== g++ tests ===


Running target unix
FAIL: g++.dg/special/conpr-1.C execution test
FAIL: g++.dg/special/conpr-2.C execution test
FAIL: g++.dg/special/conpr-3.C execution test
FAIL: g++.dg/special/conpr-4.C execution test
FAIL: g++.dg/special/initp1.C execution test

		=== g++ Summary for unix ===

# of expected passes		10740
# of unexpected failures	5
# of expected failures		70
# of unsupported tests		123

Running target unix/-mabi=64
FAIL: g++.dg/special/conpr-1.C execution test
FAIL: g++.dg/special/conpr-2.C execution test
FAIL: g++.dg/special/conpr-3.C execution test
FAIL: g++.dg/special/conpr-4.C execution test
FAIL: g++.dg/special/initp1.C execution test

		=== g++ Summary for unix/-mabi=64 ===

# of expected passes		10708
# of unexpected failures	5
# of expected failures		70
# of unsupported tests		125

		=== g++ Summary ===

# of expected passes		21448
# of unexpected failures	10
# of expected failures		140
# of unsupported tests		248
/disk4/billingd/obj/gcc-4.0/gcc/testsuite/../g++  version 4.0.1 20050428
(prerelease)

		=== gcc tests ===


Running target unix
FAIL: gcc.c-torture/execute/20010124-1.c execution,  -O0

		=== gcc Summary for unix ===

# of expected passes		33845
# of unexpected failures	1
# of expected failures		75
# of untested testcases		28
# of unsupported tests		469

Running target unix/-mabi=64
FAIL: gcc.c-torture/execute/20010124-1.c execution,  -O0
WARNING: program timed out.

		=== gcc Summary for unix/-mabi=64 ===

# of expected passes		33844
# of unexpected failures	1
# of expected failures		75
# of untested testcases		28
# of unsupported tests		470

		=== gcc Summary ===

# of expected passes		67689
# of unexpected failures	2
# of expected failures		150
# of untested testcases		56
# of unsupported tests		939
/disk4/billingd/obj/gcc-4.0/gcc/xgcc  version 4.0.1 20050428 (prerelease)

		=== gfortran tests ===


Running target unix
XPASS: gfortran.dg/ret_pointer_1.f90  -O0  execution test
XPASS: gfortran.dg/ret_pointer_1.f90  -O1  execution test
XPASS: gfortran.dg/ret_pointer_1.f90  -O2  execution test
XPASS: gfortran.dg/ret_pointer_1.f90  -O3 -fomit-frame-pointer  execution
test
XPASS:
gfortran.dg/ret_pointer_1.f90  -O3 -fomit-frame-pointer -funroll-loops
execution test
XPASS:
gfortran.dg/ret_pointer_1.f90  -O3 -fomit-frame-pointer -funroll-all-loops
 -finline-functions  execution test
XPASS: gfortran.dg/ret_pointer_1.f90  -O3 -g  execution test
XPASS: gfortran.dg/ret_pointer_1.f90  -Os  execution test
FAIL: gfortran.fortran-torture/execute/arrayarg2.f90 execution,  -O2
FAIL: gfortran.fortran-torture/execute/arrayarg2.f90
execution,  -O3 -fomit-frame-pointer
FAIL: gfortran.fortran-torture/execute/arrayarg2.f90
execution,  -O3 -fomit-frame-pointer -funroll-loops
FAIL: gfortran.fortran-torture/execute/arrayarg2.f90
execution,  -O3 -fomit-frame-pointer -funroll-all-loops -finline-functions
FAIL: gfortran.fortran-torture/execute/arrayarg2.f90 execution,  -O3 -g
FAIL: gfortran.fortran-torture/execute/forall_3.f90 execution,  -O1
FAIL: gfortran.fortran-torture/execute/forall_3.f90 execution,  -O2
FAIL: gfortran.fortran-torture/execute/forall_3.f90
execution,  -O3 -fomit-frame-pointer
FAIL: gfortran.fortran-torture/execute/forall_3.f90
execution,  -O3 -fomit-frame-pointer -funroll-loops
FAIL: gfortran.fortran-torture/execute/forall_3.f90
execution,  -O3 -fomit-frame-pointer -funroll-all-loops -finline-functions
FAIL: gfortran.fortran-torture/execute/forall_3.f90 execution,  -O3 -g
FAIL: gfortran.fortran-torture/execute/forall_3.f90 execution,  -Os
FAIL: gfortran.fortran-torture/execute/intrinsic_abs.f90 execution,  -O0
FAIL: gfortran.fortran-torture/execute/intrinsic_abs.f90 execution,  -O1
FAIL: gfortran.fortran-torture/execute/intrinsic_abs.f90 execution,  -O2
FAIL: gfortran.fortran-torture/execute/intrinsic_abs.f90
execution,  -O3 -fomit-frame-pointer
FAIL: gfortran.fortran-torture/execute/intrinsic_abs.f90
execution,  -O3 -fomit-frame-pointer -funroll-loops
FAIL: gfortran.fortran-torture/execute/intrinsic_abs.f90
execution,  -O3 -fomit-frame-pointer -funroll-all-loops -finline-functions
FAIL: gfortran.fortran-torture/execute/intrinsic_abs.f90
execution,  -O3 -g
FAIL: gfortran.fortran-torture/execute/intrinsic_abs.f90 execution,  -Os
FAIL: gfortran.fortran-torture/execute/strarray_3.f90 execution,  -O2
FAIL: gfortran.fortran-torture/execute/strarray_3.f90
execution,  -O3 -fomit-frame-pointer
FAIL: gfortran.fortran-torture/execute/strarray_3.f90
execution,  -O3 -fomit-frame-pointer -funroll-loops
FAIL: gfortran.fortran-torture/execute/strarray_3.f90
execution,  -O3 -fomit-frame-pointer -funroll-all-loops -finline-functions
FAIL: gfortran.fortran-torture/execute/strarray_3.f90 execution,  -O3 -g

		=== gfortran Summary for unix ===

# of expected passes		5799
# of unexpected failures	25
# of unexpected successes	8
# of expected failures		26
# of unsupported tests		16

Running target unix/-mabi=64
XPASS: gfortran.dg/ret_pointer_1.f90  -O0  execution test
XPASS: gfortran.dg/ret_pointer_1.f90  -O1  execution test
XPASS: gfortran.dg/ret_pointer_1.f90  -O2  execution test
XPASS: gfortran.dg/ret_pointer_1.f90  -O3 -fomit-frame-pointer  execution
test
XPASS:
gfortran.dg/ret_pointer_1.f90  -O3 -fomit-frame-pointer -funroll-loops
execution test
XPASS:
gfortran.dg/ret_pointer_1.f90  -O3 -fomit-frame-pointer -funroll-all-loops
 -finline-functions  execution test
XPASS: gfortran.dg/ret_pointer_1.f90  -O3 -g  execution test
XPASS: gfortran.dg/ret_pointer_1.f90  -Os  execution test
FAIL: gfortran.fortran-torture/execute/arrayarg2.f90 execution,  -O2
FAIL: gfortran.fortran-torture/execute/arrayarg2.f90
execution,  -O3 -fomit-frame-pointer
FAIL: gfortran.fortran-torture/execute/arrayarg2.f90
execution,  -O3 -fomit-frame-pointer -funroll-loops
FAIL: gfortran.fortran-torture/execute/arrayarg2.f90
execution,  -O3 -fomit-frame-pointer -funroll-all-loops -finline-functions
FAIL: gfortran.fortran-torture/execute/arrayarg2.f90 execution,  -O3 -g
FAIL: gfortran.fortran-torture/execute/forall_3.f90 execution,  -O0
FAIL: gfortran.fortran-torture/execute/forall_3.f90 execution,  -O1
FAIL: gfortran.fortran-torture/execute/forall_3.f90 execution,  -O2
FAIL: gfortran.fortran-torture/execute/forall_3.f90
execution,  -O3 -fomit-frame-pointer
FAIL: gfortran.fortran-torture/execute/forall_3.f90
execution,  -O3 -fomit-frame-pointer -funroll-loops
FAIL: gfortran.fortran-torture/execute/forall_3.f90
execution,  -O3 -fomit-frame-pointer -funroll-all-loops -finline-functions
FAIL: gfortran.fortran-torture/execute/forall_3.f90 execution,  -O3 -g
FAIL: gfortran.fortran-torture/execute/forall_3.f90 execution,  -Os
FAIL: gfortran.fortran-torture/execute/intrinsic_abs.f90 execution,  -O0
FAIL: gfortran.fortran-torture/execute/intrinsic_abs.f90 execution,  -O1
FAIL: gfortran.fortran-torture/execute/intrinsic_abs.f90 execution,  -O2
FAIL: gfortran.fortran-torture/execute/intrinsic_abs.f90
execution,  -O3 -fomit-frame-pointer
FAIL: gfortran.fortran-torture/execute/intrinsic_abs.f90
execution,  -O3 -fomit-frame-pointer -funroll-loops
FAIL: gfortran.fortran-torture/execute/intrinsic_abs.f90
execution,  -O3 -fomit-frame-pointer -funroll-all-loops -finline-functions
FAIL: gfortran.fortran-torture/execute/intrinsic_abs.f90
execution,  -O3 -g
FAIL: gfortran.fortran-torture/execute/intrinsic_abs.f90 execution,  -Os
FAIL: gfortran.fortran-torture/execute/strarray_3.f90 execution,  -O2
FAIL: gfortran.fortran-torture/execute/strarray_3.f90
execution,  -O3 -fomit-frame-pointer
FAIL: gfortran.fortran-torture/execute/strarray_3.f90
execution,  -O3 -fomit-frame-pointer -funroll-loops
FAIL: gfortran.fortran-torture/execute/strarray_3.f90
execution,  -O3 -fomit-frame-pointer -funroll-all-loops -finline-functions
FAIL: gfortran.fortran-torture/execute/strarray_3.f90 execution,  -O3 -g

		=== gfortran Summary for unix/-mabi=64 ===

# of expected passes		5798
# of unexpected failures	26
# of unexpected successes	8
# of expected failures		26
# of unsupported tests		16

		=== gfortran Summary ===

# of expected passes		11597
# of unexpected failures	51
# of unexpected successes	16
# of expected failures		52
# of unsupported tests		32
/disk4/billingd/obj/gcc-4.0/gcc/testsuite/../gfortran  version 4.0.1
20050428 (prerelease)

		=== objc tests ===


Running target unix
FAIL: objc.dg/stabs-1.m scan-assembler
(.SUBSPA.*[\$]CODE[\$]|.text"?)\\n\\t.stabs.*100,0,0,(\\\\.)?L?L[\$]?etext
[0-9]*\\n(\\\\.)?L?L[\$]?etext

		=== objc Summary for unix ===

# of expected passes		1533
# of unexpected failures	1
# of unsupported tests		10

Running target unix/-mabi=64
WARNING: program timed out.
FAIL: objc.dg/stabs-1.m scan-assembler
(.SUBSPA.*[\$]CODE[\$]|.text"?)\\n\\t.stabs.*100,0,0,(\\\\.)?L?L[\$]?etext
[0-9]*\\n(\\\\.)?L?L[\$]?etext

		=== objc Summary for unix/-mabi=64 ===

# of expected passes		1533
# of unexpected failures	1
# of unsupported tests		10

		=== objc Summary ===

# of expected passes		3066
# of unexpected failures	2
# of unsupported tests		20
/disk4/billingd/obj/gcc-4.0/gcc/xgcc  version 4.0.1 20050428 (prerelease)

		=== libstdc++ tests ===


Running target unix
FAIL: 18_support/numeric_limits.cc execution test
FAIL: 21_strings/basic_string/inserters_extractors/wchar_t/1.cc execution
test
FAIL: 21_strings/basic_string/inserters_extractors/wchar_t/11.cc execution
test
FAIL: 21_strings/basic_string/inserters_extractors/wchar_t/5.cc execution
test
FAIL: 22_locale/ctype/cons/char/1.cc execution test
FAIL: 22_locale/ctype/is/wchar_t/1.cc execution test
FAIL: 22_locale/ctype/scan/wchar_t/1.cc execution test
FAIL: 22_locale/money_get/get/wchar_t/19.cc execution test
FAIL: 22_locale/money_get/get/wchar_t/8.cc execution test
FAIL: 22_locale/num_put/put/char/14220.cc execution test
FAIL: 22_locale/num_put/put/wchar_t/14220.cc execution test
FAIL: 26_numerics/complex/13450.cc execution test
FAIL: 27_io/basic_istream/extractors_arithmetic/wchar_t/01.cc execution
test
FAIL: 27_io/basic_istream/extractors_arithmetic/wchar_t/07.cc execution
test
FAIL: 27_io/basic_istream/extractors_arithmetic/wchar_t/08.cc execution
test
FAIL: 27_io/basic_istream/extractors_arithmetic/wchar_t/10.cc execution
test
FAIL: 27_io/basic_istream/extractors_arithmetic/wchar_t/13.cc execution
test
FAIL: 27_io/basic_istream/extractors_character/wchar_t/1.cc execution test
FAIL: 27_io/basic_istream/extractors_character/wchar_t/11095-i.cc
execution test
FAIL: 27_io/basic_istream/extractors_character/wchar_t/2.cc execution test
FAIL: 27_io/basic_istream/extractors_character/wchar_t/3.cc execution test
FAIL: 27_io/basic_istream/sentry/wchar_t/2.cc execution test
FAIL: 27_io/basic_istream/ws/wchar_t/1.cc execution test
FAIL: 27_io/basic_ostream/inserters_arithmetic/char/4402.cc execution test
FAIL: 27_io/basic_ostream/inserters_arithmetic/wchar_t/4402.cc execution
test

		=== libstdc++ Summary for unix ===

# of expected passes		3572
# of unexpected failures	25
# of expected failures		12

Running target unix/-mabi=64
FAIL: 18_support/numeric_limits.cc execution test
FAIL: 21_strings/basic_string/inserters_extractors/wchar_t/1.cc execution
test
FAIL: 21_strings/basic_string/inserters_extractors/wchar_t/11.cc execution
test
FAIL: 21_strings/basic_string/inserters_extractors/wchar_t/5.cc execution
test
FAIL: 22_locale/ctype/cons/char/1.cc execution test
FAIL: 22_locale/ctype/is/wchar_t/1.cc execution test
FAIL: 22_locale/ctype/scan/wchar_t/1.cc execution test
FAIL: 22_locale/money_get/get/wchar_t/19.cc execution test
FAIL: 22_locale/money_get/get/wchar_t/8.cc execution test
FAIL: 22_locale/num_put/put/char/14220.cc execution test
FAIL: 22_locale/num_put/put/wchar_t/14220.cc execution test
FAIL: 26_numerics/complex/13450.cc execution test
FAIL: 27_io/basic_istream/extractors_arithmetic/wchar_t/01.cc execution
test
FAIL: 27_io/basic_istream/extractors_arithmetic/wchar_t/07.cc execution
test
FAIL: 27_io/basic_istream/extractors_arithmetic/wchar_t/08.cc execution
test
FAIL: 27_io/basic_istream/extractors_arithmetic/wchar_t/10.cc execution
test
FAIL: 27_io/basic_istream/extractors_arithmetic/wchar_t/13.cc execution
test
FAIL: 27_io/basic_istream/extractors_character/wchar_t/1.cc execution test
FAIL: 27_io/basic_istream/extractors_character/wchar_t/11095-i.cc
execution test
FAIL: 27_io/basic_istream/extractors_character/wchar_t/2.cc execution test
FAIL: 27_io/basic_istream/extractors_character/wchar_t/3.cc execution test
FAIL: 27_io/basic_istream/sentry/wchar_t/2.cc execution test
FAIL: 27_io/basic_istream/ws/wchar_t/1.cc execution test
FAIL: 27_io/basic_ostream/inserters_arithmetic/char/4402.cc execution test
FAIL: 27_io/basic_ostream/inserters_arithmetic/wchar_t/4402.cc execution
test

		=== libstdc++ Summary for unix/-mabi=64 ===

# of expected passes		3572
# of unexpected failures	25
# of expected failures		12

		=== libstdc++ Summary ===

# of expected passes		7144
# of unexpected failures	50
# of expected failures		24

Compiler version: 4.0.1 20050428 (prerelease)
Platform: mips-sgi-irix6.5
configure
flags: --enable-shared --enable-haifa --enable-threads=single --enable-lib
java --with-as=/disk4/billingd/tmp/binutils/bin/as --disable-nls --with-gm
p=/usr/local --disable-libmudflap --prefix=/disk4/billingd/tmp/gcc-4.0 --e
nable-languages=c,c++,f95,java,objc
Counting all warnings,
there are 33 warnings in stage3 of this bootstrap.

Number of warnings per file:
  12 gcc/config/mips/mips.md
   7 /usr/local/share/bison/bison.simple
   3 gengtype-lex.c
   3 gcc/gcc.c
   2 gcc/objc/lang-specs.h
   1 gcc/java/jvspec.c
   1 gcc/fortran/trans-common.c
   1 gcc/fortran/simplify.c
   1 gcc/fortran/resolve.c
   1 gcc/fortran/expr.c
   1

Number of warning types:
   8 old-style function definition
   7 operand 1 missing mode?
   6 string length \`???' is greater than the length \`???' ISO C89
compilers are required to support
   5 operand 0 missing mode?
   4 control may reach end of non-void function \`???' being inlined
   2 label \`???' defined but not used
   1 source missing a mode?


NOTICE
This e-mail and any attachments are private and confidential and may
contain privileged information. If you are not an authorised recipient,
the copying or distribution of this e-mail and any attachments is
prohibited and you must not read, print or act in reliance on this e-mail
or attachments.
This notice should not be removed.


Index Nav: [Date Index] [Subject Index] [Author Index] [Thread Index]
Message Nav: [Date Prev] [Date Next] [Thread Prev] [Thread Next]