This is the mail archive of the gcc-testresults@gcc.gnu.org mailing list for the GCC project.


Index Nav: [Date Index] [Subject Index] [Author Index] [Thread Index]
Message Nav: [Date Prev] [Date Next] [Thread Prev] [Thread Next]
Other format: [Raw text]

Results for 4.0.1 20050428 (prerelease) testsuite on x86_64-unknown-linux-gnu


LAST_UPDATED: Thu Mar 10 07:51:30 UTC 2005

Native configuration is x86_64-unknown-linux-gnu

		=== g++ tests ===


Running target unix
WARNING: program timed out.
FAIL: g++.dg/debug/typedef1.C -gdwarf-21 (test for excess errors)
WARNING: program timed out.
FAIL: g++.dg/tc1/dr185.C (test for excess errors)
WARNING: program timed out.
FAIL: g++.old-deja/g++.law/cvt6.C (test for excess errors)
WARNING: program timed out.

		=== g++ Summary ===

# of expected passes		10802
# of unexpected failures	3
# of expected failures		70
# of unsupported tests		90
/opt/toolchain/amd64/obj/upstream/gcc-4.0/gcc/testsuite/../g++  version 4.0.1 20050428 (prerelease)

		=== gcc tests ===


Running target unix
WARNING: program timed out.
FAIL: gcc.c-torture/unsorted/loadhicc.c,  -Os  
WARNING: program timed out.
FAIL: tmpdir-gcc.dg-struct-layout-1/t006 c_compat_x_tst.o-c_compat_y_tst.o link
UNRESOLVED: tmpdir-gcc.dg-struct-layout-1/t006 c_compat_x_tst.o-c_compat_y_tst.o execute 
FAIL: gcc.dg/setjmp-2.c (test for excess errors)
WARNING: gcc.dg/setjmp-2.c compilation failed to produce executable
FAIL: gcc.dg/short-compare-1.c (test for excess errors)
WARNING: gcc.dg/short-compare-1.c compilation failed to produce executable
FAIL: gcc.dg/short-compare-2.c (test for excess errors)
WARNING: gcc.dg/short-compare-2.c compilation failed to produce executable
WARNING: program timed out.
WARNING: program timed out.
FAIL: ./valid-1.h  -O0  (test for excess errors)
XPASS: gcc.dg/vect/vect-22.c scan-tree-dump-times vectorized 3 loops 1
WARNING: program timed out.
FAIL: gcc.dg/vect/vect-89.c (test for excess errors)

		=== gcc Summary ===

# of expected passes		34342
# of unexpected failures	7
# of unexpected successes	1
# of expected failures		105
# of unresolved testcases	1
# of untested testcases		28
# of unsupported tests		429
/opt/toolchain/amd64/obj/upstream/gcc-4.0/gcc/xgcc  version 4.0.1 20050428 (prerelease)

		=== libstdc++ tests ===


Running target unix
XPASS: 22_locale/locale/cons/12658_thread-1.cc execution test
XPASS: 26_numerics/cmath/c99_classification_macros_c.cc (test for excess errors)
XPASS: 27_io/fpos/14320-1.cc execution test

		=== libstdc++ Summary ===

# of expected passes		3615
# of unexpected successes	3
# of expected failures		11

Compiler version: 4.0.1 20050428 (prerelease) 
Platform: x86_64-unknown-linux-gnu
configure flags: --prefix=/opt/toolchain/amd64/tot --program-suffix=-4.0 --with-system-zlib --enable-nls --without-included-gettext --disable-multilib --enable-languages=c,c++
Counting all warnings,
there are 0 warnings in stage3 of this bootstrap.

Number of warnings per file:

Number of warning types:


Index Nav: [Date Index] [Subject Index] [Author Index] [Thread Index]
Message Nav: [Date Prev] [Date Next] [Thread Prev] [Thread Next]