This is the mail archive of the
gcc-testresults@gcc.gnu.org
mailing list for the GCC project.
Results for 4.1.0 20050428 (experimental) testsuite on powerpc64-unknown-linux-gnu
- From: Janis Johnson <janis187 at us dot ibm dot com>
- To: gcc-testresults at gcc dot gnu dot org
- Date: Wed, 27 Apr 2005 23:23:04 -0700
- Subject: Results for 4.1.0 20050428 (experimental) testsuite on powerpc64-unknown-linux-gnu
Linux 2.4.21-17.EL ppc64
GNU C Library stable release version 2.3.2
GNU ld version 2.15.94.0.2.2 20041220
GNU assembler 2.15.94.0.2.2 20041220
GNU Make version 3.79.1
DejaGnu:
Expect version is 5.40.0
Tcl version is 8.4
Framework version is 1.4.4
32-bit biarch default32
CVS branch: mainline
This hardware does not support VMX instructions.
LAST_UPDATED: Thu Apr 28 01:23:06 UTC 2005
Native configuration is powerpc64-unknown-linux-gnu
=== g++ tests ===
Running target unix/-m32
FAIL: g++.dg/other/static11.C (test for excess errors)
=== g++ Summary for unix/-m32 ===
# of expected passes 11064
# of unexpected failures 1
# of expected failures 65
# of unsupported tests 81
Running target unix/-m64
FAIL: g++.dg/other/static11.C (test for excess errors)
=== g++ Summary for unix/-m64 ===
# of expected passes 11026
# of unexpected failures 1
# of expected failures 65
# of unsupported tests 84
=== g++ Summary ===
# of expected passes 22090
# of unexpected failures 2
# of expected failures 130
# of unsupported tests 165
/home/gccbuild/build/nightly/build-gcc-mline/gcc/testsuite/../g++ version 4.1.0 20050428 (experimental)
=== gcc tests ===
Running target unix/-m32
XPASS: gcc.c-torture/execute/20020720-1.c compilation, -O1
UNRESOLVED: gcc.c-torture/execute/20020720-1.c execution, -O2
UNRESOLVED: gcc.c-torture/execute/20020720-1.c execution, -O3 -fomit-frame-pointer
UNRESOLVED: gcc.c-torture/execute/20020720-1.c execution, -O3 -g
UNRESOLVED: gcc.c-torture/execute/20020720-1.c execution, -Os
FAIL: gcc.dg/uninit-1.c uninitialized variable warning (test for bogus messages, line 16)
XPASS: gcc.dg/vect/vect-67.c scan-tree-dump-times vectorized 1 loops 1
FAIL: gcc.dg/vect/vect-dv-2.c execution test
=== gcc Summary for unix/-m32 ===
# of expected passes 36532
# of unexpected failures 2
# of unexpected successes 2
# of expected failures 104
# of unresolved testcases 4
# of untested testcases 28
# of unsupported tests 440
Running target unix/-m64
UNRESOLVED: gcc.c-torture/execute/20020720-1.c execution, -O1
UNRESOLVED: gcc.c-torture/execute/20020720-1.c execution, -O2
UNRESOLVED: gcc.c-torture/execute/20020720-1.c execution, -O3 -fomit-frame-pointer
UNRESOLVED: gcc.c-torture/execute/20020720-1.c execution, -O3 -g
UNRESOLVED: gcc.c-torture/execute/20020720-1.c execution, -Os
FAIL: gcc.c-torture/execute/930106-1.c compilation, -O0
UNRESOLVED: gcc.c-torture/execute/930106-1.c execution, -O0
FAIL: tmpdir-gcc.dg-struct-layout-1/t154 c_compat_y_tst.o compile
UNRESOLVED: tmpdir-gcc.dg-struct-layout-1/t154 c_compat_x_tst.o-c_compat_y_tst.o link
UNRESOLVED: tmpdir-gcc.dg-struct-layout-1/t154 c_compat_x_tst.o-c_compat_y_tst.o execute
FAIL: gcc.dg/altivec-21.c (test for errors, line 13)
FAIL: gcc.dg/altivec-21.c (test for errors, line 14)
FAIL: gcc.dg/ppc64-abi-2.c (test for excess errors)
WARNING: gcc.dg/ppc64-abi-2.c compilation failed to produce executable
FAIL: gcc.dg/uninit-1.c uninitialized variable warning (test for bogus messages, line 16)
XPASS: gcc.dg/tree-ssa/sra-2.c scan-tree-dump-times link_error 0
XPASS: gcc.dg/vect/vect-67.c scan-tree-dump-times vectorized 1 loops 1
FAIL: gcc.dg/vect/vect-dv-2.c execution test
=== gcc Summary for unix/-m64 ===
# of expected passes 36528
# of unexpected failures 7
# of unexpected successes 2
# of expected failures 111
# of unresolved testcases 8
# of untested testcases 28
# of unsupported tests 437
=== gcc Summary ===
# of expected passes 73060
# of unexpected failures 9
# of unexpected successes 4
# of expected failures 215
# of unresolved testcases 12
# of untested testcases 56
# of unsupported tests 877
/home/gccbuild/build/nightly/build-gcc-mline/gcc/xgcc version 4.1.0 20050428 (experimental)
=== gfortran tests ===
Running target unix/-m32
FAIL: gfortran.dg/common_4.f90 -O1 (test for excess errors)
WARNING: gfortran.dg/common_4.f90 -O1 compilation failed to produce executable
FAIL: gfortran.dg/common_4.f90 -O2 (test for excess errors)
WARNING: gfortran.dg/common_4.f90 -O2 compilation failed to produce executable
FAIL: gfortran.dg/common_4.f90 -O3 -fomit-frame-pointer (test for excess errors)
WARNING: gfortran.dg/common_4.f90 -O3 -fomit-frame-pointer compilation failed to produce executable
FAIL: gfortran.dg/common_4.f90 -O3 -fomit-frame-pointer -funroll-loops (test for excess errors)
WARNING: gfortran.dg/common_4.f90 -O3 -fomit-frame-pointer -funroll-loops compilation failed to produce executable
FAIL: gfortran.dg/common_4.f90 -O3 -fomit-frame-pointer -funroll-all-loops -finline-functions (test for excess errors)
WARNING: gfortran.dg/common_4.f90 -O3 -fomit-frame-pointer -funroll-all-loops -finline-functions compilation failed to produce executable
FAIL: gfortran.dg/common_4.f90 -O3 -g (test for excess errors)
WARNING: gfortran.dg/common_4.f90 -O3 -g compilation failed to produce executable
FAIL: gfortran.dg/common_4.f90 -Os (test for excess errors)
WARNING: gfortran.dg/common_4.f90 -Os compilation failed to produce executable
XPASS: gfortran.dg/ret_pointer_1.f90 -O0 execution test
XPASS: gfortran.dg/ret_pointer_1.f90 -O1 execution test
FAIL: gfortran.dg/g77/980628-0.f -O1 (test for excess errors)
WARNING: gfortran.dg/g77/980628-0.f -O1 compilation failed to produce executable
FAIL: gfortran.dg/g77/980628-0.f -O2 (test for excess errors)
WARNING: gfortran.dg/g77/980628-0.f -O2 compilation failed to produce executable
FAIL: gfortran.dg/g77/980628-0.f -O3 -fomit-frame-pointer (test for excess errors)
WARNING: gfortran.dg/g77/980628-0.f -O3 -fomit-frame-pointer compilation failed to produce executable
FAIL: gfortran.dg/g77/980628-0.f -O3 -fomit-frame-pointer -funroll-loops (test for excess errors)
WARNING: gfortran.dg/g77/980628-0.f -O3 -fomit-frame-pointer -funroll-loops compilation failed to produce executable
FAIL: gfortran.dg/g77/980628-0.f -O3 -fomit-frame-pointer -funroll-all-loops -finline-functions (test for excess errors)
WARNING: gfortran.dg/g77/980628-0.f -O3 -fomit-frame-pointer -funroll-all-loops -finline-functions compilation failed to produce executable
FAIL: gfortran.dg/g77/980628-0.f -O3 -g (test for excess errors)
WARNING: gfortran.dg/g77/980628-0.f -O3 -g compilation failed to produce executable
FAIL: gfortran.dg/g77/980628-0.f -Os (test for excess errors)
WARNING: gfortran.dg/g77/980628-0.f -Os compilation failed to produce executable
FAIL: gfortran.dg/g77/980628-1.f -O1 (test for excess errors)
WARNING: gfortran.dg/g77/980628-1.f -O1 compilation failed to produce executable
FAIL: gfortran.dg/g77/980628-1.f -O2 (test for excess errors)
WARNING: gfortran.dg/g77/980628-1.f -O2 compilation failed to produce executable
FAIL: gfortran.dg/g77/980628-1.f -O3 -fomit-frame-pointer (test for excess errors)
WARNING: gfortran.dg/g77/980628-1.f -O3 -fomit-frame-pointer compilation failed to produce executable
FAIL: gfortran.dg/g77/980628-1.f -O3 -fomit-frame-pointer -funroll-loops (test for excess errors)
WARNING: gfortran.dg/g77/980628-1.f -O3 -fomit-frame-pointer -funroll-loops compilation failed to produce executable
FAIL: gfortran.dg/g77/980628-1.f -O3 -fomit-frame-pointer -funroll-all-loops -finline-functions (test for excess errors)
WARNING: gfortran.dg/g77/980628-1.f -O3 -fomit-frame-pointer -funroll-all-loops -finline-functions compilation failed to produce executable
FAIL: gfortran.dg/g77/980628-1.f -O3 -g (test for excess errors)
WARNING: gfortran.dg/g77/980628-1.f -O3 -g compilation failed to produce executable
FAIL: gfortran.dg/g77/980628-1.f -Os (test for excess errors)
WARNING: gfortran.dg/g77/980628-1.f -Os compilation failed to produce executable
FAIL: gfortran.dg/g77/980628-10.f -O1 (test for excess errors)
WARNING: gfortran.dg/g77/980628-10.f -O1 compilation failed to produce executable
FAIL: gfortran.dg/g77/980628-10.f -O2 (test for excess errors)
WARNING: gfortran.dg/g77/980628-10.f -O2 compilation failed to produce executable
FAIL: gfortran.dg/g77/980628-10.f -O3 -fomit-frame-pointer (test for excess errors)
WARNING: gfortran.dg/g77/980628-10.f -O3 -fomit-frame-pointer compilation failed to produce executable
FAIL: gfortran.dg/g77/980628-10.f -O3 -fomit-frame-pointer -funroll-loops (test for excess errors)
WARNING: gfortran.dg/g77/980628-10.f -O3 -fomit-frame-pointer -funroll-loops compilation failed to produce executable
FAIL: gfortran.dg/g77/980628-10.f -O3 -fomit-frame-pointer -funroll-all-loops -finline-functions (test for excess errors)
WARNING: gfortran.dg/g77/980628-10.f -O3 -fomit-frame-pointer -funroll-all-loops -finline-functions compilation failed to produce executable
FAIL: gfortran.dg/g77/980628-10.f -O3 -g (test for excess errors)
WARNING: gfortran.dg/g77/980628-10.f -O3 -g compilation failed to produce executable
FAIL: gfortran.dg/g77/980628-10.f -Os (test for excess errors)
WARNING: gfortran.dg/g77/980628-10.f -Os compilation failed to produce executable
FAIL: gfortran.dg/g77/980628-2.f -O1 (test for excess errors)
WARNING: gfortran.dg/g77/980628-2.f -O1 compilation failed to produce executable
FAIL: gfortran.dg/g77/980628-2.f -O2 (test for excess errors)
WARNING: gfortran.dg/g77/980628-2.f -O2 compilation failed to produce executable
FAIL: gfortran.dg/g77/980628-2.f -O3 -fomit-frame-pointer (test for excess errors)
WARNING: gfortran.dg/g77/980628-2.f -O3 -fomit-frame-pointer compilation failed to produce executable
FAIL: gfortran.dg/g77/980628-2.f -O3 -fomit-frame-pointer -funroll-loops (test for excess errors)
WARNING: gfortran.dg/g77/980628-2.f -O3 -fomit-frame-pointer -funroll-loops compilation failed to produce executable
FAIL: gfortran.dg/g77/980628-2.f -O3 -fomit-frame-pointer -funroll-all-loops -finline-functions (test for excess errors)
WARNING: gfortran.dg/g77/980628-2.f -O3 -fomit-frame-pointer -funroll-all-loops -finline-functions compilation failed to produce executable
FAIL: gfortran.dg/g77/980628-2.f -O3 -g (test for excess errors)
WARNING: gfortran.dg/g77/980628-2.f -O3 -g compilation failed to produce executable
FAIL: gfortran.dg/g77/980628-2.f -Os (test for excess errors)
WARNING: gfortran.dg/g77/980628-2.f -Os compilation failed to produce executable
FAIL: gfortran.dg/g77/980628-3.f -O1 (test for excess errors)
WARNING: gfortran.dg/g77/980628-3.f -O1 compilation failed to produce executable
FAIL: gfortran.dg/g77/980628-3.f -O2 (test for excess errors)
WARNING: gfortran.dg/g77/980628-3.f -O2 compilation failed to produce executable
FAIL: gfortran.dg/g77/980628-3.f -O3 -fomit-frame-pointer (test for excess errors)
WARNING: gfortran.dg/g77/980628-3.f -O3 -fomit-frame-pointer compilation failed to produce executable
FAIL: gfortran.dg/g77/980628-3.f -O3 -fomit-frame-pointer -funroll-loops (test for excess errors)
WARNING: gfortran.dg/g77/980628-3.f -O3 -fomit-frame-pointer -funroll-loops compilation failed to produce executable
FAIL: gfortran.dg/g77/980628-3.f -O3 -fomit-frame-pointer -funroll-all-loops -finline-functions (test for excess errors)
WARNING: gfortran.dg/g77/980628-3.f -O3 -fomit-frame-pointer -funroll-all-loops -finline-functions compilation failed to produce executable
FAIL: gfortran.dg/g77/980628-3.f -O3 -g (test for excess errors)
WARNING: gfortran.dg/g77/980628-3.f -O3 -g compilation failed to produce executable
FAIL: gfortran.dg/g77/980628-3.f -Os (test for excess errors)
WARNING: gfortran.dg/g77/980628-3.f -Os compilation failed to produce executable
FAIL: gfortran.dg/g77/980628-7.f -O1 (test for excess errors)
WARNING: gfortran.dg/g77/980628-7.f -O1 compilation failed to produce executable
FAIL: gfortran.dg/g77/980628-7.f -O2 (test for excess errors)
WARNING: gfortran.dg/g77/980628-7.f -O2 compilation failed to produce executable
FAIL: gfortran.dg/g77/980628-7.f -O3 -fomit-frame-pointer (test for excess errors)
WARNING: gfortran.dg/g77/980628-7.f -O3 -fomit-frame-pointer compilation failed to produce executable
FAIL: gfortran.dg/g77/980628-7.f -O3 -fomit-frame-pointer -funroll-loops (test for excess errors)
WARNING: gfortran.dg/g77/980628-7.f -O3 -fomit-frame-pointer -funroll-loops compilation failed to produce executable
FAIL: gfortran.dg/g77/980628-7.f -O3 -fomit-frame-pointer -funroll-all-loops -finline-functions (test for excess errors)
WARNING: gfortran.dg/g77/980628-7.f -O3 -fomit-frame-pointer -funroll-all-loops -finline-functions compilation failed to produce executable
FAIL: gfortran.dg/g77/980628-7.f -O3 -g (test for excess errors)
WARNING: gfortran.dg/g77/980628-7.f -O3 -g compilation failed to produce executable
FAIL: gfortran.dg/g77/980628-7.f -Os (test for excess errors)
WARNING: gfortran.dg/g77/980628-7.f -Os compilation failed to produce executable
FAIL: gfortran.dg/g77/980628-8.f -O1 (test for excess errors)
WARNING: gfortran.dg/g77/980628-8.f -O1 compilation failed to produce executable
FAIL: gfortran.dg/g77/980628-8.f -O2 (test for excess errors)
WARNING: gfortran.dg/g77/980628-8.f -O2 compilation failed to produce executable
FAIL: gfortran.dg/g77/980628-8.f -O3 -fomit-frame-pointer (test for excess errors)
WARNING: gfortran.dg/g77/980628-8.f -O3 -fomit-frame-pointer compilation failed to produce executable
FAIL: gfortran.dg/g77/980628-8.f -O3 -fomit-frame-pointer -funroll-loops (test for excess errors)
WARNING: gfortran.dg/g77/980628-8.f -O3 -fomit-frame-pointer -funroll-loops compilation failed to produce executable
FAIL: gfortran.dg/g77/980628-8.f -O3 -fomit-frame-pointer -funroll-all-loops -finline-functions (test for excess errors)
WARNING: gfortran.dg/g77/980628-8.f -O3 -fomit-frame-pointer -funroll-all-loops -finline-functions compilation failed to produce executable
FAIL: gfortran.dg/g77/980628-8.f -O3 -g (test for excess errors)
WARNING: gfortran.dg/g77/980628-8.f -O3 -g compilation failed to produce executable
FAIL: gfortran.dg/g77/980628-8.f -Os (test for excess errors)
WARNING: gfortran.dg/g77/980628-8.f -Os compilation failed to produce executable
FAIL: gfortran.dg/g77/980628-9.f -O1 (test for excess errors)
WARNING: gfortran.dg/g77/980628-9.f -O1 compilation failed to produce executable
FAIL: gfortran.dg/g77/980628-9.f -O2 (test for excess errors)
WARNING: gfortran.dg/g77/980628-9.f -O2 compilation failed to produce executable
FAIL: gfortran.dg/g77/980628-9.f -O3 -fomit-frame-pointer (test for excess errors)
WARNING: gfortran.dg/g77/980628-9.f -O3 -fomit-frame-pointer compilation failed to produce executable
FAIL: gfortran.dg/g77/980628-9.f -O3 -fomit-frame-pointer -funroll-loops (test for excess errors)
WARNING: gfortran.dg/g77/980628-9.f -O3 -fomit-frame-pointer -funroll-loops compilation failed to produce executable
FAIL: gfortran.dg/g77/980628-9.f -O3 -fomit-frame-pointer -funroll-all-loops -finline-functions (test for excess errors)
WARNING: gfortran.dg/g77/980628-9.f -O3 -fomit-frame-pointer -funroll-all-loops -finline-functions compilation failed to produce executable
FAIL: gfortran.dg/g77/980628-9.f -O3 -g (test for excess errors)
WARNING: gfortran.dg/g77/980628-9.f -O3 -g compilation failed to produce executable
FAIL: gfortran.dg/g77/980628-9.f -Os (test for excess errors)
WARNING: gfortran.dg/g77/980628-9.f -Os compilation failed to produce executable
FAIL: gfortran.dg/g77/980701-1.f -O1 (test for excess errors)
WARNING: gfortran.dg/g77/980701-1.f -O1 compilation failed to produce executable
FAIL: gfortran.dg/g77/980701-1.f -O2 (test for excess errors)
WARNING: gfortran.dg/g77/980701-1.f -O2 compilation failed to produce executable
FAIL: gfortran.dg/g77/980701-1.f -O3 -fomit-frame-pointer (test for excess errors)
WARNING: gfortran.dg/g77/980701-1.f -O3 -fomit-frame-pointer compilation failed to produce executable
FAIL: gfortran.dg/g77/980701-1.f -O3 -fomit-frame-pointer -funroll-loops (test for excess errors)
WARNING: gfortran.dg/g77/980701-1.f -O3 -fomit-frame-pointer -funroll-loops compilation failed to produce executable
FAIL: gfortran.dg/g77/980701-1.f -O3 -fomit-frame-pointer -funroll-all-loops -finline-functions (test for excess errors)
WARNING: gfortran.dg/g77/980701-1.f -O3 -fomit-frame-pointer -funroll-all-loops -finline-functions compilation failed to produce executable
FAIL: gfortran.dg/g77/980701-1.f -O3 -g (test for excess errors)
WARNING: gfortran.dg/g77/980701-1.f -O3 -g compilation failed to produce executable
FAIL: gfortran.dg/g77/980701-1.f -Os (test for excess errors)
WARNING: gfortran.dg/g77/980701-1.f -Os compilation failed to produce executable
FAIL: gfortran.fortran-torture/execute/forall_3.f90 execution, -O1
FAIL: gfortran.fortran-torture/execute/forall_3.f90 execution, -O2
FAIL: gfortran.fortran-torture/execute/forall_3.f90 execution, -O3 -fomit-frame-pointer
FAIL: gfortran.fortran-torture/execute/forall_3.f90 execution, -O3 -fomit-frame-pointer -funroll-loops
FAIL: gfortran.fortran-torture/execute/forall_3.f90 execution, -O3 -fomit-frame-pointer -funroll-all-loops -finline-functions
FAIL: gfortran.fortran-torture/execute/forall_3.f90 execution, -O3 -g
FAIL: gfortran.fortran-torture/execute/forall_3.f90 execution, -Os
=== gfortran Summary for unix/-m32 ===
# of expected passes 6282
# of unexpected failures 77
# of unexpected successes 2
# of expected failures 30
# of unsupported tests 16
Running target unix/-m64
FAIL: gfortran.dg/common_4.f90 -O1 (test for excess errors)
WARNING: gfortran.dg/common_4.f90 -O1 compilation failed to produce executable
FAIL: gfortran.dg/common_4.f90 -O2 (test for excess errors)
WARNING: gfortran.dg/common_4.f90 -O2 compilation failed to produce executable
FAIL: gfortran.dg/common_4.f90 -O3 -fomit-frame-pointer (test for excess errors)
WARNING: gfortran.dg/common_4.f90 -O3 -fomit-frame-pointer compilation failed to produce executable
FAIL: gfortran.dg/common_4.f90 -O3 -fomit-frame-pointer -funroll-loops (test for excess errors)
WARNING: gfortran.dg/common_4.f90 -O3 -fomit-frame-pointer -funroll-loops compilation failed to produce executable
FAIL: gfortran.dg/common_4.f90 -O3 -fomit-frame-pointer -funroll-all-loops -finline-functions (test for excess errors)
WARNING: gfortran.dg/common_4.f90 -O3 -fomit-frame-pointer -funroll-all-loops -finline-functions compilation failed to produce executable
FAIL: gfortran.dg/common_4.f90 -O3 -g (test for excess errors)
WARNING: gfortran.dg/common_4.f90 -O3 -g compilation failed to produce executable
FAIL: gfortran.dg/common_4.f90 -Os (test for excess errors)
WARNING: gfortran.dg/common_4.f90 -Os compilation failed to produce executable
FAIL: gfortran.dg/namelist_14.f90 -O0 (test for excess errors)
WARNING: gfortran.dg/namelist_14.f90 -O0 compilation failed to produce executable
XPASS: gfortran.dg/ret_pointer_1.f90 -O0 execution test
XPASS: gfortran.dg/ret_pointer_1.f90 -O1 execution test
XPASS: gfortran.dg/ret_pointer_1.f90 -O2 execution test
XPASS: gfortran.dg/ret_pointer_1.f90 -O3 -fomit-frame-pointer execution test
XPASS: gfortran.dg/ret_pointer_1.f90 -O3 -fomit-frame-pointer -funroll-loops execution test
XPASS: gfortran.dg/ret_pointer_1.f90 -O3 -fomit-frame-pointer -funroll-all-loops -finline-functions execution test
XPASS: gfortran.dg/ret_pointer_1.f90 -O3 -g execution test
XPASS: gfortran.dg/ret_pointer_1.f90 -Os execution test
FAIL: gfortran.dg/g77/980628-0.f -O1 (test for excess errors)
WARNING: gfortran.dg/g77/980628-0.f -O1 compilation failed to produce executable
FAIL: gfortran.dg/g77/980628-0.f -O2 (test for excess errors)
WARNING: gfortran.dg/g77/980628-0.f -O2 compilation failed to produce executable
FAIL: gfortran.dg/g77/980628-0.f -O3 -fomit-frame-pointer (test for excess errors)
WARNING: gfortran.dg/g77/980628-0.f -O3 -fomit-frame-pointer compilation failed to produce executable
FAIL: gfortran.dg/g77/980628-0.f -O3 -fomit-frame-pointer -funroll-loops (test for excess errors)
WARNING: gfortran.dg/g77/980628-0.f -O3 -fomit-frame-pointer -funroll-loops compilation failed to produce executable
FAIL: gfortran.dg/g77/980628-0.f -O3 -fomit-frame-pointer -funroll-all-loops -finline-functions (test for excess errors)
WARNING: gfortran.dg/g77/980628-0.f -O3 -fomit-frame-pointer -funroll-all-loops -finline-functions compilation failed to produce executable
FAIL: gfortran.dg/g77/980628-0.f -O3 -g (test for excess errors)
WARNING: gfortran.dg/g77/980628-0.f -O3 -g compilation failed to produce executable
FAIL: gfortran.dg/g77/980628-0.f -Os (test for excess errors)
WARNING: gfortran.dg/g77/980628-0.f -Os compilation failed to produce executable
FAIL: gfortran.dg/g77/980628-1.f -O1 (test for excess errors)
WARNING: gfortran.dg/g77/980628-1.f -O1 compilation failed to produce executable
FAIL: gfortran.dg/g77/980628-1.f -O2 (test for excess errors)
WARNING: gfortran.dg/g77/980628-1.f -O2 compilation failed to produce executable
FAIL: gfortran.dg/g77/980628-1.f -O3 -fomit-frame-pointer (test for excess errors)
WARNING: gfortran.dg/g77/980628-1.f -O3 -fomit-frame-pointer compilation failed to produce executable
FAIL: gfortran.dg/g77/980628-1.f -O3 -fomit-frame-pointer -funroll-loops (test for excess errors)
WARNING: gfortran.dg/g77/980628-1.f -O3 -fomit-frame-pointer -funroll-loops compilation failed to produce executable
FAIL: gfortran.dg/g77/980628-1.f -O3 -fomit-frame-pointer -funroll-all-loops -finline-functions (test for excess errors)
WARNING: gfortran.dg/g77/980628-1.f -O3 -fomit-frame-pointer -funroll-all-loops -finline-functions compilation failed to produce executable
FAIL: gfortran.dg/g77/980628-1.f -O3 -g (test for excess errors)
WARNING: gfortran.dg/g77/980628-1.f -O3 -g compilation failed to produce executable
FAIL: gfortran.dg/g77/980628-1.f -Os (test for excess errors)
WARNING: gfortran.dg/g77/980628-1.f -Os compilation failed to produce executable
FAIL: gfortran.dg/g77/980628-10.f -O1 (test for excess errors)
WARNING: gfortran.dg/g77/980628-10.f -O1 compilation failed to produce executable
FAIL: gfortran.dg/g77/980628-10.f -O2 (test for excess errors)
WARNING: gfortran.dg/g77/980628-10.f -O2 compilation failed to produce executable
FAIL: gfortran.dg/g77/980628-10.f -O3 -fomit-frame-pointer (test for excess errors)
WARNING: gfortran.dg/g77/980628-10.f -O3 -fomit-frame-pointer compilation failed to produce executable
FAIL: gfortran.dg/g77/980628-10.f -O3 -fomit-frame-pointer -funroll-loops (test for excess errors)
WARNING: gfortran.dg/g77/980628-10.f -O3 -fomit-frame-pointer -funroll-loops compilation failed to produce executable
FAIL: gfortran.dg/g77/980628-10.f -O3 -fomit-frame-pointer -funroll-all-loops -finline-functions (test for excess errors)
WARNING: gfortran.dg/g77/980628-10.f -O3 -fomit-frame-pointer -funroll-all-loops -finline-functions compilation failed to produce executable
FAIL: gfortran.dg/g77/980628-10.f -O3 -g (test for excess errors)
WARNING: gfortran.dg/g77/980628-10.f -O3 -g compilation failed to produce executable
FAIL: gfortran.dg/g77/980628-10.f -Os (test for excess errors)
WARNING: gfortran.dg/g77/980628-10.f -Os compilation failed to produce executable
FAIL: gfortran.dg/g77/980628-2.f -O1 (test for excess errors)
WARNING: gfortran.dg/g77/980628-2.f -O1 compilation failed to produce executable
FAIL: gfortran.dg/g77/980628-2.f -O2 (test for excess errors)
WARNING: gfortran.dg/g77/980628-2.f -O2 compilation failed to produce executable
FAIL: gfortran.dg/g77/980628-2.f -O3 -fomit-frame-pointer (test for excess errors)
WARNING: gfortran.dg/g77/980628-2.f -O3 -fomit-frame-pointer compilation failed to produce executable
FAIL: gfortran.dg/g77/980628-2.f -O3 -fomit-frame-pointer -funroll-loops (test for excess errors)
WARNING: gfortran.dg/g77/980628-2.f -O3 -fomit-frame-pointer -funroll-loops compilation failed to produce executable
FAIL: gfortran.dg/g77/980628-2.f -O3 -fomit-frame-pointer -funroll-all-loops -finline-functions (test for excess errors)
WARNING: gfortran.dg/g77/980628-2.f -O3 -fomit-frame-pointer -funroll-all-loops -finline-functions compilation failed to produce executable
FAIL: gfortran.dg/g77/980628-2.f -O3 -g (test for excess errors)
WARNING: gfortran.dg/g77/980628-2.f -O3 -g compilation failed to produce executable
FAIL: gfortran.dg/g77/980628-2.f -Os (test for excess errors)
WARNING: gfortran.dg/g77/980628-2.f -Os compilation failed to produce executable
FAIL: gfortran.dg/g77/980628-3.f -O1 (test for excess errors)
WARNING: gfortran.dg/g77/980628-3.f -O1 compilation failed to produce executable
FAIL: gfortran.dg/g77/980628-3.f -O2 (test for excess errors)
WARNING: gfortran.dg/g77/980628-3.f -O2 compilation failed to produce executable
FAIL: gfortran.dg/g77/980628-3.f -O3 -fomit-frame-pointer (test for excess errors)
WARNING: gfortran.dg/g77/980628-3.f -O3 -fomit-frame-pointer compilation failed to produce executable
FAIL: gfortran.dg/g77/980628-3.f -O3 -fomit-frame-pointer -funroll-loops (test for excess errors)
WARNING: gfortran.dg/g77/980628-3.f -O3 -fomit-frame-pointer -funroll-loops compilation failed to produce executable
FAIL: gfortran.dg/g77/980628-3.f -O3 -fomit-frame-pointer -funroll-all-loops -finline-functions (test for excess errors)
WARNING: gfortran.dg/g77/980628-3.f -O3 -fomit-frame-pointer -funroll-all-loops -finline-functions compilation failed to produce executable
FAIL: gfortran.dg/g77/980628-3.f -O3 -g (test for excess errors)
WARNING: gfortran.dg/g77/980628-3.f -O3 -g compilation failed to produce executable
FAIL: gfortran.dg/g77/980628-3.f -Os (test for excess errors)
WARNING: gfortran.dg/g77/980628-3.f -Os compilation failed to produce executable
FAIL: gfortran.dg/g77/980628-7.f -O1 (test for excess errors)
WARNING: gfortran.dg/g77/980628-7.f -O1 compilation failed to produce executable
FAIL: gfortran.dg/g77/980628-7.f -O2 (test for excess errors)
WARNING: gfortran.dg/g77/980628-7.f -O2 compilation failed to produce executable
FAIL: gfortran.dg/g77/980628-7.f -O3 -fomit-frame-pointer (test for excess errors)
WARNING: gfortran.dg/g77/980628-7.f -O3 -fomit-frame-pointer compilation failed to produce executable
FAIL: gfortran.dg/g77/980628-7.f -O3 -fomit-frame-pointer -funroll-loops (test for excess errors)
WARNING: gfortran.dg/g77/980628-7.f -O3 -fomit-frame-pointer -funroll-loops compilation failed to produce executable
FAIL: gfortran.dg/g77/980628-7.f -O3 -fomit-frame-pointer -funroll-all-loops -finline-functions (test for excess errors)
WARNING: gfortran.dg/g77/980628-7.f -O3 -fomit-frame-pointer -funroll-all-loops -finline-functions compilation failed to produce executable
FAIL: gfortran.dg/g77/980628-7.f -O3 -g (test for excess errors)
WARNING: gfortran.dg/g77/980628-7.f -O3 -g compilation failed to produce executable
FAIL: gfortran.dg/g77/980628-7.f -Os (test for excess errors)
WARNING: gfortran.dg/g77/980628-7.f -Os compilation failed to produce executable
FAIL: gfortran.dg/g77/980628-8.f -O1 (test for excess errors)
WARNING: gfortran.dg/g77/980628-8.f -O1 compilation failed to produce executable
FAIL: gfortran.dg/g77/980628-8.f -O2 (test for excess errors)
WARNING: gfortran.dg/g77/980628-8.f -O2 compilation failed to produce executable
FAIL: gfortran.dg/g77/980628-8.f -O3 -fomit-frame-pointer (test for excess errors)
WARNING: gfortran.dg/g77/980628-8.f -O3 -fomit-frame-pointer compilation failed to produce executable
FAIL: gfortran.dg/g77/980628-8.f -O3 -fomit-frame-pointer -funroll-loops (test for excess errors)
WARNING: gfortran.dg/g77/980628-8.f -O3 -fomit-frame-pointer -funroll-loops compilation failed to produce executable
FAIL: gfortran.dg/g77/980628-8.f -O3 -fomit-frame-pointer -funroll-all-loops -finline-functions (test for excess errors)
WARNING: gfortran.dg/g77/980628-8.f -O3 -fomit-frame-pointer -funroll-all-loops -finline-functions compilation failed to produce executable
FAIL: gfortran.dg/g77/980628-8.f -O3 -g (test for excess errors)
WARNING: gfortran.dg/g77/980628-8.f -O3 -g compilation failed to produce executable
FAIL: gfortran.dg/g77/980628-8.f -Os (test for excess errors)
WARNING: gfortran.dg/g77/980628-8.f -Os compilation failed to produce executable
FAIL: gfortran.dg/g77/980628-9.f -O1 (test for excess errors)
WARNING: gfortran.dg/g77/980628-9.f -O1 compilation failed to produce executable
FAIL: gfortran.dg/g77/980628-9.f -O2 (test for excess errors)
WARNING: gfortran.dg/g77/980628-9.f -O2 compilation failed to produce executable
FAIL: gfortran.dg/g77/980628-9.f -O3 -fomit-frame-pointer (test for excess errors)
WARNING: gfortran.dg/g77/980628-9.f -O3 -fomit-frame-pointer compilation failed to produce executable
FAIL: gfortran.dg/g77/980628-9.f -O3 -fomit-frame-pointer -funroll-loops (test for excess errors)
WARNING: gfortran.dg/g77/980628-9.f -O3 -fomit-frame-pointer -funroll-loops compilation failed to produce executable
FAIL: gfortran.dg/g77/980628-9.f -O3 -fomit-frame-pointer -funroll-all-loops -finline-functions (test for excess errors)
WARNING: gfortran.dg/g77/980628-9.f -O3 -fomit-frame-pointer -funroll-all-loops -finline-functions compilation failed to produce executable
FAIL: gfortran.dg/g77/980628-9.f -O3 -g (test for excess errors)
WARNING: gfortran.dg/g77/980628-9.f -O3 -g compilation failed to produce executable
FAIL: gfortran.dg/g77/980628-9.f -Os (test for excess errors)
WARNING: gfortran.dg/g77/980628-9.f -Os compilation failed to produce executable
FAIL: gfortran.dg/g77/980701-1.f -O1 (test for excess errors)
WARNING: gfortran.dg/g77/980701-1.f -O1 compilation failed to produce executable
FAIL: gfortran.dg/g77/980701-1.f -O2 (test for excess errors)
WARNING: gfortran.dg/g77/980701-1.f -O2 compilation failed to produce executable
FAIL: gfortran.dg/g77/980701-1.f -O3 -fomit-frame-pointer (test for excess errors)
WARNING: gfortran.dg/g77/980701-1.f -O3 -fomit-frame-pointer compilation failed to produce executable
FAIL: gfortran.dg/g77/980701-1.f -O3 -fomit-frame-pointer -funroll-loops (test for excess errors)
WARNING: gfortran.dg/g77/980701-1.f -O3 -fomit-frame-pointer -funroll-loops compilation failed to produce executable
FAIL: gfortran.dg/g77/980701-1.f -O3 -fomit-frame-pointer -funroll-all-loops -finline-functions (test for excess errors)
WARNING: gfortran.dg/g77/980701-1.f -O3 -fomit-frame-pointer -funroll-all-loops -finline-functions compilation failed to produce executable
FAIL: gfortran.dg/g77/980701-1.f -O3 -g (test for excess errors)
WARNING: gfortran.dg/g77/980701-1.f -O3 -g compilation failed to produce executable
FAIL: gfortran.dg/g77/980701-1.f -Os (test for excess errors)
WARNING: gfortran.dg/g77/980701-1.f -Os compilation failed to produce executable
FAIL: gfortran.dg/g77/cabs.f -O0 execution test
FAIL: gfortran.dg/g77/cabs.f -O1 execution test
FAIL: gfortran.dg/g77/cabs.f -O2 execution test
FAIL: gfortran.dg/g77/cabs.f -O3 -fomit-frame-pointer execution test
FAIL: gfortran.dg/g77/cabs.f -O3 -fomit-frame-pointer -funroll-loops execution test
FAIL: gfortran.dg/g77/cabs.f -O3 -fomit-frame-pointer -funroll-all-loops -finline-functions execution test
FAIL: gfortran.dg/g77/cabs.f -O3 -g execution test
FAIL: gfortran.dg/g77/cabs.f -Os execution test
FAIL: gfortran.fortran-torture/execute/forall_3.f90 execution, -O0
FAIL: gfortran.fortran-torture/execute/forall_3.f90 execution, -O1
FAIL: gfortran.fortran-torture/execute/forall_3.f90 execution, -O2
FAIL: gfortran.fortran-torture/execute/forall_3.f90 execution, -O3 -fomit-frame-pointer
FAIL: gfortran.fortran-torture/execute/forall_3.f90 execution, -O3 -fomit-frame-pointer -funroll-loops
FAIL: gfortran.fortran-torture/execute/forall_3.f90 execution, -O3 -fomit-frame-pointer -funroll-all-loops -finline-functions
FAIL: gfortran.fortran-torture/execute/forall_3.f90 execution, -O3 -g
FAIL: gfortran.fortran-torture/execute/forall_3.f90 execution, -Os
FAIL: gfortran.fortran-torture/execute/intrinsic_abs.f90 execution, -O0
FAIL: gfortran.fortran-torture/execute/intrinsic_abs.f90 execution, -O1
FAIL: gfortran.fortran-torture/execute/intrinsic_abs.f90 execution, -O2
FAIL: gfortran.fortran-torture/execute/intrinsic_abs.f90 execution, -O3 -fomit-frame-pointer
FAIL: gfortran.fortran-torture/execute/intrinsic_abs.f90 execution, -O3 -fomit-frame-pointer -funroll-loops
FAIL: gfortran.fortran-torture/execute/intrinsic_abs.f90 execution, -O3 -fomit-frame-pointer -funroll-all-loops -finline-functions
FAIL: gfortran.fortran-torture/execute/intrinsic_abs.f90 execution, -O3 -g
FAIL: gfortran.fortran-torture/execute/intrinsic_abs.f90 execution, -Os
FAIL: gfortran.fortran-torture/execute/power.f90 execution, -O0
FAIL: gfortran.fortran-torture/execute/power.f90 execution, -O1
FAIL: gfortran.fortran-torture/execute/power.f90 execution, -O2
FAIL: gfortran.fortran-torture/execute/power.f90 execution, -O3 -fomit-frame-pointer
FAIL: gfortran.fortran-torture/execute/power.f90 execution, -O3 -fomit-frame-pointer -funroll-loops
FAIL: gfortran.fortran-torture/execute/power.f90 execution, -O3 -fomit-frame-pointer -funroll-all-loops -finline-functions
FAIL: gfortran.fortran-torture/execute/power.f90 execution, -O3 -g
FAIL: gfortran.fortran-torture/execute/power.f90 execution, -Os
=== gfortran Summary for unix/-m64 ===
# of expected passes 6252
# of unexpected failures 103
# of unexpected successes 8
# of expected failures 27
# of unsupported tests 16
=== gfortran Summary ===
# of expected passes 12534
# of unexpected failures 180
# of unexpected successes 10
# of expected failures 57
# of unsupported tests 32
/home/gccbuild/build/nightly/build-gcc-mline/gcc/testsuite/../gfortran version 4.1.0 20050428 (experimental)
=== objc tests ===
Running target unix/-m32
=== objc Summary for unix/-m32 ===
# of expected passes 1534
# of unsupported tests 12
Running target unix/-m64
=== objc Summary for unix/-m64 ===
# of expected passes 1534
# of unsupported tests 12
=== objc Summary ===
# of expected passes 3068
# of unsupported tests 24
/home/gccbuild/build/nightly/build-gcc-mline/gcc/xgcc version 4.1.0 20050428 (experimental)
=== libffi tests ===
Running target unix/-m32
=== libffi Summary for unix/-m32 ===
# of expected passes 219
# of unsupported tests 2
Running target unix/-m64
FAIL: libffi.call/float3.c execution test
=== libffi Summary for unix/-m64 ===
# of expected passes 218
# of unexpected failures 1
# of unsupported tests 2
=== libffi Summary ===
# of expected passes 437
# of unexpected failures 1
# of unsupported tests 4
=== libjava tests ===
Running target unix/-m32
FAIL: Array_3 -O3 execution - bytecode->native test
FAIL: pr21115 run
=== libjava Summary for unix/-m32 ===
# of expected passes 3806
# of unexpected failures 2
# of expected failures 10
# of untested testcases 10
Running target unix/-m64
FAIL: PR16923.c compilation
FAIL: Array_3 -O3 execution - bytecode->native test
FAIL: Class_1 execution - gij test
FAIL: Class_1 execution - gij test
FAIL: InvokeInterface execution - gij test
FAIL: InvokeInterface execution - gij test
FAIL: PR12350 execution - gij test
FAIL: PR12350 execution - gij test
FAIL: PR12416 execution - gij test
FAIL: PR12416 execution - gij test
FAIL: PR260 execution - gij test
FAIL: PR260 execution - gij test
FAIL: SyncTest execution - gij test
FAIL: SyncTest execution - gij test
FAIL: invokethrow execution - gij test
FAIL: invokethrow execution - gij test
FAIL: pr179 execution - gij test
FAIL: pr179 execution - gij test
FAIL: pr8415 execution - gij test
FAIL: pr8415 execution - gij test
FAIL: stringconst2 output - gij test
FAIL: stringconst2 output - gij test
FAIL: pr21115 run
=== libjava Summary for unix/-m64 ===
# of expected passes 3766
# of unexpected failures 23
# of expected failures 10
# of untested testcases 28
=== libjava Summary ===
# of expected passes 7572
# of unexpected failures 25
# of expected failures 20
# of untested testcases 38
=== libmudflap tests ===
Running target unix/-m32
=== libmudflap Summary for unix/-m32 ===
# of expected passes 1331
Running target unix/-m64
FAIL: libmudflap.c/fail27-frag.c output pattern test
FAIL: libmudflap.c/fail27-frag.c (-O2) output pattern test
FAIL: libmudflap.c/fail27-frag.c (-O3) output pattern test
=== libmudflap Summary for unix/-m64 ===
# of expected passes 1328
# of unexpected failures 3
=== libmudflap Summary ===
# of expected passes 2659
# of unexpected failures 3
=== libstdc++ tests ===
Running target unix/-m32
XPASS: 26_numerics/cmath/c99_classification_macros_c.cc (test for excess errors)
XPASS: ext/array_allocator/2.cc execution test
FAIL: ext/stdio_sync_filebuf/wchar_t/12077.cc (test for excess errors)
WARNING: ext/stdio_sync_filebuf/wchar_t/12077.cc compilation failed to produce executable
=== libstdc++ Summary for unix/-m32 ===
# of expected passes 3628
# of unexpected failures 1
# of unexpected successes 2
# of expected failures 12
Running target unix/-m64
FAIL: 22_locale/messages/members/char/1.cc execution test
FAIL: 22_locale/messages/members/char/2.cc execution test
FAIL: 22_locale/messages/members/char/wrapped_env.cc execution test
FAIL: 22_locale/messages/members/char/wrapped_locale.cc execution test
FAIL: 22_locale/messages_byname/named_equivalence.cc execution test
XPASS: 26_numerics/cmath/c99_classification_macros_c.cc (test for excess errors)
XPASS: 27_io/fpos/14320-1.cc execution test
XPASS: ext/array_allocator/2.cc execution test
FAIL: ext/stdio_sync_filebuf/wchar_t/12077.cc (test for excess errors)
WARNING: ext/stdio_sync_filebuf/wchar_t/12077.cc compilation failed to produce executable
=== libstdc++ Summary for unix/-m64 ===
# of expected passes 3620
# of unexpected failures 6
# of unexpected successes 3
# of expected failures 14
=== libstdc++ Summary ===
# of expected passes 7248
# of unexpected failures 7
# of unexpected successes 5
# of expected failures 26
Compiler version: 4.1.0 20050428 (experimental)
Platform: powerpc64-unknown-linux-gnu
configure flags: --prefix=/opt/gcc-nightly/mline-20050428 --build=powerpc64-linux --host=powerpc64-linux --target=powerpc64-linux --with-cpu=default32 --with-as=/opt/gcc-nightly/binutils-2.15.94.0.2.2/bin/as --with-ld=/opt/gcc-nightly/binutils-2.15.94.0.2.2/bin/ld --enable-threads=posix --enable-shared --enable-__cxa_atexit --with-mpfr=/opt/gcc-nightly/gmp --enable-languages=c,c++,f95,java,objc
=== Test Framework Summary ===
# of expected passes 2486