This is the mail archive of the gcc-testresults@gcc.gnu.org mailing list for the GCC project.


Index Nav: [Date Index] [Subject Index] [Author Index] [Thread Index]
Message Nav: [Date Prev] [Date Next] [Thread Prev] [Thread Next]
Other format: [Raw text]

Results for 4.0.0 testsuite on powerpc64-unknown-linux-gnu (RHEL3)


Red Hat Enterprise Linux AS release 3 (Taroon Update 3)

This hardware does not support VMX instructions.

Linux 2.4.21-17.EL ppc64
GNU C Library stable release version 2.3.2
GNU ld version 2.15.94.0.2.2 20041220
GNU assembler 2.15.94.0.2.2 20041220
GNU Make version 3.79.1

DejaGnu:
	Expect version is	5.40.0
	Tcl version is		8.4
	Framework version is	1.4.4

32-bit biarch default32

LAST_UPDATED: Obtained from CVS: -rgcc_4_0_0_release 

Native configuration is powerpc64-unknown-linux-gnu

		=== gcc tests ===


Running target unix/-m32
FAIL: gcc.dg/format/attr-3.c   format_arg ret unsigned char string (test for errors, line 70)
FAIL: gcc.dg/format/attr-3.c   (test for excess errors)

		=== gcc Summary for unix/-m32 ===

# of expected passes		35060
# of unexpected failures	2
# of expected failures		101
# of untested testcases		28
# of unsupported tests		441

Running target unix/-m64
FAIL: gcc.dg/declspec-13.c  (test for errors, line 86)
FAIL: gcc.dg/declspec-13.c (test for excess errors)

		=== gcc Summary for unix/-m64 ===

# of expected passes		35066
# of unexpected failures	2
# of expected failures		108
# of untested testcases		28
# of unsupported tests		438

		=== gcc Summary ===

# of expected passes		70126
# of unexpected failures	4
# of expected failures		209
# of untested testcases		56
# of unsupported tests		879
/home/gccbuild/build/4.0.0/build-gcc-4.0.0/gcc/xgcc  version 4.0.0

		=== gfortran tests ===


Running target unix/-m32
XPASS: gfortran.dg/ret_pointer_1.f90  -O0  execution test
XPASS: gfortran.dg/ret_pointer_1.f90  -O1  execution test
FAIL: gfortran.fortran-torture/execute/forall_3.f90 execution,  -O1 
FAIL: gfortran.fortran-torture/execute/forall_3.f90 execution,  -O2 
FAIL: gfortran.fortran-torture/execute/forall_3.f90 execution,  -O3 -fomit-frame-pointer 
FAIL: gfortran.fortran-torture/execute/forall_3.f90 execution,  -O3 -g 
FAIL: gfortran.fortran-torture/execute/forall_3.f90 execution,  -Os 

		=== gfortran Summary for unix/-m32 ===

# of expected passes		5781
# of unexpected failures	5
# of unexpected successes	2
# of expected failures		24
# of unsupported tests		16

Running target unix/-m64
XPASS: gfortran.dg/ret_pointer_1.f90  -O0  execution test
XPASS: gfortran.dg/ret_pointer_1.f90  -O1  execution test
XPASS: gfortran.dg/ret_pointer_1.f90  -O2  execution test
XPASS: gfortran.dg/ret_pointer_1.f90  -O3 -fomit-frame-pointer  execution test
XPASS: gfortran.dg/ret_pointer_1.f90  -O3 -fomit-frame-pointer -funroll-loops  execution test
XPASS: gfortran.dg/ret_pointer_1.f90  -O3 -fomit-frame-pointer -funroll-all-loops -finline-functions  execution test
XPASS: gfortran.dg/ret_pointer_1.f90  -O3 -g  execution test
XPASS: gfortran.dg/ret_pointer_1.f90  -Os  execution test
FAIL: gfortran.dg/g77/cabs.f  -O0  execution test
FAIL: gfortran.dg/g77/cabs.f  -O1  execution test
FAIL: gfortran.dg/g77/cabs.f  -O2  execution test
FAIL: gfortran.dg/g77/cabs.f  -O3 -fomit-frame-pointer  execution test
FAIL: gfortran.dg/g77/cabs.f  -O3 -fomit-frame-pointer -funroll-loops  execution test
FAIL: gfortran.dg/g77/cabs.f  -O3 -fomit-frame-pointer -funroll-all-loops -finline-functions  execution test
FAIL: gfortran.dg/g77/cabs.f  -O3 -g  execution test
FAIL: gfortran.dg/g77/cabs.f  -Os  execution test
FAIL: gfortran.fortran-torture/execute/forall_3.f90 execution,  -O0 
FAIL: gfortran.fortran-torture/execute/forall_3.f90 execution,  -O1 
FAIL: gfortran.fortran-torture/execute/forall_3.f90 execution,  -O2 
FAIL: gfortran.fortran-torture/execute/forall_3.f90 execution,  -O3 -fomit-frame-pointer 
FAIL: gfortran.fortran-torture/execute/forall_3.f90 execution,  -O3 -fomit-frame-pointer -funroll-loops 
FAIL: gfortran.fortran-torture/execute/forall_3.f90 execution,  -O3 -fomit-frame-pointer -funroll-all-loops -finline-functions 
FAIL: gfortran.fortran-torture/execute/forall_3.f90 execution,  -O3 -g 
FAIL: gfortran.fortran-torture/execute/forall_3.f90 execution,  -Os 
FAIL: gfortran.fortran-torture/execute/intrinsic_abs.f90 execution,  -O0 
FAIL: gfortran.fortran-torture/execute/intrinsic_abs.f90 execution,  -O1 
FAIL: gfortran.fortran-torture/execute/intrinsic_abs.f90 execution,  -O2 
FAIL: gfortran.fortran-torture/execute/intrinsic_abs.f90 execution,  -O3 -fomit-frame-pointer 
FAIL: gfortran.fortran-torture/execute/intrinsic_abs.f90 execution,  -O3 -fomit-frame-pointer -funroll-loops 
FAIL: gfortran.fortran-torture/execute/intrinsic_abs.f90 execution,  -O3 -fomit-frame-pointer -funroll-all-loops -finline-functions 
FAIL: gfortran.fortran-torture/execute/intrinsic_abs.f90 execution,  -O3 -g 
FAIL: gfortran.fortran-torture/execute/intrinsic_abs.f90 execution,  -Os 
FAIL: gfortran.fortran-torture/execute/power.f90 execution,  -O0 
FAIL: gfortran.fortran-torture/execute/power.f90 execution,  -O1 
FAIL: gfortran.fortran-torture/execute/power.f90 execution,  -O2 
FAIL: gfortran.fortran-torture/execute/power.f90 execution,  -O3 -fomit-frame-pointer 
FAIL: gfortran.fortran-torture/execute/power.f90 execution,  -O3 -fomit-frame-pointer -funroll-loops 
FAIL: gfortran.fortran-torture/execute/power.f90 execution,  -O3 -fomit-frame-pointer -funroll-all-loops -finline-functions 
FAIL: gfortran.fortran-torture/execute/power.f90 execution,  -O3 -g 
FAIL: gfortran.fortran-torture/execute/power.f90 execution,  -Os 

		=== gfortran Summary for unix/-m64 ===

# of expected passes		5754
# of unexpected failures	32
# of unexpected successes	8
# of expected failures		18
# of unsupported tests		16

		=== gfortran Summary ===

# of expected passes		11535
# of unexpected failures	37
# of unexpected successes	10
# of expected failures		42
# of unsupported tests		32
/home/gccbuild/build/4.0.0/build-gcc-4.0.0/gcc/testsuite/../gfortran  version 4.0.0

		=== g++ tests ===


Running target unix/-m32

		=== g++ Summary for unix/-m32 ===

# of expected passes		10930
# of expected failures		69
# of unsupported tests		76

Running target unix/-m64

		=== g++ Summary for unix/-m64 ===

# of expected passes		10892
# of expected failures		69
# of unsupported tests		79

		=== g++ Summary ===

# of expected passes		21822
# of expected failures		138
# of unsupported tests		155
/home/gccbuild/build/4.0.0/build-gcc-4.0.0/gcc/testsuite/../g++  version 4.0.0

		=== objc tests ===


Running target unix/-m32

		=== objc Summary for unix/-m32 ===

# of expected passes		1534
# of unsupported tests		10

Running target unix/-m64

		=== objc Summary for unix/-m64 ===

# of expected passes		1534
# of unsupported tests		10

		=== objc Summary ===

# of expected passes		3068
# of unsupported tests		20
/home/gccbuild/build/4.0.0/build-gcc-4.0.0/gcc/xgcc  version 4.0.0

		=== treelang tests ===


Running target unix/-m32

		=== treelang Summary for unix/-m32 ===

# of expected passes		47

Running target unix/-m64

		=== treelang Summary for unix/-m64 ===


		=== treelang Summary ===

# of expected passes		47
		=== libffi tests ===


Running target unix/-m32

		=== libffi Summary for unix/-m32 ===

# of expected passes		219
# of unsupported tests		2

Running target unix/-m64
FAIL: libffi.call/float3.c execution test

		=== libffi Summary for unix/-m64 ===

# of expected passes		218
# of unexpected failures	1
# of unsupported tests		2

		=== libffi Summary ===

# of expected passes		437
# of unexpected failures	1
# of unsupported tests		4
		=== libjava tests ===


Running target unix/-m32
FAIL: Array_3 -O3 execution - bytecode->native test

		=== libjava Summary for unix/-m32 ===

# of expected passes		3788
# of unexpected failures	1
# of expected failures		14
# of untested testcases		17

Running target unix/-m64
FAIL: PR16923.c compilation
FAIL: Array_3 -O3 execution - bytecode->native test
WARNING: program timed out.
FAIL: Divide_1 execution - gij test
WARNING: program timed out.
FAIL: Divide_1 execution - gij test
FAIL: FileHandleGcTest execution - source compiled test
WARNING: program timed out.
FAIL: FileHandleGcTest execution - gij test
FAIL: FileHandleGcTest execution - bytecode->native test
FAIL: FileHandleGcTest -O3 execution - source compiled test
WARNING: program timed out.
FAIL: FileHandleGcTest execution - gij test
FAIL: FileHandleGcTest -O3 execution - bytecode->native test
WARNING: program timed out.
FAIL: PR18699 execution - source compiled test
WARNING: program timed out.
FAIL: PR18699 execution - gij test
FAIL: PR18699 execution - bytecode->native test
WARNING: program timed out.
FAIL: PR18699 -O3 execution - source compiled test
WARNING: program timed out.
FAIL: PR18699 execution - gij test
FAIL: PR18699 -O3 execution - bytecode->native test
FAIL: Process_1 execution - source compiled test
FAIL: Process_1 execution - gij test
FAIL: Process_1 execution - bytecode->native test
FAIL: Process_1 -O3 execution - source compiled test
FAIL: Process_1 execution - gij test
FAIL: Process_1 -O3 execution - bytecode->native test
FAIL: Process_2 execution - source compiled test
FAIL: Process_2 execution - gij test
FAIL: Process_2 execution - bytecode->native test
FAIL: Process_2 -O3 execution - source compiled test
FAIL: Process_2 execution - gij test
FAIL: Process_2 -O3 execution - bytecode->native test
WARNING: program timed out.
FAIL: Process_3 execution - source compiled test
WARNING: program timed out.
FAIL: Process_3 execution - gij test
FAIL: Process_3 execution - bytecode->native test
WARNING: program timed out.
FAIL: Process_3 -O3 execution - source compiled test
WARNING: program timed out.
FAIL: Process_3 execution - gij test
FAIL: Process_3 -O3 execution - bytecode->native test
FAIL: Process_4 execution - source compiled test
FAIL: Process_4 execution - gij test
FAIL: Process_4 execution - bytecode->native test
FAIL: Process_4 -O3 execution - source compiled test
FAIL: Process_4 execution - gij test
FAIL: Process_4 -O3 execution - bytecode->native test
FAIL: Process_5 execution - source compiled test
FAIL: Process_5 execution - gij test
FAIL: Process_5 execution - bytecode->native test
FAIL: Process_5 -O3 execution - source compiled test
FAIL: Process_5 execution - gij test
FAIL: Process_5 -O3 execution - bytecode->native test
FAIL: Process_6 execution - source compiled test
FAIL: Process_6 execution - gij test
FAIL: Process_6 execution - bytecode->native test
FAIL: Process_6 -O3 execution - source compiled test
FAIL: Process_6 execution - gij test
FAIL: Process_6 -O3 execution - bytecode->native test
FAIL: SyncTest execution - source compiled test
FAIL: SyncTest execution - gij test
FAIL: SyncTest execution - bytecode->native test
FAIL: SyncTest -O3 execution - source compiled test
FAIL: SyncTest execution - gij test
FAIL: SyncTest -O3 execution - bytecode->native test
FAIL: TLtest execution - source compiled test
FAIL: TLtest execution - gij test
FAIL: TLtest execution - bytecode->native test
FAIL: TLtest -O3 execution - source compiled test
FAIL: TLtest execution - gij test
FAIL: TLtest -O3 execution - bytecode->native test
FAIL: Thread_Alive execution - source compiled test
FAIL: Thread_Alive execution - gij test
FAIL: Thread_Alive execution - bytecode->native test
FAIL: Thread_Alive -O3 execution - source compiled test
FAIL: Thread_Alive execution - gij test
FAIL: Thread_Alive -O3 execution - bytecode->native test
FAIL: Thread_Interrupt execution - source compiled test
FAIL: Thread_Interrupt execution - gij test
FAIL: Thread_Interrupt execution - bytecode->native test
FAIL: Thread_Interrupt -O3 execution - source compiled test
FAIL: Thread_Interrupt execution - gij test
FAIL: Thread_Interrupt -O3 execution - bytecode->native test
FAIL: Thread_Join execution - source compiled test
FAIL: Thread_Join execution - gij test
FAIL: Thread_Join execution - bytecode->native test
FAIL: Thread_Join -O3 execution - source compiled test
FAIL: Thread_Join execution - gij test
FAIL: Thread_Join -O3 execution - bytecode->native test
WARNING: program timed out.
FAIL: Thread_Monitor execution - source compiled test
FAIL: Thread_Monitor execution - gij test
FAIL: Thread_Monitor execution - bytecode->native test
WARNING: program timed out.
FAIL: Thread_Monitor -O3 execution - source compiled test
FAIL: Thread_Monitor execution - gij test
FAIL: Thread_Monitor -O3 execution - bytecode->native test
FAIL: Thread_Wait execution - source compiled test
FAIL: Thread_Wait execution - gij test
FAIL: Thread_Wait execution - bytecode->native test
FAIL: Thread_Wait -O3 execution - source compiled test
FAIL: Thread_Wait execution - gij test
FAIL: Thread_Wait -O3 execution - bytecode->native test
FAIL: Thread_Wait_2 execution - source compiled test
FAIL: Thread_Wait_2 execution - gij test
FAIL: Thread_Wait_2 execution - bytecode->native test
FAIL: Thread_Wait_2 -O3 execution - source compiled test
FAIL: Thread_Wait_2 execution - gij test
FAIL: Thread_Wait_2 -O3 execution - bytecode->native test
WARNING: program timed out.
FAIL: Thread_Wait_Interrupt execution - source compiled test
FAIL: Thread_Wait_Interrupt execution - gij test
FAIL: Thread_Wait_Interrupt execution - bytecode->native test
FAIL: Thread_Wait_Interrupt -O3 execution - source compiled test
WARNING: program timed out.
FAIL: Thread_Wait_Interrupt execution - gij test
FAIL: Thread_Wait_Interrupt -O3 execution - bytecode->native test
FAIL: /home/gccbuild/build/4.0.0/build-gcc-4.0.0/powerpc64-linux/libjava/testsuite/TestEarlyGC.exe execution - /home/gccbuild/build/4.0.0/build-gcc-4.0.0/powerpc64-linux/libjava/testsuite/TestEarlyGC.exe
WARNING: program timed out.
FAIL: /home/gccbuild/build/4.0.0/build-gcc-4.0.0/powerpc64-linux/libjava/testsuite/TestLeak.exe execution - /home/gccbuild/build/4.0.0/build-gcc-4.0.0/powerpc64-linux/libjava/testsuite/TestLeak.exe

		=== libjava Summary for unix/-m64 ===

# of expected passes		3574
# of unexpected failures	108
# of expected failures		14
# of untested testcases		123

		=== libjava Summary ===

# of expected passes		7362
# of unexpected failures	109
# of expected failures		28
# of untested testcases		140
		=== libmudflap tests ===


Running target unix/-m32
FAIL: libmudflap.c/pass51-frag.c (-static) (test for excess errors)

		=== libmudflap Summary for unix/-m32 ===

# of expected passes		1287
# of unexpected failures	1

Running target unix/-m64
FAIL: libmudflap.c/fail27-frag.c output pattern test
FAIL: libmudflap.c/fail27-frag.c (-O2) output pattern test
FAIL: libmudflap.c/fail27-frag.c (-O3) output pattern test

		=== libmudflap Summary for unix/-m64 ===

# of expected passes		1285
# of unexpected failures	3

		=== libmudflap Summary ===

# of expected passes		2572
# of unexpected failures	4

		=== libstdc++-v3 check-abi Summary ===

# of added symbols:		 57
# of missing symbols:		 0
# of incompatible symbols:	 0

using: /home/gccbuild/src/gcc-4.0.0/libstdc++-v3/config/abi/powerpc-linux-gnu/baseline_symbols.txt

		=== libstdc++ tests ===


Running target unix/-m32
XPASS: 22_locale/locale/cons/12658_thread-1.cc execution test
XPASS: 26_numerics/cmath/c99_classification_macros_c.cc (test for excess errors)

		=== libstdc++ Summary for unix/-m32 ===

# of expected passes		3619
# of unexpected successes	2
# of expected failures		13

Running target unix/-m64
XPASS: 22_locale/locale/cons/12658_thread-1.cc execution test
FAIL: 22_locale/messages/members/char/1.cc execution test
FAIL: 22_locale/messages/members/char/2.cc execution test
FAIL: 22_locale/messages/members/char/wrapped_env.cc execution test
FAIL: 22_locale/messages/members/char/wrapped_locale.cc execution test
FAIL: 22_locale/messages_byname/named_equivalence.cc execution test
XPASS: 26_numerics/cmath/c99_classification_macros_c.cc (test for excess errors)
XPASS: 27_io/fpos/14320-1.cc execution test

		=== libstdc++ Summary for unix/-m64 ===

# of expected passes		3611
# of unexpected failures	5
# of unexpected successes	3
# of expected failures		15

		=== libstdc++ Summary ===

# of expected passes		7230
# of unexpected failures	5
# of unexpected successes	5
# of expected failures		28

Compiler version: 4.0.0 
Platform: powerpc64-unknown-linux-gnu
configure flags: --prefix=/opt/gcc-nightly/gcc-4.0.0 --build=powerpc64-linux --host=powerpc64-linux --target=powerpc64-linux --with-cpu=default32 --with-as=/opt/gcc-nightly/binutils-2.15.94.0.2.2/bin/as --with-ld=/opt/gcc-nightly/binutils-2.15.94.0.2.2/bin/ld --enable-threads=posix --enable-shared --enable-__cxa_atexit --with-mpfr=/home/janis/tools/gmp32 --enable-languages=c,c++,f95,java,objc,treelang


Index Nav: [Date Index] [Subject Index] [Author Index] [Thread Index]
Message Nav: [Date Prev] [Date Next] [Thread Prev] [Thread Next]