This is the mail archive of the gcc-testresults@gcc.gnu.org mailing list for the GCC project.


Index Nav: [Date Index] [Subject Index] [Author Index] [Thread Index]
Message Nav: [Date Prev] [Date Next] [Thread Prev] [Thread Next]
Other format: [Raw text]

Results for 3.4.4 20050425 (prerelease) testsuite on hppa2.0w-hp-hpux11.23


LAST_UPDATED: Mon Apr 25 07:50:19 UTC 2005

Native configuration is hppa2.0w-hp-hpux11.23

		=== g++ tests ===


Running target unix
UNRESOLVED: g++.dg/init/init-ref4.C
XPASS: g++.dg/rtti/tinfo1.C scan-assembler-not .globl[ \\t]+_ZTIP9CTemplateIhE
XPASS: g++.dg/rtti/tinfo1.C scan-assembler-not .section[^\\n\\r]*_ZTIP9CTemplateIhE[^\\n\\r]*
FAIL: g++.old-deja/g++.eh/badalloc1.C execution test
UNRESOLVED: g++.old-deja/g++.ext/attrib5.C
WARNING: g++.old-deja/g++.mike/p10769a.C compilation failed to produce executable
WARNING: g++.old-deja/g++.other/enum5.C compilation failed to produce executable
WARNING: g++.old-deja/g++.pt/friend44.C compilation failed to produce executable
UNRESOLVED: g++.old-deja/g++.pt/static3.C

		=== g++ Summary ===

# of expected passes		9586
# of unexpected failures	1
# of unexpected successes	2
# of expected failures		74
# of unresolved testcases	3
# of unsupported tests		88
/scratch/gcc/nightly-2005-04-25-3.4/hppa2.0w-hp-hpux11.23/build_gcc/build/gcc/testsuite/../g++  version 3.4.4 20050425 (prerelease)

		=== gcc tests ===


Running target unix
FAIL: gcc.c-torture/execute/20000822-1.c execution,  -O0 
FAIL: gcc.c-torture/execute/20000822-1.c execution,  -O1 
FAIL: gcc.c-torture/execute/20000822-1.c execution,  -O2 
FAIL: gcc.c-torture/execute/20000822-1.c execution,  -O3 -fomit-frame-pointer 
FAIL: gcc.c-torture/execute/20000822-1.c execution,  -O3 -g 
FAIL: gcc.c-torture/execute/20000822-1.c execution,  -Os 
FAIL: gcc.c-torture/execute/921215-1.c execution,  -O0 
FAIL: gcc.c-torture/execute/921215-1.c execution,  -O1 
FAIL: gcc.c-torture/execute/921215-1.c execution,  -O2 
FAIL: gcc.c-torture/execute/921215-1.c execution,  -O3 -fomit-frame-pointer 
FAIL: gcc.c-torture/execute/921215-1.c execution,  -O3 -g 
FAIL: gcc.c-torture/execute/921215-1.c execution,  -Os 
FAIL: gcc.c-torture/execute/931002-1.c execution,  -O0 
FAIL: gcc.c-torture/execute/931002-1.c execution,  -O1 
FAIL: gcc.c-torture/execute/931002-1.c execution,  -O2 
FAIL: gcc.c-torture/execute/931002-1.c execution,  -O3 -fomit-frame-pointer 
FAIL: gcc.c-torture/execute/931002-1.c execution,  -O3 -g 
FAIL: gcc.c-torture/execute/931002-1.c execution,  -Os 
FAIL: gcc.c-torture/execute/nestfunc-1.c execution,  -O0 
FAIL: gcc.c-torture/execute/nestfunc-1.c execution,  -O1 
FAIL: gcc.c-torture/execute/nestfunc-1.c execution,  -O2 
FAIL: gcc.c-torture/execute/nestfunc-1.c execution,  -O3 -fomit-frame-pointer 
FAIL: gcc.c-torture/execute/nestfunc-1.c execution,  -O3 -g 
FAIL: gcc.c-torture/execute/nestfunc-1.c execution,  -Os 
FAIL: gcc.c-torture/execute/nestfunc-2.c execution,  -O0 
FAIL: gcc.c-torture/execute/nestfunc-2.c execution,  -O1 
FAIL: gcc.c-torture/execute/nestfunc-2.c execution,  -O2 
FAIL: gcc.c-torture/execute/nestfunc-2.c execution,  -O3 -fomit-frame-pointer 
FAIL: gcc.c-torture/execute/nestfunc-2.c execution,  -O3 -fomit-frame-pointer -funroll-loops 
FAIL: gcc.c-torture/execute/nestfunc-2.c execution,  -O3 -fomit-frame-pointer -funroll-all-loops -finline-functions 
FAIL: gcc.c-torture/execute/nestfunc-2.c execution,  -O3 -g 
FAIL: gcc.c-torture/execute/nestfunc-2.c execution,  -Os 
FAIL: gcc.c-torture/execute/nestfunc-3.c execution,  -O0 
FAIL: gcc.c-torture/execute/nestfunc-3.c execution,  -O1 
FAIL: gcc.c-torture/execute/nestfunc-3.c execution,  -O2 
FAIL: gcc.c-torture/execute/nestfunc-3.c execution,  -O3 -fomit-frame-pointer 
FAIL: gcc.c-torture/execute/nestfunc-3.c execution,  -O3 -fomit-frame-pointer -funroll-loops 
FAIL: gcc.c-torture/execute/nestfunc-3.c execution,  -O3 -fomit-frame-pointer -funroll-all-loops -finline-functions 
FAIL: gcc.c-torture/execute/nestfunc-3.c execution,  -O3 -g 
FAIL: gcc.c-torture/execute/nestfunc-3.c execution,  -Os 
FAIL: gcc.c-torture/execute/nestfunc-5.c execution,  -O0 
FAIL: gcc.c-torture/execute/nestfunc-5.c execution,  -O1 
FAIL: gcc.c-torture/execute/nestfunc-5.c execution,  -O2 
FAIL: gcc.c-torture/execute/nestfunc-5.c execution,  -O3 -fomit-frame-pointer 
FAIL: gcc.c-torture/execute/nestfunc-5.c execution,  -O3 -g 
FAIL: gcc.c-torture/execute/nestfunc-5.c execution,  -Os 
FAIL: gcc.c-torture/execute/nestfunc-6.c execution,  -O0 
FAIL: gcc.c-torture/execute/nestfunc-6.c execution,  -O1 
FAIL: gcc.c-torture/execute/nestfunc-6.c execution,  -O2 
FAIL: gcc.c-torture/execute/nestfunc-6.c execution,  -O3 -fomit-frame-pointer 
FAIL: gcc.c-torture/execute/nestfunc-6.c execution,  -O3 -g 
FAIL: gcc.c-torture/execute/nestfunc-6.c execution,  -Os 
FAIL: gcc.dg/trampoline-1.c execution test
UNRESOLVED: gcc.dg/visibility-1.c
UNRESOLVED: gcc.dg/visibility-2.c
UNRESOLVED: gcc.dg/visibility-3.c
UNRESOLVED: gcc.dg/visibility-4.c
UNRESOLVED: gcc.dg/visibility-5.c
UNRESOLVED: gcc.dg/visibility-6.c
UNRESOLVED: gcc.dg/visibility-7.c
UNRESOLVED: gcc.dg/visibility-8.c
UNRESOLVED: gcc.dg/special/weak-1.c
UNRESOLVED: gcc.dg/special/weak-2.c
UNRESOLVED: gcc.dg/special/wkali-1.c
UNRESOLVED: gcc.dg/special/wkali-2.c
UNRESOLVED: gcc.dg/weak/typeof-2.c
UNRESOLVED: gcc.dg/weak/weak-1.c
UNRESOLVED: gcc.dg/weak/weak-2.c
UNRESOLVED: gcc.dg/weak/weak-3.c
UNRESOLVED: gcc.dg/weak/weak-4.c
UNRESOLVED: gcc.dg/weak/weak-5.c
UNRESOLVED: gcc.dg/weak/weak-6.c
UNRESOLVED: gcc.dg/weak/weak-7.c
UNRESOLVED: gcc.dg/weak/weak-8.c
UNRESOLVED: gcc.dg/weak/weak-9.c

		=== gcc Summary ===

# of expected passes		24196
# of unexpected failures	53
# of expected failures		69
# of unresolved testcases	22
# of untested testcases		7
# of unsupported tests		391
/scratch/gcc/nightly-2005-04-25-3.4/hppa2.0w-hp-hpux11.23/build_gcc/build/gcc/xgcc version 3.4.4 20050425 (prerelease)

		=== libstdc++ tests ===


Running target unix

		=== libstdc++ Summary ===

# of expected passes		2038
# of expected failures		4
# of unsupported tests		9

Compiler version: 3.4.4 20050425 (prerelease) 
Platform: hppa2.0w-hp-hpux11.23
configure flags: --prefix=/scratch/gcc/nightly-2005-04-25-3.4/hppa2.0w-hp-hpux11.23/build_gcc/install --enable-languages=c,c++ --enable-threads=posix --disable-nls --disable-libmudflap --with-gnu-as --with-as=/usr/local/tools/gcc-3.3.1/bin/as --without-gnu-ld --with-ld=/usr/ccs/bin/ld


Index Nav: [Date Index] [Subject Index] [Author Index] [Thread Index]
Message Nav: [Date Prev] [Date Next] [Thread Prev] [Thread Next]