This is the mail archive of the
gcc-testresults@gcc.gnu.org
mailing list for the GCC project.
Results for 4.1.0 20050425 (experimental) gfortran testsuite on i386-pc-linux-gnu
- From: coudert at quatramaran dot ens dot fr (François-Xavier Coudert)
- To: gcc-testresults at gcc dot gnu dot org
- Date: Mon, 25 Apr 2005 10:26:52 +0200 (CEST)
- Subject: Results for 4.1.0 20050425 (experimental) gfortran testsuite on i386-pc-linux-gnu
LAST_UPDATED:
Native configuration is i386-pc-linux-gnu
=== gfortran tests ===
Running target unix
XPASS: gfortran.dg/ret_pointer_1.f90 -O0 execution test
XPASS: gfortran.dg/ret_pointer_1.f90 -O1 execution test
XPASS: gfortran.dg/ret_pointer_1.f90 -O2 execution test
XPASS: gfortran.dg/ret_pointer_1.f90 -O3 -fomit-frame-pointer execution test
XPASS: gfortran.dg/ret_pointer_1.f90 -O3 -fomit-frame-pointer -funroll-loops execution test
XPASS: gfortran.dg/ret_pointer_1.f90 -O3 -fomit-frame-pointer -funroll-all-loops -finline-functions execution test
XPASS: gfortran.dg/ret_pointer_1.f90 -O3 -g execution test
XPASS: gfortran.dg/ret_pointer_1.f90 -Os execution test
FAIL: gfortran.fortran-torture/execute/forall_3.f90 execution, -O1
=== gfortran Summary ===
# of expected passes 6429
# of unexpected failures 1
# of unexpected successes 8
# of expected failures 24
# of unsupported tests 8
/tmp/gfortran-20050425/ibin/gcc/testsuite/../gfortran version 4.1.0 20050425 (experimental)
Compiler version: 4.1.0 20050425 (experimental) gfortran
Platform: i386-pc-linux-gnu
configure flags: --prefix=/tmp/gfortran-20050425/irun --enable-languages=c,f95 --host=i386-linux,;t t