This is the mail archive of the gcc-testresults@gcc.gnu.org mailing list for the GCC project.


Index Nav: [Date Index] [Subject Index] [Author Index] [Thread Index]
Message Nav: [Date Prev] [Date Next] [Thread Prev] [Thread Next]
Other format: [Raw text]

Results for 4.0.0 testsuite on sparc64-unknown-linux-gnu


Aurora SPARC Linux release 2.0 (Kashmir FC3) UltraSparc IIi (Sabre) sun4u:

binutils-2.15.92.0.2-5
bison-1.875c-2 - sparc
dejagnu-1.4.4-2 - noarch
expect-5.42.1-1 - sparc
gcc-3.4.2-6.fc3 - sparc
gcc4-4.0.0-0.8sparc - sparc
glibc-2.3.3-99 - sparc64
glibc-2.3.3-99 - sparcv9
glibc-headers-2.3.3-99 - sparc64
glibc-kernheaders-2.6-20sparc - sparc
kernel-2.6.10-1.1110sparc18 - sparc64
package kernel-smp is not installed
make-3.80-5 - sparc
nptl-devel-2.3.3-99 - sparcv9
tcl-8.4.7-2 - sparc

LAST_UPDATED: Obtained from CVS: -rgcc_4_0_0_release 

Native configuration is sparc64-unknown-linux-gnu

		=== gcc tests ===


Running target unix
FAIL: gcc.dg/special/gcsec-1.c (test for excess errors)
FAIL: gcc.dg/tls/alias-1.c (test for excess errors)
FAIL: gcc.dg/tls/opt-2.c (test for excess errors)
FAIL: gcc.misc-tests/linkage.c link

		=== gcc Summary ===

# of expected passes		33351
# of unexpected failures	4
# of expected failures		102
# of untested testcases		28
# of unsupported tests		515
/usr/local/src/branch/objdir64/gcc/xgcc  version 4.0.0

		=== gfortran tests ===


Running target unix
XPASS: gfortran.dg/ret_pointer_1.f90  -O0  execution test
XPASS: gfortran.dg/ret_pointer_1.f90  -O1  execution test
XPASS: gfortran.dg/ret_pointer_1.f90  -O2  execution test
XPASS: gfortran.dg/ret_pointer_1.f90  -O3 -fomit-frame-pointer  execution test
XPASS: gfortran.dg/ret_pointer_1.f90  -O3 -fomit-frame-pointer -funroll-loops  execution test
XPASS: gfortran.dg/ret_pointer_1.f90  -O3 -fomit-frame-pointer -funroll-all-loops -finline-functions  execution test
XPASS: gfortran.dg/ret_pointer_1.f90  -O3 -g  execution test
XPASS: gfortran.dg/ret_pointer_1.f90  -Os  execution test
FAIL: gfortran.fortran-torture/execute/forall_3.f90 execution,  -O0 
FAIL: gfortran.fortran-torture/execute/forall_3.f90 execution,  -O1 

		=== gfortran Summary ===

# of expected passes		5784
# of unexpected failures	2
# of unexpected successes	8
# of expected failures		18
# of unsupported tests		16
/usr/local/src/branch/objdir64/gcc/testsuite/../gfortran  version 4.0.0

		=== g++ tests ===


Running target unix
XPASS: g++.old-deja/g++.other/init5.C execution test

		=== g++ Summary ===

# of expected passes		10803
# of unexpected successes	1
# of expected failures		69
# of unsupported tests		92
/usr/local/src/branch/objdir64/gcc/testsuite/../g++  version 4.0.0

		=== objc tests ===


Running target unix

		=== objc Summary ===

# of expected passes		1534
# of unsupported tests		10
/usr/local/src/branch/objdir64/gcc/xgcc  version 4.0.0

		=== treelang tests ===


Running target unix

		=== treelang Summary ===

# of expected passes		47
		=== libmudflap tests ===


Running target unix
FAIL: libmudflap.c/pass54-frag.c execution test
FAIL: libmudflap.c/pass54-frag.c (-static) execution test

		=== libmudflap Summary ===

# of expected passes		1286
# of unexpected failures	2

		=== libstdc++-v3 check-abi Summary ===

# of added symbols:		 536
# of missing symbols:		 501
# of incompatible symbols:	 501

using: /usr/local/src/branch/gcc/libstdc++-v3/config/abi/sparc-linux-gnu/baseline_symbols.txt

		=== libstdc++ tests ===


Running target unix
WARNING: program timed out.
WARNING: program timed out.
FAIL: 22_locale/locale/cons/12658_thread-2.cc execution test
XPASS: 26_numerics/cmath/c99_classification_macros_c.cc (test for excess errors)
FAIL: 27_io/basic_filebuf/close/char/4879.cc execution test
FAIL: 27_io/basic_filebuf/close/char/9964.cc execution test
FAIL: 27_io/basic_filebuf/imbue/char/13171-2.cc execution test
FAIL: 27_io/basic_filebuf/imbue/wchar_t/14975-2.cc execution test
FAIL: 27_io/basic_filebuf/underflow/char/10097.cc execution test
XPASS: 27_io/fpos/14320-1.cc execution test
FAIL: 27_io/objects/char/7.cc execution test
FAIL: 27_io/objects/char/9661-1.cc execution test
FAIL: 27_io/objects/wchar_t/7.cc execution test
FAIL: 27_io/objects/wchar_t/9661-1.cc execution test
FAIL: ext/array_allocator/2.cc execution test

		=== libstdc++ Summary ===

# of expected passes		3609
# of unexpected failures	11
# of unexpected successes	2
# of expected failures		12

Compiler version: 4.0.0 
Platform: sparc64-unknown-linux-gnu
configure flags: sparc64-linux --enable-__cxa_atexit --disable-multilib --enable-shared --enable-languages=c,c++,f95,objc,treelang
Counting all warnings,
there are 97 warnings in stage0 of this bootstrap.

Number of warnings per file:
     25 libiberty/concat.c
     15 libiberty/regex.c
      7 libgfortran/intrinsics/getlog.c
      6 libmudflap/mf-runtime.c
      5 include/xregex2.h
      4 libgfortran/intrinsics/rename.c
      3 libgfortran/intrinsics/symlnk.c
      3 libgfortran/intrinsics/link.c
      3 libgfortran/intrinsics/chdir.c
      2 libiberty/pex-unix.c
      2 libgfortran/intrinsics/perror.c
      2 libgfortran/generated/matmul_r8.c
      2 libgfortran/generated/matmul_r4.c
      2 libgfortran/generated/matmul_i8.c
      2 libgfortran/generated/matmul_i4.c
      2 libgfortran/generated/matmul_c8.c
      2 libgfortran/generated/matmul_c4.c
      1 ./runtime-info.h
      1 libobjc/thr.c
      1 libobjc/sendmsg.c
      1 libgfortran/generated/transpose_i8.c
      1 libgfortran/generated/transpose_i4.c
      1 libgfortran/generated/transpose_c8.c
      1 libgfortran/generated/transpose_c4.c
      1 libgfortran/generated/matmul_l8.c
      1 libgfortran/generated/matmul_l4.c
      1 gcc/coretypes.h

Number of warning types:
     25 traditional C rejects ISO C style function definitions
     18 passing argument 1 of \`???' from incompatible pointer type
     15 signed and unsigned type in conditional expression
     13 incompatible implicit declaration of built-in function \`???'
      9 implicit declaration of function \`???'
      3 ISO C90 does not support \`static' or type qualifiers in parameter array declarators
      2 variable \`???' might be clobbered by \`???' or \`???'
      2 ISO C90 does not support \`???' or type qualifiers in parameter array declarators
      2 format \`???' expects type \`???', but argument 6 has type \`???'
      2 format \`???' expects type \`???', but argument 4 has type \`???'
      2 format \`???' expects type \`???', but argument 15 has type \`???'
      1 this is the location of the previous definition
      1 \`rtx' redefined
      1 \`???' function does return
      1 \`???' defined but not used
Counting all warnings,
there are 21 warnings in stage3 of this bootstrap.

Number of warnings per file:
      5 /usr/share/bison/bison.simple
      3 treelang/lex.c
      3 gengtype-lex.c
      3 gcc/gcc.c
      2 gcc/objc/lang-specs.h
      1 gcc/treelang/parse.y
      1 gcc/fortran/trans-common.c
      1 gcc/fortran/simplify.c
      1 gcc/fortran/resolve.c
      1 gcc/fortran/expr.c

Number of warning types:
      9 old-style function definition
      5 string length \`???' is greater than the length \`???' ISO C89 compilers are required to support
      5 control may reach end of non-void function \`???' being inlined
      2 label \`???' defined but not used


Index Nav: [Date Index] [Subject Index] [Author Index] [Thread Index]
Message Nav: [Date Prev] [Date Next] [Thread Prev] [Thread Next]