This is the mail archive of the gcc-testresults@gcc.gnu.org mailing list for the GCC project.


Index Nav: [Date Index] [Subject Index] [Author Index] [Thread Index]
Message Nav: [Date Prev] [Date Next] [Thread Prev] [Thread Next]
Other format: [Raw text]

Results for 4.1.0 20050423 (experimental) testsuite on x86_64-unknown-linux-gnu


LAST_UPDATED: 
Native configuration is x86_64-unknown-linux-gnu

		=== g++ tests ===


Running target unix
WARNING: program timed out.
FAIL: g++.dg/expr/incomplete1.C (test for excess errors)
FAIL: g++.dg/other/static11.C (test for excess errors)
WARNING: program timed out.
FAIL: g++.old-deja/g++.eh/rethrow4.C (test for excess errors)
WARNING: program timed out.
FAIL: g++.old-deja/g++.law/except3.C (test for excess errors)
WARNING: program timed out.
FAIL: g++.old-deja/g++.mike/net32.C (test for excess errors)

		=== g++ Summary ===

# of expected passes		10929
# of unexpected failures	5
# of expected failures		66
# of unsupported tests		95
/opt/toolchain/amd64/obj/upstream/gcc/gcc/testsuite/../g++  version 4.1.0 20050423 (experimental)

		=== gcc tests ===


Running target unix
WARNING: program timed out.
FAIL: gcc.c-torture/compile/20000224-1.c  -O0  (test for excess errors)
WARNING: program timed out.
FAIL: gcc.c-torture/execute/20000717-3.c compilation,  -O0 
UNRESOLVED: gcc.c-torture/execute/20000717-3.c execution,  -O0 
FAIL: gcc.dg/setjmp-2.c (test for excess errors)
WARNING: gcc.dg/setjmp-2.c compilation failed to produce executable
FAIL: gcc.dg/short-compare-1.c (test for excess errors)
WARNING: gcc.dg/short-compare-1.c compilation failed to produce executable
FAIL: gcc.dg/short-compare-2.c (test for excess errors)
WARNING: gcc.dg/short-compare-2.c compilation failed to produce executable
FAIL: gcc.dg/uninit-1.c uninitialized variable warning (test for bogus messages, line 16)
WARNING: program timed out.
FAIL: ./global-1.h  -Os  (test for excess errors)
FAIL: ./import-2.h -O0 -g (test for excess errors)
FAIL: ./import-2.h  -O0  (test for excess errors)
FAIL: ./import-2.h  -O1  (test for excess errors)
FAIL: ./import-2.h  -O2  (test for excess errors)
FAIL: ./import-2.h  -O3 -fomit-frame-pointer  (test for excess errors)
FAIL: ./import-2.h  -O3 -g  (test for excess errors)
FAIL: ./import-2.h  -Os  (test for excess errors)
XPASS: gcc.dg/vect/vect-22.c scan-tree-dump-times vectorized 3 loops 1
XPASS: gcc.dg/vect/vect-67.c scan-tree-dump-times vectorized 1 loops 1

		=== gcc Summary ===

# of expected passes		34874
# of unexpected failures	14
# of unexpected successes	2
# of expected failures		103
# of unresolved testcases	1
# of untested testcases		42
# of unsupported tests		433
/opt/toolchain/amd64/obj/upstream/gcc/gcc/xgcc  version 4.1.0 20050423 (experimental)

		=== libstdc++ tests ===


Running target unix
XPASS: 26_numerics/cmath/c99_classification_macros_c.cc (test for excess errors)
XPASS: 27_io/fpos/14320-1.cc execution test

		=== libstdc++ Summary ===

# of expected passes		3491
# of unexpected successes	2
# of expected failures		4

Compiler version: 4.1.0 20050423 (experimental) 
Platform: x86_64-unknown-linux-gnu
configure flags: --prefix=/opt/toolchain/amd64/tot --with-system-zlib --enable-nls --without-included-gettext --disable-multilib --enable-languages=c,c++
Counting all warnings,
there are 0 warnings in stage3 of this bootstrap.

Number of warnings per file:

Number of warning types:


Index Nav: [Date Index] [Subject Index] [Author Index] [Thread Index]
Message Nav: [Date Prev] [Date Next] [Thread Prev] [Thread Next]