This is the mail archive of the gcc-testresults@gcc.gnu.org mailing list for the GCC project.


Index Nav: [Date Index] [Subject Index] [Author Index] [Thread Index]
Message Nav: [Date Prev] [Date Next] [Thread Prev] [Thread Next]
Other format: [Raw text]

Results for 4.0.0 testsuite on sparc-sun-solaris2.9


LAST_UPDATED: Obtained from CVS: -rgcc_4_0_0_release 

Native configuration is sparc-sun-solaris2.9

		=== g++ tests ===


Running target unix/-m64

		=== g++ Summary for unix/-m64 ===

# of expected passes		10718
# of expected failures		70
# of unsupported tests		143

Running target unix

		=== g++ Summary for unix ===

# of expected passes		10750
# of expected failures		70
# of unsupported tests		141

		=== g++ Summary ===

# of expected passes		21468
# of expected failures		140
# of unsupported tests		284
/export/mdd0/users/lucier/programs/gcc/gcc-4.0.0/objdir/gcc/testsuite/../g++  version 4.0.0

		=== gcc tests ===


Running target unix/-m64
WARNING: program timed out.
FAIL: gcc.c-torture/compile/20001226-1.c (test for excess errors)
WARNING: program timed out.
FAIL: gcc.c-torture/compile/20001226-1.c (test for excess errors)
WARNING: program timed out.
FAIL: gcc.c-torture/compile/20001226-1.c (test for excess errors)

		=== gcc Summary for unix/-m64 ===

# of expected passes		34507
# of unexpected failures	3
# of expected failures		101
# of untested testcases		28
# of unsupported tests		533

Running target unix

		=== gcc Summary for unix ===

# of expected passes		34515
# of expected failures		101
# of untested testcases		28
# of unsupported tests		531

		=== gcc Summary ===

# of expected passes		69022
# of unexpected failures	3
# of expected failures		202
# of untested testcases		56
# of unsupported tests		1064
/export/mdd0/users/lucier/programs/gcc/gcc-4.0.0/objdir/gcc/xgcc  version 4.0.0

		=== gfortran tests ===


Running target unix/-m64
XPASS: gfortran.dg/ret_pointer_1.f90 execution test
XPASS: gfortran.dg/ret_pointer_1.f90 execution test
XPASS: gfortran.dg/ret_pointer_1.f90 execution test
XPASS: gfortran.dg/ret_pointer_1.f90 execution test
XPASS: gfortran.dg/ret_pointer_1.f90 execution test
XPASS: gfortran.dg/ret_pointer_1.f90 execution test
XPASS: gfortran.dg/ret_pointer_1.f90 execution test
XPASS: gfortran.dg/ret_pointer_1.f90 execution test
FAIL: gfortran.fortran-torture/execute/forall_3.f90 execution,  -O0 
FAIL: gfortran.fortran-torture/execute/forall_3.f90 execution,  -O1 

		=== gfortran Summary for unix/-m64 ===

# of expected passes		5784
# of unexpected failures	2
# of unexpected successes	8
# of expected failures		18
# of unsupported tests		16

Running target unix
XPASS: gfortran.dg/ret_pointer_1.f90 execution test
XPASS: gfortran.dg/ret_pointer_1.f90 execution test
XPASS: gfortran.dg/ret_pointer_1.f90 execution test
XPASS: gfortran.dg/ret_pointer_1.f90 execution test
XPASS: gfortran.dg/ret_pointer_1.f90 execution test
XPASS: gfortran.dg/ret_pointer_1.f90 execution test
XPASS: gfortran.dg/ret_pointer_1.f90 execution test
FAIL: gfortran.fortran-torture/execute/forall_3.f90 execution,  -O1 

		=== gfortran Summary for unix ===

# of expected passes		5785
# of unexpected failures	1
# of unexpected successes	7
# of expected failures		19
# of unsupported tests		16

		=== gfortran Summary ===

# of expected passes		11569
# of unexpected failures	3
# of unexpected successes	15
# of expected failures		37
# of unsupported tests		32
/export/mdd0/users/lucier/programs/gcc/gcc-4.0.0/objdir/gcc/testsuite/../gfortran  version 4.0.0

		=== objc tests ===


Running target unix/-m64

		=== objc Summary for unix/-m64 ===

# of expected passes		1534
# of unsupported tests		10

Running target unix

		=== objc Summary for unix ===

# of expected passes		1534
# of unsupported tests		10

		=== objc Summary ===

# of expected passes		3068
# of unsupported tests		20
/export/mdd0/users/lucier/programs/gcc/gcc-4.0.0/objdir/gcc/xgcc  version 4.0.0

		=== libffi tests ===


Running target unix/-m64

		=== libffi Summary for unix/-m64 ===

# of expected passes		219
# of unsupported tests		2

Running target unix

		=== libffi Summary for unix ===

# of expected passes		219
# of unsupported tests		2

		=== libffi Summary ===

# of expected passes		438
# of unsupported tests		4
		=== libjava tests ===


Running target unix/-m64
FAIL: Array_3 execution - gij test
FAIL: Array_3 execution - gij test
FAIL: FileHandleGcTest execution - source compiled test
FAIL: FileHandleGcTest execution - gij test
FAIL: FileHandleGcTest execution - bytecode->native test
FAIL: FileHandleGcTest -O3 execution - source compiled test
FAIL: FileHandleGcTest execution - gij test
FAIL: FileHandleGcTest -O3 execution - bytecode->native test
FAIL: Throw_2 execution - gij test
FAIL: Throw_2 execution - gij test

		=== libjava Summary for unix/-m64 ===

# of expected passes		3770
# of unexpected failures	10
# of expected failures		14
# of untested testcases		26

Running target unix
FAIL: Array_3 execution - gij test
FAIL: Array_3 execution - gij test
FAIL: FileHandleGcTest execution - source compiled test
FAIL: FileHandleGcTest execution - gij test
FAIL: FileHandleGcTest execution - bytecode->native test
FAIL: FileHandleGcTest -O3 execution - source compiled test
FAIL: FileHandleGcTest execution - gij test
FAIL: FileHandleGcTest -O3 execution - bytecode->native test

		=== libjava Summary for unix ===

# of expected passes		3774
# of unexpected failures	8
# of expected failures		14
# of untested testcases		24

		=== libjava Summary ===

# of expected passes		7544
# of unexpected failures	18
# of expected failures		28
# of untested testcases		50
		=== libstdc++ tests ===


Running target unix/-m64
FAIL: 22_locale/locale/cons/12658_thread-1.cc execution test
FAIL: 22_locale/num_put/put/char/14220.cc execution test

		=== libstdc++ Summary for unix/-m64 ===

# of expected passes		3618
# of unexpected failures	2
# of expected failures		14

Running target unix

		=== libstdc++ Summary for unix ===

# of expected passes		3620
# of expected failures		14

		=== libstdc++ Summary ===

# of expected passes		7238
# of unexpected failures	2
# of expected failures		28

Compiler version: 4.0.0 
Platform: sparc-sun-solaris2.9
configure flags: --prefix=/pkgs/gcc-4.0.0 --host=sparc-sun-solaris2.9 --build=sparc-sun-solaris2.9 --target=sparc-sun-solaris2.9 --prefix=/export/users/lucier/local/gcc-4.0.0 --with-gmp=/pkgs/gmp-4.1.4 --with-mpfr=/pkgs/gmp-4.1.4 --enable-languages=c,c++,f95,java,objc
BOOT_CFLAGS=-g -O2
Counting all warnings,
there are 27 warnings in stage3 of this bootstrap.

Number of warnings per file:
      8	gcc/unwind-dw2.c
      7	/usr/share/bison/bison.simple
      3	gengtype-lex.c
      2	gcc/objc/lang-specs.h
      2	gcc/gcc.c
      1	gcc/java/jvspec.c
      1	gcc/fortran/trans-common.c
      1	gcc/fortran/simplify.c
      1	gcc/fortran/resolve.c
      1	gcc/fortran/expr.c

Number of warning types:
      8	old-style function definition
      5	string length \`???' is greater than the length \`???' ISO C89 compilers are required to support
      4	missing braces around initializer
      4	control may reach end of non-void function \`???' being inlined
      4	(near initialization for \`???')
      2	label \`???' defined but not used


Index Nav: [Date Index] [Subject Index] [Author Index] [Thread Index]
Message Nav: [Date Prev] [Date Next] [Thread Prev] [Thread Next]