This is the mail archive of the gcc-testresults@gcc.gnu.org mailing list for the GCC project.


Index Nav: [Date Index] [Subject Index] [Author Index] [Thread Index]
Message Nav: [Date Prev] [Date Next] [Thread Prev] [Thread Next]
Other format: [Raw text]

Results for 4.0.0 testsuite on ia64-unknown-linux-gnu


This is a 2-processor, 1.3 GHz Itanium 2 system.
8GB RAM.
OS: Red Hat Advanced Workstation 2.1AW.
Bootstrap compiler is Red Hat's gcc 2.96-112.7.2
kernel: kernel-2.4.18-e.12smp (from Red Hat)
glibc: 2.2.4-29.2 (from Red Hat)
binutils: 2.14 (FSF)
All languages were tested.
LAST_UPDATED: Obtained from CVS: -rgcc_4_0_0_release 

Native configuration is ia64-unknown-linux-gnu

		=== gcc tests ===


Running target unix
FAIL: gcc.dg/builtin-apply4.c execution test
FAIL: gcc.dg/cleanup-10.c execution test
FAIL: gcc.dg/cleanup-11.c execution test
FAIL: gcc.dg/cleanup-8.c execution test
FAIL: gcc.dg/cleanup-9.c execution test
FAIL: gcc.dg/ia64-got-1.c scan-assembler @ltoffx\\\\(object#\\\\)
FAIL: gcc.dg/ia64-got-1.c scan-assembler @ltoffx\\\\(object#[-+]16384\\\\)
FAIL: gcc.dg/ia64-visibility-1.c (test for excess errors)
FAIL: gcc.dg/ia64-visibility-1.c scan-assembler \\\\.hidden.*variable_j
FAIL: gcc.dg/ia64-visibility-1.c scan-assembler \\\\.hidden.*variable_m
FAIL: gcc.dg/ia64-visibility-1.c scan-assembler \\\\.protected.*baz
FAIL: gcc.dg/ia64-visibility-2.c (test for excess errors)
XPASS: gcc.dg/tree-ssa/loop-1.c scan-assembler-times foo 5
XPASS: gcc.dg/vect/vect-22.c scan-tree-dump-times vectorized 3 loops 1
XPASS: gcc.dg/vect/vect-44.c scan-tree-dump-times Alignment of access forced using peeling 1
XPASS: gcc.dg/vect/vect-50.c scan-tree-dump-times Alignment of access forced using peeling 1
XPASS: gcc.dg/vect/vect-54.c scan-tree-dump-times Alignment of access forced using peeling 1
XPASS: gcc.dg/vect/vect-58.c scan-tree-dump-times Alignment of access forced using peeling 1

		=== gcc Summary ===

# of expected passes		32808
# of unexpected failures	12
# of unexpected successes	6
# of expected failures		131
# of untested testcases		28
# of unsupported tests		474
/remote/atg2/jbuck/ia64.tmp/4.0.0/gcc/xgcc  version 4.0.0

		=== g++ tests ===


Running target unix
FAIL: g++.dg/other/stdarg3.C (test for excess errors)

		=== g++ Summary ===

# of expected passes		10346
# of unexpected failures	1
# of expected failures		70
# of unsupported tests		110
/remote/atg2/jbuck/ia64.tmp/4.0.0/gcc/testsuite/../g++  version 4.0.0

		=== objc tests ===


Running target unix

		=== objc Summary ===

# of expected passes		1532
# of unsupported tests		11
/remote/atg2/jbuck/ia64.tmp/4.0.0/gcc/xgcc  version 4.0.0

		=== libffi tests ===


Running target unix

		=== libffi Summary ===

# of expected passes		219
# of unsupported tests		2
		=== libjava tests ===


Running target unix
FAIL: Array_3 execution - source compiled test
FAIL: Array_3 execution - gij test
FAIL: Array_3 execution - bytecode->native test
FAIL: Array_3 -O3 execution - source compiled test
FAIL: Array_3 execution - gij test
FAIL: Array_3 -O3 execution - bytecode->native test
FAIL: Invoke_1 execution - source compiled test
FAIL: Invoke_1 execution - bytecode->native test
FAIL: Invoke_1 -O3 execution - source compiled test
FAIL: Invoke_1 -O3 execution - bytecode->native test
FAIL: PR218 execution - source compiled test
FAIL: PR218 execution - gij test
FAIL: PR218 execution - bytecode->native test
FAIL: PR218 -O3 execution - source compiled test
FAIL: PR218 execution - gij test
FAIL: PR218 -O3 execution - bytecode->native test
FAIL: Throw_2 execution - source compiled test
FAIL: Throw_2 execution - gij test
FAIL: Throw_2 execution - bytecode->native test
FAIL: Throw_2 -O3 execution - source compiled test
FAIL: Throw_2 execution - gij test
FAIL: Throw_2 -O3 execution - bytecode->native test

		=== libjava Summary ===

# of expected passes		3746
# of unexpected failures	22
# of expected failures		14
# of untested testcases		38
		=== libmudflap tests ===


Running target unix
FAIL: libmudflap.c/pass47-frag.c execution test
FAIL: libmudflap.c/pass47-frag.c (-static) execution test
FAIL: libmudflap.c/pass45-frag.c (-O2) execution test
FAIL: libmudflap.c/pass45-frag.c (-O2) output pattern test
FAIL: libmudflap.c/pass47-frag.c (-O2) execution test
FAIL: libmudflap.c/pass45-frag.c (-O3) execution test
FAIL: libmudflap.c/pass45-frag.c (-O3) output pattern test
FAIL: libmudflap.c/pass47-frag.c (-O3) execution test

		=== libmudflap Summary ===

# of expected passes		1280
# of unexpected failures	8

		=== libstdc++-v3 check-abi Summary ===

# of added symbols:		 48
# of missing symbols:		 0
# of incompatible symbols:	 0

using: /remote/dtg103/jbuck/gnu/src/gcc-4.0.0/libstdc++-v3/config/abi/ia64-linux-gnu/baseline_symbols.txt

		=== libstdc++ tests ===


Running target unix
FAIL: 22_locale/codecvt/encoding/wchar_t/wrapped_locale.cc execution test
FAIL: 22_locale/codecvt/in/wchar_t/9.cc execution test
FAIL: 22_locale/codecvt/max_length/wchar_t/wrapped_locale.cc execution test
FAIL: 22_locale/collate/transform/char/2.cc execution test
FAIL: 22_locale/collate/transform/char/3.cc execution test
FAIL: 22_locale/collate/transform/char/wrapped_env.cc execution test
FAIL: 22_locale/collate/transform/char/wrapped_locale.cc execution test
FAIL: 22_locale/collate/transform/wchar_t/2.cc execution test
FAIL: 22_locale/collate/transform/wchar_t/3.cc execution test
FAIL: 22_locale/collate/transform/wchar_t/wrapped_env.cc execution test
FAIL: 22_locale/collate/transform/wchar_t/wrapped_locale.cc execution test
FAIL: 22_locale/collate_byname/named_equivalence.cc execution test
FAIL: 22_locale/ctype/widen/wchar_t/2.cc execution test
XPASS: 22_locale/locale/cons/12658_thread-1.cc execution test
FAIL: 22_locale/money_put/put/char/9780-3.cc execution test
XPASS: 26_numerics/cmath/c99_classification_macros_c.cc (test for excess errors)
FAIL: 27_io/basic_filebuf/imbue/wchar_t/12868.cc execution test
FAIL: 27_io/basic_filebuf/overflow/wchar_t/11305-1.cc execution test
FAIL: 27_io/basic_filebuf/overflow/wchar_t/11305-2.cc execution test
FAIL: 27_io/basic_filebuf/overflow/wchar_t/11305-3.cc execution test
FAIL: 27_io/basic_filebuf/overflow/wchar_t/11305-4.cc execution test
FAIL: 27_io/basic_filebuf/underflow/wchar_t/9520.cc execution test
XPASS: 27_io/fpos/14320-1.cc execution test

		=== libstdc++ Summary ===

# of expected passes		3600
# of unexpected failures	20
# of unexpected successes	3
# of expected failures		11

Compiler version: 4.0.0 
Platform: ia64-unknown-linux-gnu
configure flags: --prefix=/u/jbuck/cvs.ia64/gcc-4.0.0 --enable-languages=c,c++,java,objc


Index Nav: [Date Index] [Subject Index] [Author Index] [Thread Index]
Message Nav: [Date Prev] [Date Next] [Thread Prev] [Thread Next]