This is the mail archive of the gcc-testresults@gcc.gnu.org mailing list for the GCC project.


Index Nav: [Date Index] [Subject Index] [Author Index] [Thread Index]
Message Nav: [Date Prev] [Date Next] [Thread Prev] [Thread Next]
Other format: [Raw text]

Results for 4.0.0 testsuite on x86_64-unknown-linux-gnu


Red Hat Enterprise Linux WS release 3
Dual AMD 1.8 GHz Opteron system
kernel: 2.4.21-4.EL (from Red Hat)
glibc: 2.3.2-95.3 (from Red Hat)
binutils: 2.14.90.0.4 20030523 (RH: 2.14.90.0.4-26)

Bootstrap compiler is gcc version 3.2.3 20030502 (Red Hat Linux 3.2.3-20)
All languages were tested.
LAST_UPDATED: Obtained from CVS: -rgcc_4_0_0_release 

Native configuration is x86_64-unknown-linux-gnu

		=== gcc tests ===


Running target unix
FAIL: gcc.c-torture/execute/20000822-1.c execution,  -O0 
FAIL: gcc.c-torture/execute/20000822-1.c execution,  -O1 
FAIL: gcc.c-torture/execute/20000822-1.c execution,  -O2 
FAIL: gcc.c-torture/execute/20000822-1.c execution,  -O3 -fomit-frame-pointer 
FAIL: gcc.c-torture/execute/20000822-1.c execution,  -O3 -g 
FAIL: gcc.c-torture/execute/20000822-1.c execution,  -Os 
FAIL: gcc.c-torture/execute/nestfunc-3.c execution,  -O0 
FAIL: gcc.c-torture/execute/nestfunc-3.c execution,  -O1 
FAIL: gcc.c-torture/execute/nestfunc-3.c execution,  -O2 
FAIL: gcc.c-torture/execute/nestfunc-3.c execution,  -O3 -fomit-frame-pointer 
FAIL: gcc.c-torture/execute/nestfunc-3.c execution,  -O3 -fomit-frame-pointer -funroll-loops 
FAIL: gcc.c-torture/execute/nestfunc-3.c execution,  -O3 -fomit-frame-pointer -funroll-all-loops -finline-functions 
FAIL: gcc.c-torture/execute/nestfunc-3.c execution,  -O3 -g 
FAIL: gcc.c-torture/execute/nestfunc-3.c execution,  -Os 
FAIL: gcc.c-torture/execute/nestfunc-5.c execution,  -O0 
FAIL: gcc.c-torture/execute/nestfunc-5.c execution,  -O1 
FAIL: gcc.c-torture/execute/nestfunc-5.c execution,  -O2 
FAIL: gcc.c-torture/execute/nestfunc-5.c execution,  -O3 -fomit-frame-pointer 
FAIL: gcc.c-torture/execute/nestfunc-5.c execution,  -O3 -g 
FAIL: gcc.c-torture/execute/nestfunc-5.c execution,  -Os 
FAIL: gcc.c-torture/execute/nestfunc-6.c execution,  -O0 
FAIL: gcc.c-torture/execute/nestfunc-6.c execution,  -O1 
FAIL: gcc.c-torture/execute/nestfunc-6.c execution,  -O2 
FAIL: gcc.c-torture/execute/nestfunc-6.c execution,  -O3 -fomit-frame-pointer 
FAIL: gcc.c-torture/execute/nestfunc-6.c execution,  -O3 -g 
FAIL: gcc.c-torture/execute/nestfunc-6.c execution,  -Os 
FAIL: gcc.dg/trampoline-1.c execution test
XPASS: gcc.dg/vect/vect-22.c scan-tree-dump-times vectorized 3 loops 1

		=== gcc Summary ===

# of expected passes		33534
# of unexpected failures	27
# of unexpected successes	1
# of expected failures		105
# of untested testcases		28
# of unsupported tests		429
/remote/atg2/jbuck/amd64.tmp/4.0.0/gcc/xgcc  version 4.0.0

		=== g++ tests ===


Running target unix

		=== g++ Summary ===

# of expected passes		10804
# of expected failures		70
# of unsupported tests		90
/remote/atg2/jbuck/amd64.tmp/4.0.0/gcc/testsuite/../g++  version 4.0.0

		=== objc tests ===


Running target unix

		=== objc Summary ===

# of expected passes		1534
# of unsupported tests		10
/remote/atg2/jbuck/amd64.tmp/4.0.0/gcc/xgcc  version 4.0.0

		=== libffi tests ===


Running target unix

		=== libffi Summary ===

# of expected passes		219
# of unsupported tests		2
		=== libjava tests ===


Running target unix
FAIL: Array_3 -O3 execution - bytecode->native test

		=== libjava Summary ===

# of expected passes		3788
# of unexpected failures	1
# of expected failures		14
# of untested testcases		17
		=== libmudflap tests ===


Running target unix

		=== libmudflap Summary ===

# of expected passes		1288

		=== libstdc++-v3 check-abi Summary ===

# of added symbols:		 48
# of missing symbols:		 0
# of incompatible symbols:	 0

using: /remote/dtg103/jbuck/gnu/src/gcc-4.0.0/libstdc++-v3/config/abi/x86_64-linux-gnu/baseline_symbols.txt

		=== libstdc++ tests ===


Running target unix
XPASS: 22_locale/locale/cons/12658_thread-1.cc execution test
XPASS: 26_numerics/cmath/c99_classification_macros_c.cc (test for excess errors)
XPASS: 27_io/fpos/14320-1.cc execution test

		=== libstdc++ Summary ===

# of expected passes		3620
# of unexpected successes	3
# of expected failures		11

Compiler version: 4.0.0 
Platform: x86_64-unknown-linux-gnu
configure flags: --prefix=/u/jbuck/cvs.x86_64/gcc-4.0.0 --enable-languages=c,c++,java,objc


Index Nav: [Date Index] [Subject Index] [Author Index] [Thread Index]
Message Nav: [Date Prev] [Date Next] [Thread Prev] [Thread Next]