This is the mail archive of the gcc-testresults@gcc.gnu.org mailing list for the GCC project.
Index Nav: | [Date Index] [Subject Index] [Author Index] [Thread Index] | |
---|---|---|
Message Nav: | [Date Prev] [Date Next] | [Thread Prev] [Thread Next] |
Other format: | [Raw text] |
LAST_UPDATED: Fri Apr 22 08:15:54 UTC 2005 Native configuration is i686-pc-linux-gnu === g++ tests === Running target unix XPASS: g++.dg/rtti/tinfo1.C scan-assembler _ZTIP9CTemplateIhE: XPASS: g++.dg/rtti/tinfo1.C scan-assembler-not .globl[ \\t]+_ZTIP9CTemplateIhE WARNING: g++.old-deja/g++.mike/p10769a.C compilation failed to produce executable WARNING: g++.old-deja/g++.other/enum5.C compilation failed to produce executable WARNING: g++.old-deja/g++.pt/friend44.C compilation failed to produce executable === g++ Summary === # of expected passes 9836 # of unexpected successes 2 # of expected failures 72 # of unsupported tests 43 /scratch/gcc/nightly-2005-04-22-3.4/i686-pc-linux-gnu/build_gcc/build/gcc/testsuite/../g++ version 3.4.4 20050422 (prerelease) === gcc tests === Running target unix FAIL: gcc.c-torture/execute/va-arg-25.c execution, -Os === gcc Summary === # of expected passes 25041 # of unexpected failures 1 # of expected failures 69 # of untested testcases 7 # of unsupported tests 207 /scratch/gcc/nightly-2005-04-22-3.4/i686-pc-linux-gnu/build_gcc/build/gcc/xgcc version 3.4.4 20050422 (prerelease) === libstdc++-v3 check-abi Summary === # of added symbols: 11 # of missing symbols: 0 # of incompatible symbols: 0 using: /home/gcc/nightlies/src-3.4-2005-04-22/gcc-3.4-2005-04-22/libstdc++-v3/config/abi/i486-linux-gnu/baseline_symbols.txt === libstdc++ tests === Running target unix XPASS: 22_locale/locale/cons/12658_thread.cc execution test FAIL: 22_locale/messages/members/char/1.cc execution test FAIL: 22_locale/messages/members/char/2.cc execution test FAIL: 22_locale/messages/members/char/wrapped_env.cc execution test FAIL: 22_locale/messages/members/char/wrapped_locale.cc execution test FAIL: 22_locale/messages_byname/named_equivalence.cc execution test XPASS: 26_numerics/c99_classification_macros_c.cc (test for excess errors) === libstdc++ Summary === # of expected passes 2730 # of unexpected failures 5 # of unexpected successes 2 # of expected failures 5 Compiler version: 3.4.4 20050422 (prerelease) Platform: i686-pc-linux-gnu configure flags: --prefix=/scratch/gcc/nightly-2005-04-22-3.4/i686-pc-linux-gnu/build_gcc/install --enable-languages=c,c++ --enable-threads=posix --disable-nls --disable-libmudflap
Index Nav: | [Date Index] [Subject Index] [Author Index] [Thread Index] | |
---|---|---|
Message Nav: | [Date Prev] [Date Next] | [Thread Prev] [Thread Next] |