This is the mail archive of the gcc-testresults@gcc.gnu.org mailing list for the GCC project.


Index Nav: [Date Index] [Subject Index] [Author Index] [Thread Index]
Message Nav: [Date Prev] [Date Next] [Thread Prev] [Thread Next]
Other format: [Raw text]

Results for 4.1.0 20050422 (experimental) testsuite on hppa2.0w-hp-hpux11.11


LAST_UPDATED: Fri Apr 22 08:53:28 UTC 2005

Native configuration is hppa2.0w-hp-hpux11.11

		=== g++ tests ===


Running target unix
FAIL: g++.dg/other/static11.C (test for excess errors)

		=== g++ Summary ===

# of expected passes		10657
# of unexpected failures	1
# of expected failures		66
# of unsupported tests		133
/scratch/gcc/nightly-2005-04-22-mainline/hppa2.0w-hp-hpux11.11/build_gcc/build/gcc/testsuite/../g++  version 4.1.0 20050422 (experimental)

		=== gcc tests ===


Running target unix
XPASS: gcc.dg/const-elim-1.c scan-assembler-not L\\\\\$?C[^A-Z]
FAIL: gcc.dg/uninit-1.c uninitialized variable warning (test for bogus messages, line 16)
FAIL: gcc.dg/special/weak-1.c execution test

		=== gcc Summary ===

# of expected passes		33803
# of unexpected failures	2
# of unexpected successes	1
# of expected failures		76
# of untested testcases		28
# of unsupported tests		563
/scratch/gcc/nightly-2005-04-22-mainline/hppa2.0w-hp-hpux11.11/build_gcc/build/gcc/xgcc  version 4.1.0 20050422 (experimental)

		=== libstdc++ tests ===


Running target unix

		=== libstdc++ Summary ===

# of expected passes		2533
# of expected failures		11
# of unsupported tests		10

Compiler version: 4.1.0 20050422 (experimental) 
Platform: hppa2.0w-hp-hpux11.11
configure flags: --prefix=/scratch/gcc/nightly-2005-04-22-mainline/hppa2.0w-hp-hpux11.11/build_gcc/install --enable-threads=posix --disable-nls --disable-libmudflap --with-gnu-as --with-as=/usr/local/tools/gcc-3.3.1/bin/as --without-gnu-ld --with-ld=/usr/ccs/bin/ld --enable-languages=c,c++


Index Nav: [Date Index] [Subject Index] [Author Index] [Thread Index]
Message Nav: [Date Prev] [Date Next] [Thread Prev] [Thread Next]