This is the mail archive of the gcc-testresults@gcc.gnu.org mailing list for the GCC project.


Index Nav: [Date Index] [Subject Index] [Author Index] [Thread Index]
Message Nav: [Date Prev] [Date Next] [Thread Prev] [Thread Next]
Other format: [Raw text]

Results for 4.1.0 20050422 (experimental) testsuite on hppa2.0w-hp-hpux11.11


LAST_UPDATED: Fri Apr 22 01:12:17 UTC 2005

Native configuration is hppa2.0w-hp-hpux11.11

		=== g++ tests ===


Running target unix
FAIL: g++.dg/other/static11.C (test for excess errors)

		=== g++ Summary ===

# of expected passes		10657
# of unexpected failures	1
# of expected failures		66
# of unsupported tests		133
/test/gnu/gcc-3.3/objdir/gcc/testsuite/../g++  version 4.1.0 20050422 (experimental)

		=== gcc tests ===


Running target unix
XPASS: gcc.dg/const-elim-1.c scan-assembler-not L\\\\\$?C[^A-Z]
FAIL: gcc.dg/uninit-1.c uninitialized variable warning (test for bogus messages, line 16)
FAIL: gcc.dg/special/weak-1.c execution test

		=== gcc Summary ===

# of expected passes		33802
# of unexpected failures	2
# of unexpected successes	1
# of expected failures		76
# of untested testcases		28
# of unsupported tests		564
/test/gnu/gcc-3.3/objdir/gcc/xgcc  version 4.1.0 20050422 (experimental)

		=== gfortran tests ===


Running target unix
FAIL: gfortran.dg/backspace.f  -O0  execution test
FAIL: gfortran.dg/backspace.f  -O1  execution test
FAIL: gfortran.dg/backspace.f  -O2  execution test
FAIL: gfortran.dg/backspace.f  -O3 -fomit-frame-pointer  execution test
FAIL: gfortran.dg/backspace.f  -O3 -fomit-frame-pointer -funroll-loops  execution test
FAIL: gfortran.dg/backspace.f  -O3 -fomit-frame-pointer -funroll-all-loops -finline-functions  execution test
FAIL: gfortran.dg/backspace.f  -O3 -g  execution test
FAIL: gfortran.dg/backspace.f  -Os  execution test
FAIL: gfortran.dg/namelist_11.f  -O0  execution test
FAIL: gfortran.dg/namelist_11.f  -O1  execution test
FAIL: gfortran.dg/namelist_11.f  -O2  execution test
FAIL: gfortran.dg/namelist_11.f  -O3 -fomit-frame-pointer  execution test
FAIL: gfortran.dg/namelist_11.f  -O3 -fomit-frame-pointer -funroll-loops  execution test
FAIL: gfortran.dg/namelist_11.f  -O3 -fomit-frame-pointer -funroll-all-loops -finline-functions  execution test
FAIL: gfortran.dg/namelist_11.f  -O3 -g  execution test
FAIL: gfortran.dg/namelist_11.f  -Os  execution test
FAIL: gfortran.dg/namelist_13.f90  -O0  execution test
FAIL: gfortran.dg/namelist_13.f90  -O1  execution test
FAIL: gfortran.dg/namelist_13.f90  -O2  execution test
FAIL: gfortran.dg/namelist_13.f90  -O3 -fomit-frame-pointer  execution test
FAIL: gfortran.dg/namelist_13.f90  -O3 -fomit-frame-pointer -funroll-loops  execution test
FAIL: gfortran.dg/namelist_13.f90  -O3 -fomit-frame-pointer -funroll-all-loops -finline-functions  execution test
FAIL: gfortran.dg/namelist_13.f90  -O3 -g  execution test
FAIL: gfortran.dg/namelist_13.f90  -Os  execution test
FAIL: gfortran.dg/namelist_14.f90  -O0  execution test
FAIL: gfortran.dg/namelist_14.f90  -O1  execution test
FAIL: gfortran.dg/namelist_14.f90  -O2  execution test
FAIL: gfortran.dg/namelist_14.f90  -O3 -fomit-frame-pointer  execution test
FAIL: gfortran.dg/namelist_14.f90  -O3 -fomit-frame-pointer -funroll-loops  execution test
FAIL: gfortran.dg/namelist_14.f90  -O3 -fomit-frame-pointer -funroll-all-loops -finline-functions  execution test
FAIL: gfortran.dg/namelist_14.f90  -O3 -g  execution test
FAIL: gfortran.dg/namelist_14.f90  -Os  execution test
FAIL: gfortran.dg/namelist_16.f90  -O0  execution test
FAIL: gfortran.dg/namelist_16.f90  -O1  execution test
FAIL: gfortran.dg/namelist_16.f90  -O2  execution test
FAIL: gfortran.dg/namelist_16.f90  -O3 -fomit-frame-pointer  execution test
FAIL: gfortran.dg/namelist_16.f90  -O3 -fomit-frame-pointer -funroll-loops  execution test
FAIL: gfortran.dg/namelist_16.f90  -O3 -fomit-frame-pointer -funroll-all-loops -finline-functions  execution test
FAIL: gfortran.dg/namelist_16.f90  -O3 -g  execution test
FAIL: gfortran.dg/namelist_16.f90  -Os  execution test
FAIL: gfortran.dg/pr18122.f90  -O0  execution test
FAIL: gfortran.dg/pr18122.f90  -O1  execution test
FAIL: gfortran.dg/pr18122.f90  -O2  execution test
FAIL: gfortran.dg/pr18122.f90  -O3 -fomit-frame-pointer  execution test
FAIL: gfortran.dg/pr18122.f90  -O3 -fomit-frame-pointer -funroll-loops  execution test
FAIL: gfortran.dg/pr18122.f90  -O3 -fomit-frame-pointer -funroll-all-loops -finline-functions  execution test
FAIL: gfortran.dg/pr18122.f90  -O3 -g  execution test
FAIL: gfortran.dg/pr18122.f90  -Os  execution test
XPASS: gfortran.dg/ret_pointer_1.f90  -O0  execution test
XPASS: gfortran.dg/ret_pointer_1.f90  -O1  execution test
XPASS: gfortran.dg/ret_pointer_1.f90  -O2  execution test
XPASS: gfortran.dg/ret_pointer_1.f90  -O3 -fomit-frame-pointer  execution test
XPASS: gfortran.dg/ret_pointer_1.f90  -O3 -fomit-frame-pointer -funroll-loops  execution test
XPASS: gfortran.dg/ret_pointer_1.f90  -O3 -fomit-frame-pointer -funroll-all-loops -finline-functions  execution test
XPASS: gfortran.dg/ret_pointer_1.f90  -O3 -g  execution test
XPASS: gfortran.dg/ret_pointer_1.f90  -Os  execution test
FAIL: gfortran.fortran-torture/execute/forall_3.f90 execution,  -O0 
FAIL: gfortran.fortran-torture/execute/forall_3.f90 execution,  -O1 
FAIL: gfortran.fortran-torture/execute/forall_3.f90 execution,  -O2 
FAIL: gfortran.fortran-torture/execute/forall_3.f90 execution,  -O3 -fomit-frame-pointer 
FAIL: gfortran.fortran-torture/execute/forall_3.f90 execution,  -O3 -fomit-frame-pointer -funroll-loops 
FAIL: gfortran.fortran-torture/execute/forall_3.f90 execution,  -O3 -fomit-frame-pointer -funroll-all-loops -finline-functions 
FAIL: gfortran.fortran-torture/execute/forall_3.f90 execution,  -O3 -g 
FAIL: gfortran.fortran-torture/execute/forall_3.f90 execution,  -Os 

		=== gfortran Summary ===

# of expected passes		6287
# of unexpected failures	56
# of unexpected successes	8
# of expected failures		18
# of unsupported tests		16
/test/gnu/gcc-3.3/objdir/gcc/testsuite/../gfortran  version 4.1.0 20050422 (experimental)

		=== objc tests ===


Running target unix

		=== objc Summary ===

# of expected passes		1532
# of unsupported tests		12
/test/gnu/gcc-3.3/objdir/gcc/xgcc  version 4.1.0 20050422 (experimental)

		=== libstdc++ tests ===


Running target unix

		=== libstdc++ Summary ===

# of expected passes		2533
# of expected failures		11
# of unsupported tests		10

Compiler version: 4.1.0 20050422 (experimental) 
Platform: hppa2.0w-hp-hpux11.11
configure flags: --with-gnu-as --with-as=/opt/gnu/bin/as --enable-shared --disable-nls --with-local-prefix=/opt/gnu --prefix=/opt/gnu/gcc/gcc-4.1.0 --enable-debug=no --enable-threads=posix --with-gmp=/opt/gnu --disable-libmudflap --enable-languages=c,c++,f95,java,objc


Index Nav: [Date Index] [Subject Index] [Author Index] [Thread Index]
Message Nav: [Date Prev] [Date Next] [Thread Prev] [Thread Next]