This is the mail archive of the gcc-testresults@gcc.gnu.org mailing list for the GCC project.


Index Nav: [Date Index] [Subject Index] [Author Index] [Thread Index]
Message Nav: [Date Prev] [Date Next] [Thread Prev] [Thread Next]
Other format: [Raw text]

Results for 4.1.0 20050422 (experimental) testsuite on ia64-unknown-linux-gnu


LAST_UPDATED: 
Native configuration is ia64-unknown-linux-gnu

		=== g++ tests ===


Running target unix
FAIL: g++.dg/other/static11.C (test for excess errors)
FAIL: g++.dg/other/stdarg3.C (test for excess errors)

		=== g++ Summary ===

# of expected passes		10520
# of unexpected failures	2
# of expected failures		66
# of unsupported tests		95
/bfd/opt/toolchain/ia64/obj/upstream/gcc/gcc/testsuite/../g++  version 4.1.0 20050422 (experimental)

		=== gcc tests ===


Running target unix
FAIL: gcc.c-torture/execute/20030928-1.c compilation,  -O1 
UNRESOLVED: gcc.c-torture/execute/20030928-1.c execution,  -O1 
FAIL: gcc.c-torture/execute/20030928-1.c compilation,  -O2 
UNRESOLVED: gcc.c-torture/execute/20030928-1.c execution,  -O2 
FAIL: gcc.c-torture/execute/20030928-1.c compilation,  -O3 -fomit-frame-pointer 
UNRESOLVED: gcc.c-torture/execute/20030928-1.c execution,  -O3 -fomit-frame-pointer 
FAIL: gcc.c-torture/execute/20030928-1.c compilation,  -O3 -fomit-frame-pointer -funroll-loops 
UNRESOLVED: gcc.c-torture/execute/20030928-1.c execution,  -O3 -fomit-frame-pointer -funroll-loops 
FAIL: gcc.c-torture/execute/20030928-1.c compilation,  -O3 -fomit-frame-pointer -funroll-all-loops -finline-functions 
UNRESOLVED: gcc.c-torture/execute/20030928-1.c execution,  -O3 -fomit-frame-pointer -funroll-all-loops -finline-functions 
FAIL: gcc.c-torture/execute/20030928-1.c compilation,  -O3 -g 
UNRESOLVED: gcc.c-torture/execute/20030928-1.c execution,  -O3 -g 
FAIL: gcc.c-torture/execute/20030928-1.c compilation,  -Os 
UNRESOLVED: gcc.c-torture/execute/20030928-1.c execution,  -Os 
FAIL: gcc.dg/builtin-apply4.c execution test
FAIL: gcc.dg/uninit-1.c uninitialized variable warning (test for bogus messages, line 16)
FAIL: ./import-2.h -O0 -g (test for excess errors)
FAIL: ./import-2.h  -O0  (test for excess errors)
FAIL: ./import-2.h  -O1  (test for excess errors)
FAIL: ./import-2.h  -O2  (test for excess errors)
FAIL: ./import-2.h  -O3 -fomit-frame-pointer  (test for excess errors)
FAIL: ./import-2.h  -O3 -g  (test for excess errors)
FAIL: ./import-2.h  -Os  (test for excess errors)
XPASS: gcc.dg/tree-ssa/loop-1.c scan-assembler-times foo 5
FAIL: gcc.dg/tree-ssa/loop-4.c scan-tree-dump-times iter 0
XPASS: gcc.dg/vect/vect-22.c scan-tree-dump-times vectorized 3 loops 1
XPASS: gcc.dg/vect/vect-30.c scan-tree-dump-times vectorized 1 loops 2
XPASS: gcc.dg/vect/vect-67.c scan-tree-dump-times vectorized 1 loops 1
XPASS: gcc.dg/vect/vect-8.c scan-tree-dump-times vectorized 1 loops 1
FAIL: gcc.dg/vect/vect-92.c execution test
XPASS: gcc.dg/vect/vect-dv-2.c scan-tree-dump-times vectorized 2 loops 1
XPASS: gcc.dg/vect/vect-ifcvt-1.c scan-tree-dump-times vectorized 2 loops 1
FAIL: gcc.dg/vect/vect-none.c (test for excess errors)
FAIL: gcc.dg/vect/vect-none.c scan-tree-dump-times vectorized 1 loops 3

		=== gcc Summary ===

# of expected passes		34175
# of unexpected failures	20
# of unexpected successes	7
# of expected failures		132
# of unresolved testcases	7
# of untested testcases		42
# of unsupported tests		471
/bfd/opt/toolchain/ia64/obj/upstream/gcc/gcc/xgcc  version 4.1.0 20050422 (experimental)

		=== libstdc++ tests ===


Running target unix
FAIL: 23_containers/vector/capacity/8230.cc execution test
XPASS: 26_numerics/cmath/c99_classification_macros_c.cc (test for excess errors)
XPASS: 27_io/fpos/14320-1.cc execution test

		=== libstdc++ Summary ===

# of expected passes		3490
# of unexpected failures	1
# of unexpected successes	2
# of expected failures		4

Compiler version: 4.1.0 20050422 (experimental) 
Platform: ia64-unknown-linux-gnu
configure flags: --prefix=/opt/toolchain/ia64/tot --with-system-zlib --enable-nls --without-included-gettext --enable-languages=c,c++
Counting all warnings,
there are 0 warnings in stage3 of this bootstrap.

Number of warnings per file:

Number of warning types:


Index Nav: [Date Index] [Subject Index] [Author Index] [Thread Index]
Message Nav: [Date Prev] [Date Next] [Thread Prev] [Thread Next]