This is the mail archive of the gcc-testresults@gcc.gnu.org mailing list for the GCC project.


Index Nav: [Date Index] [Subject Index] [Author Index] [Thread Index]
Message Nav: [Date Prev] [Date Next] [Thread Prev] [Thread Next]
Other format: [Raw text]

Results


This is an HP 9000/785 (2 processors, 550 MHz, 1GB)
Bootstrapped with HP's C compiler
as is from binutils-2.15 (FSF)
Only C, C++, ObjC are tested (no Java).
LAST_UPDATED: Obtained from CVS: -rgcc_4_0_0_release 

Native configuration is hppa2.0w-hp-hpux11.00

		=== g++ tests ===


Running target unix

		=== g++ Summary ===

# of expected passes		10537
# of expected failures		70
# of unsupported tests		128
/remote/atg2/jbuck/hpux.tmp/4.0.0/gcc/testsuite/../g++  version 4.0.0

		=== gcc tests ===


Running target unix
WARNING: Could not compile gcc.dg/compat/struct-layout-1 generator
XPASS: gcc.dg/const-elim-1.c scan-assembler-not L\\\\\$?C[^A-Z]
FAIL: gcc.dg/special/weak-1.c execution test

		=== gcc Summary ===

# of expected passes		32397
# of unexpected failures	1
# of unexpected successes	1
# of expected failures		76
# of untested testcases		28
# of unsupported tests		559
/remote/atg2/jbuck/hpux.tmp/4.0.0/gcc/xgcc  version 4.0.0

		=== objc tests ===


Running target unix

		=== objc Summary ===

# of expected passes		1532
# of unsupported tests		11
/remote/atg2/jbuck/hpux.tmp/4.0.0/gcc/xgcc  version 4.0.0

		=== libstdc++ tests ===


Running target unix

		=== libstdc++ Summary ===

# of expected passes		2521
# of expected failures		11

Compiler version: 4.0.0 
Platform: hppa2.0w-hp-hpux11.00
configure flags: --prefix=/u/jbuck/cvs.hp/gcc-4.0.0 --with-gnu-as --with-as=/u/jbuck/gnu.hp/bin/as --enable-languages=c,c++,objc


Index Nav: [Date Index] [Subject Index] [Author Index] [Thread Index]
Message Nav: [Date Prev] [Date Next] [Thread Prev] [Thread Next]