This is the mail archive of the gcc-testresults@gcc.gnu.org mailing list for the GCC project.


Index Nav: [Date Index] [Subject Index] [Author Index] [Thread Index]
Message Nav: [Date Prev] [Date Next] [Thread Prev] [Thread Next]
Other format: [Raw text]

Results for 4.1.0 20050422 (experimental) testsuite on hppa64-hp-hpux11.23


LAST_UPDATED: Fri Apr 22 08:53:28 UTC 2005

Native configuration is hppa64-hp-hpux11.23

		=== g++ tests ===


Running target unix
WARNING: program timed out.
FAIL: g++.dg/eh/cleanup1.C (test for excess errors)
FAIL: g++.dg/other/static11.C (test for excess errors)

		=== g++ Summary ===

# of expected passes		10456
# of unexpected failures	2
# of expected failures		66
# of unsupported tests		111
/scratch/gcc/nightly-2005-04-22-mainline/hppa64-hp-hpux11.23/build_gcc/build/gcc/testsuite/../g++  version 4.1.0 20050422 (experimental)

		=== gcc tests ===


Running target unix
FAIL: gcc.c-torture/execute/20000822-1.c execution,  -O0 
FAIL: gcc.c-torture/execute/20000822-1.c execution,  -O1 
FAIL: gcc.c-torture/execute/20000822-1.c execution,  -O2 
FAIL: gcc.c-torture/execute/20000822-1.c execution,  -O3 -fomit-frame-pointer 
FAIL: gcc.c-torture/execute/20000822-1.c execution,  -O3 -g 
FAIL: gcc.c-torture/execute/20000822-1.c execution,  -Os 
FAIL: gcc.c-torture/execute/931004-2.c execution,  -O3 -fomit-frame-pointer -funroll-loops 
FAIL: gcc.c-torture/execute/931004-2.c execution,  -O3 -fomit-frame-pointer -funroll-all-loops -finline-functions 
FAIL: gcc.c-torture/execute/nestfunc-3.c execution,  -O0 
FAIL: gcc.c-torture/execute/nestfunc-3.c execution,  -O1 
FAIL: gcc.c-torture/execute/nestfunc-3.c execution,  -O2 
FAIL: gcc.c-torture/execute/nestfunc-3.c execution,  -O3 -fomit-frame-pointer 
FAIL: gcc.c-torture/execute/nestfunc-3.c execution,  -O3 -fomit-frame-pointer -funroll-loops 
FAIL: gcc.c-torture/execute/nestfunc-3.c execution,  -O3 -fomit-frame-pointer -funroll-all-loops -finline-functions 
FAIL: gcc.c-torture/execute/nestfunc-3.c execution,  -O3 -g 
FAIL: gcc.c-torture/execute/nestfunc-3.c execution,  -Os 
FAIL: gcc.c-torture/execute/nestfunc-5.c execution,  -O0 
FAIL: gcc.c-torture/execute/nestfunc-5.c execution,  -O1 
FAIL: gcc.c-torture/execute/nestfunc-5.c execution,  -O2 
FAIL: gcc.c-torture/execute/nestfunc-5.c execution,  -O3 -fomit-frame-pointer 
FAIL: gcc.c-torture/execute/nestfunc-5.c execution,  -O3 -g 
FAIL: gcc.c-torture/execute/nestfunc-5.c execution,  -Os 
FAIL: gcc.c-torture/execute/nestfunc-6.c execution,  -O0 
FAIL: gcc.c-torture/execute/nestfunc-6.c execution,  -O1 
FAIL: gcc.c-torture/execute/nestfunc-6.c execution,  -O2 
FAIL: gcc.c-torture/execute/nestfunc-6.c execution,  -O3 -fomit-frame-pointer 
FAIL: gcc.c-torture/execute/nestfunc-6.c execution,  -O3 -g 
FAIL: gcc.c-torture/execute/nestfunc-6.c execution,  -Os 
WARNING: Could not compile gcc.dg/compat/struct-layout-1 generator
XPASS: gcc.dg/funcorder.c scan-assembler-not link_error,%r
FAIL: gcc.dg/trampoline-1.c execution test
FAIL: gcc.dg/uninit-1.c uninitialized variable warning (test for bogus messages, line 16)
FAIL: gcc.dg/torture/asm-subreg-1.c  -O1  (test for excess errors)
FAIL: gcc.dg/torture/asm-subreg-1.c  -O2  (test for excess errors)
FAIL: gcc.dg/torture/asm-subreg-1.c  -O3 -fomit-frame-pointer  (test for excess errors)
FAIL: gcc.dg/torture/asm-subreg-1.c  -O3 -g  (test for excess errors)
FAIL: gcc.dg/torture/asm-subreg-1.c  -Os  (test for excess errors)
FAIL: gcc.dg/tree-ssa/loop-4.c scan-tree-dump-times iter 0

		=== gcc Summary ===

# of expected passes		33501
# of unexpected failures	36
# of unexpected successes	1
# of expected failures		78
# of untested testcases		28
# of unsupported tests		513
/scratch/gcc/nightly-2005-04-22-mainline/hppa64-hp-hpux11.23/build_gcc/build/gcc/xgcc  version 4.1.0 20050422 (experimental)

		=== libstdc++ tests ===


Running target unix

		=== libstdc++ Summary ===

# of expected passes		2533
# of expected failures		11
# of unsupported tests		10

Compiler version: 4.1.0 20050422 (experimental) 
Platform: hppa64-hp-hpux11.23
configure flags: --prefix=/scratch/gcc/nightly-2005-04-22-mainline/hppa64-hp-hpux11.23/build_gcc/install --enable-threads=posix --disable-nls --disable-libmudflap --host=hppa64-hp-hpux11.23 --target=hppa64-hp-hpux11.23 --with-gnu-as --with-as=/usr/local/tools/gcc-3.3.1/bin/hppa64-hp-hpux11.23-as --without-gnu-ld --with-ld=/usr/ccs/bin/ld --enable-languages=c,c++


Index Nav: [Date Index] [Subject Index] [Author Index] [Thread Index]
Message Nav: [Date Prev] [Date Next] [Thread Prev] [Thread Next]