This is the mail archive of the
gcc-testresults@gcc.gnu.org
mailing list for the GCC project.
Results for 4.1.0 20050422 (experimental) testsuite on i686-pc-linux-gnu
- From: CodeSourcery Automatic Testing System <gcc at codesourcery dot com>
- To: gcc-testresults at gcc dot gnu dot org
- Date: Fri, 22 Apr 2005 03:38:43 -0700
- Subject: Results for 4.1.0 20050422 (experimental) testsuite on i686-pc-linux-gnu
LAST_UPDATED: Fri Apr 22 08:53:28 UTC 2005
Native configuration is i686-pc-linux-gnu
=== g++ tests ===
Running target unix
FAIL: g++.dg/other/static11.C (test for excess errors)
=== g++ Summary ===
# of expected passes 11008
# of unexpected failures 1
# of expected failures 66
# of unsupported tests 61
/scratch/gcc/nightly-2005-04-22-mainline/i686-pc-linux-gnu/build_gcc/build/gcc/testsuite/../g++ version 4.1.0 20050422 (experimental)
=== gcc tests ===
Running target unix
FAIL: gcc.dg/uninit-1.c uninitialized variable warning (test for bogus messages, line 16)
XPASS: gcc.dg/vect/vect-22.c scan-tree-dump-times vectorized 3 loops 1
XPASS: gcc.dg/vect/vect-67.c scan-tree-dump-times vectorized 1 loops 1
=== gcc Summary ===
# of expected passes 35171
# of unexpected failures 1
# of unexpected successes 2
# of expected failures 100
# of untested testcases 28
# of unsupported tests 320
/scratch/gcc/nightly-2005-04-22-mainline/i686-pc-linux-gnu/build_gcc/build/gcc/xgcc version 4.1.0 20050422 (experimental)
=== libstdc++ tests ===
Running target unix
FAIL: 22_locale/messages/members/char/1.cc execution test
FAIL: 22_locale/messages/members/char/2.cc execution test
FAIL: 22_locale/messages/members/char/wrapped_env.cc execution test
FAIL: 22_locale/messages/members/char/wrapped_locale.cc execution test
FAIL: 22_locale/messages_byname/named_equivalence.cc execution test
XPASS: 26_numerics/cmath/c99_classification_macros_c.cc (test for excess errors)
=== libstdc++ Summary ===
# of expected passes 3621
# of unexpected failures 5
# of unexpected successes 1
# of expected failures 12
Compiler version: 4.1.0 20050422 (experimental)
Platform: i686-pc-linux-gnu
configure flags: --prefix=/scratch/gcc/nightly-2005-04-22-mainline/i686-pc-linux-gnu/build_gcc/install --enable-threads=posix --disable-nls --disable-libmudflap --enable-languages=c,c++