This is the mail archive of the gcc-testresults@gcc.gnu.org mailing list for the GCC project.


Index Nav: [Date Index] [Subject Index] [Author Index] [Thread Index]
Message Nav: [Date Prev] [Date Next] [Thread Prev] [Thread Next]
Other format: [Raw text]

Results for 4.1.0 20050421 (experimental) testsuite on powerpc64-unknown-linux-gnu


Linux 2.6.9-5.EL ppc64
GNU C Library stable release version 2.3.4
GNU ld version 2.15.94 20050124
GNU assembler 2.15.94 20050124
GNU Make 3.80

DejaGnu:
	Expect version is	5.40.0
	Tcl version is		8.4
	Framework version is	1.4.4

32-bit biarch default32


Linux 2.6.9-1.849_EL ppc64
GNU C Library stable release version 2.3.3
GNU ld version 2.15.92 
GNU assembler 2.15.92 
GNU Make 3.80

DejaGnu:
	Expect version is	5.42.1
	Tcl version is		8.4.7
	Framework version is	1.4.4

32-bit biarch default32


LAST_UPDATED: Fri Apr 22 00:35:04 UTC 2005

Native configuration is powerpc64-unknown-linux-gnu

		=== g++ tests ===


Running target unix/-m32
FAIL: g++.dg/other/static11.C (test for excess errors)

		=== g++ Summary for unix/-m32 ===

# of expected passes		11059
# of unexpected failures	1
# of expected failures		65
# of unsupported tests		81

Running target unix/-m64
FAIL: g++.dg/other/static11.C (test for excess errors)

		=== g++ Summary for unix/-m64 ===

# of expected passes		11021
# of unexpected failures	1
# of expected failures		65
# of unsupported tests		84

		=== g++ Summary ===

# of expected passes		22080
# of unexpected failures	2
# of expected failures		130
# of unsupported tests		165
/home/jgrimm/build/nightly/build-gcc-mline/gcc/testsuite/../g++  version 4.1.0 20050421 (experimental)

		=== gcc tests ===


Running target unix/-m32
XPASS: gcc.c-torture/execute/20020720-1.c compilation,  -O1 
UNRESOLVED: gcc.c-torture/execute/20020720-1.c execution,  -O2 
UNRESOLVED: gcc.c-torture/execute/20020720-1.c execution,  -O3 -fomit-frame-pointer 
UNRESOLVED: gcc.c-torture/execute/20020720-1.c execution,  -O3 -g 
UNRESOLVED: gcc.c-torture/execute/20020720-1.c execution,  -Os 
FAIL: gcc.dg/uninit-1.c uninitialized variable warning (test for bogus messages, line 16)
XPASS: gcc.dg/vect/vect-67.c scan-tree-dump-times vectorized 1 loops 1
FAIL: gcc.dg/vect/vect-92.c execution test

		=== gcc Summary for unix/-m32 ===

# of expected passes		36891
# of unexpected failures	2
# of unexpected successes	2
# of expected failures		105
# of unresolved testcases	4
# of untested testcases		28
# of unsupported tests		438

Running target unix/-m64
UNRESOLVED: gcc.c-torture/execute/20020720-1.c execution,  -O1 
UNRESOLVED: gcc.c-torture/execute/20020720-1.c execution,  -O2 
UNRESOLVED: gcc.c-torture/execute/20020720-1.c execution,  -O3 -fomit-frame-pointer 
UNRESOLVED: gcc.c-torture/execute/20020720-1.c execution,  -O3 -g 
UNRESOLVED: gcc.c-torture/execute/20020720-1.c execution,  -Os 
FAIL: gcc.c-torture/execute/930106-1.c compilation,  -O0 
UNRESOLVED: gcc.c-torture/execute/930106-1.c execution,  -O0 
FAIL: gcc.dg/altivec-21.c  (test for errors, line 13)
FAIL: gcc.dg/altivec-21.c  (test for errors, line 14)
FAIL: gcc.dg/ppc64-abi-2.c (test for excess errors)
WARNING: gcc.dg/ppc64-abi-2.c compilation failed to produce executable
FAIL: gcc.dg/uninit-1.c uninitialized variable warning (test for bogus messages, line 16)
XPASS: gcc.dg/tree-ssa/sra-2.c scan-tree-dump-times link_error 0
XPASS: gcc.dg/vect/vect-67.c scan-tree-dump-times vectorized 1 loops 1

		=== gcc Summary for unix/-m64 ===

# of expected passes		36891
# of unexpected failures	5
# of unexpected successes	2
# of expected failures		112
# of unresolved testcases	6
# of untested testcases		28
# of unsupported tests		435

		=== gcc Summary ===

# of expected passes		73782
# of unexpected failures	7
# of unexpected successes	4
# of expected failures		217
# of unresolved testcases	10
# of untested testcases		56
# of unsupported tests		873
/home/jgrimm/build/nightly/build-gcc-mline/gcc/xgcc  version 4.1.0 20050421 (experimental)

		=== gfortran tests ===


Running target unix/-m32
FAIL: gfortran.dg/namelist_13.f90  -O0  execution test
FAIL: gfortran.dg/namelist_13.f90  -O1  execution test
FAIL: gfortran.dg/namelist_13.f90  -O2  execution test
FAIL: gfortran.dg/namelist_13.f90  -O3 -fomit-frame-pointer  execution test
FAIL: gfortran.dg/namelist_13.f90  -O3 -fomit-frame-pointer -funroll-loops  execution test
FAIL: gfortran.dg/namelist_13.f90  -O3 -fomit-frame-pointer -funroll-all-loops -finline-functions  execution test
FAIL: gfortran.dg/namelist_13.f90  -O3 -g  execution test
FAIL: gfortran.dg/namelist_13.f90  -Os  execution test
XPASS: gfortran.dg/ret_pointer_1.f90  -O0  execution test
XPASS: gfortran.dg/ret_pointer_1.f90  -O1  execution test
FAIL: gfortran.fortran-torture/execute/forall_3.f90 execution,  -O0 
FAIL: gfortran.fortran-torture/execute/forall_3.f90 execution,  -O1 
FAIL: gfortran.fortran-torture/execute/forall_3.f90 execution,  -O2 
FAIL: gfortran.fortran-torture/execute/forall_3.f90 execution,  -O3 -fomit-frame-pointer 
FAIL: gfortran.fortran-torture/execute/forall_3.f90 execution,  -O3 -fomit-frame-pointer -funroll-loops 
FAIL: gfortran.fortran-torture/execute/forall_3.f90 execution,  -O3 -fomit-frame-pointer -funroll-all-loops -finline-functions 
FAIL: gfortran.fortran-torture/execute/forall_3.f90 execution,  -O3 -g 
FAIL: gfortran.fortran-torture/execute/forall_3.f90 execution,  -Os 

		=== gfortran Summary for unix/-m32 ===

# of expected passes		6340
# of unexpected failures	16
# of unexpected successes	2
# of expected failures		30
# of unsupported tests		16

Running target unix/-m64
FAIL: gfortran.dg/namelist_14.f90  -O0  (test for excess errors)
WARNING: gfortran.dg/namelist_14.f90  -O0  compilation failed to produce executable
XPASS: gfortran.dg/ret_pointer_1.f90  -O0  execution test
XPASS: gfortran.dg/ret_pointer_1.f90  -O1  execution test
XPASS: gfortran.dg/ret_pointer_1.f90  -O2  execution test
XPASS: gfortran.dg/ret_pointer_1.f90  -O3 -fomit-frame-pointer  execution test
XPASS: gfortran.dg/ret_pointer_1.f90  -O3 -fomit-frame-pointer -funroll-loops  execution test
XPASS: gfortran.dg/ret_pointer_1.f90  -O3 -fomit-frame-pointer -funroll-all-loops -finline-functions  execution test
XPASS: gfortran.dg/ret_pointer_1.f90  -O3 -g  execution test
XPASS: gfortran.dg/ret_pointer_1.f90  -Os  execution test
FAIL: gfortran.fortran-torture/execute/forall_3.f90 execution,  -O0 
FAIL: gfortran.fortran-torture/execute/forall_3.f90 execution,  -O1 
FAIL: gfortran.fortran-torture/execute/forall_3.f90 execution,  -O2 
FAIL: gfortran.fortran-torture/execute/forall_3.f90 execution,  -O3 -fomit-frame-pointer 
FAIL: gfortran.fortran-torture/execute/forall_3.f90 execution,  -O3 -fomit-frame-pointer -funroll-loops 
FAIL: gfortran.fortran-torture/execute/forall_3.f90 execution,  -O3 -fomit-frame-pointer -funroll-all-loops -finline-functions 
FAIL: gfortran.fortran-torture/execute/forall_3.f90 execution,  -O3 -g 
FAIL: gfortran.fortran-torture/execute/forall_3.f90 execution,  -Os 

		=== gfortran Summary for unix/-m64 ===

# of expected passes		6343
# of unexpected failures	9
# of unexpected successes	8
# of expected failures		27
# of unsupported tests		16

		=== gfortran Summary ===

# of expected passes		12683
# of unexpected failures	25
# of unexpected successes	10
# of expected failures		57
# of unsupported tests		32
/home/jgrimm/build/nightly/build-gcc-mline/gcc/testsuite/../gfortran  version 4.1.0 20050421 (experimental)

		=== objc tests ===


Running target unix/-m32

		=== objc Summary for unix/-m32 ===

# of expected passes		1534
# of unsupported tests		11

Running target unix/-m64

		=== objc Summary for unix/-m64 ===

# of expected passes		1534
# of unsupported tests		11

		=== objc Summary ===

# of expected passes		3068
# of unsupported tests		22
/home/jgrimm/build/nightly/build-gcc-mline/gcc/xgcc  version 4.1.0 20050421 (experimental)

		=== libmudflap tests ===


Running target unix/-m32
FAIL: libmudflap.cth/pass40-frag.c execution test
FAIL: libmudflap.cth/pass40-frag.c output pattern test
FAIL: libmudflap.cth/pass40-frag.c (-O2) execution test
FAIL: libmudflap.cth/pass40-frag.c (-O2) output pattern test
FAIL: libmudflap.cth/pass40-frag.c (-O3) execution test
FAIL: libmudflap.cth/pass40-frag.c (-O3) output pattern test

		=== libmudflap Summary for unix/-m32 ===

# of expected passes		1325
# of unexpected failures	6

Running target unix/-m64
FAIL: libmudflap.c/fail27-frag.c output pattern test
FAIL: libmudflap.c/fail27-frag.c (-O2) output pattern test
FAIL: libmudflap.c/fail27-frag.c (-O3) output pattern test

		=== libmudflap Summary for unix/-m64 ===

# of expected passes		1328
# of unexpected failures	3

		=== libmudflap Summary ===

# of expected passes		2653
# of unexpected failures	9
		=== libstdc++ tests ===


Running target unix/-m32
XPASS: 26_numerics/cmath/c99_classification_macros_c.cc (test for excess errors)
XPASS: ext/array_allocator/2.cc execution test

		=== libstdc++ Summary for unix/-m32 ===

# of expected passes		3625
# of unexpected successes	2
# of expected failures		12

Running target unix/-m64
FAIL: 22_locale/messages/members/char/1.cc execution test
FAIL: 22_locale/messages/members/char/2.cc execution test
FAIL: 22_locale/messages/members/char/wrapped_env.cc execution test
FAIL: 22_locale/messages/members/char/wrapped_locale.cc execution test
FAIL: 22_locale/messages_byname/named_equivalence.cc execution test
XPASS: 26_numerics/cmath/c99_classification_macros_c.cc (test for excess errors)
XPASS: 27_io/fpos/14320-1.cc execution test
XPASS: ext/array_allocator/2.cc execution test

		=== libstdc++ Summary for unix/-m64 ===

# of expected passes		3620
# of unexpected failures	5
# of unexpected successes	3
# of expected failures		11

		=== libstdc++ Summary ===

# of expected passes		7245
# of unexpected failures	5
# of unexpected successes	5
# of expected failures		23

Compiler version: 4.1.0 20050421 (experimental) 
Platform: powerpc64-unknown-linux-gnu
configure flags: --prefix=/home/jgrimm/opt/gcc-nightly/mline-20050422 --build=powerpc64-linux --host=powerpc64-linux --target=powerpc64-linux --with-cpu=default32 --with-as=/home/jgrimm/tools/binutils/bin/as --with-ld=/home/jgrimm/tools/binutils/bin/ld --enable-threads=posix --enable-shared --enable-__cxa_atexit --with-mpfr=/home/jgrimm/opt/gcc-nightly/gmp32 --enable-languages=c,c++,f95,objc


Index Nav: [Date Index] [Subject Index] [Author Index] [Thread Index]
Message Nav: [Date Prev] [Date Next] [Thread Prev] [Thread Next]