This is the mail archive of the gcc-testresults@gcc.gnu.org mailing list for the GCC project.


Index Nav: [Date Index] [Subject Index] [Author Index] [Thread Index]
Message Nav: [Date Prev] [Date Next] [Thread Prev] [Thread Next]
Other format: [Raw text]

Results for 4.0.0 testsuite on i686-pc-linux-gnu


This is a Red Hat Enterprise (GNU/)Linux WS release 3 system,
running on a dual 2.2 GHz Intel Xeon system.

kernel: 2.4.21-4.EL (from Red Hat)
glibc: 2.3.2-95.3 (from Red Hat)
binutils: 2.14.90.0.4-26 (from Red Hat)

All languages were tested.
LAST_UPDATED: Obtained from CVS: -rgcc_4_0_0_release 

Native configuration is i686-pc-linux-gnu

		=== gcc tests ===


Running target unix
XPASS: gcc.dg/vect/vect-22.c scan-tree-dump-times vectorized 3 loops 1

		=== gcc Summary ===

# of expected passes		33863
# of unexpected successes	1
# of expected failures		101
# of untested testcases		28
# of unsupported tests		324
/var/tmp/gccbuild/4.0.0/gcc/xgcc  version 4.0.0

		=== g++ tests ===


Running target unix

		=== g++ Summary ===

# of expected passes		10901
# of expected failures		70
# of unsupported tests		56
/var/tmp/gccbuild/4.0.0/gcc/testsuite/../g++  version 4.0.0

		=== objc tests ===


Running target unix

		=== objc Summary ===

# of expected passes		1534
# of unsupported tests		10
/var/tmp/gccbuild/4.0.0/gcc/xgcc  version 4.0.0

		=== libffi tests ===


Running target unix

		=== libffi Summary ===

# of expected passes		219
# of unsupported tests		2
		=== libjava tests ===


Running target unix
FAIL: Array_3 -O3 execution - bytecode->native test

		=== libjava Summary ===

# of expected passes		3788
# of unexpected failures	1
# of expected failures		14
# of untested testcases		17
		=== libmudflap tests ===


Running target unix

		=== libmudflap Summary ===

# of expected passes		1288

		=== libstdc++-v3 check-abi Summary ===

# of added symbols:		 48
# of missing symbols:		 0
# of incompatible symbols:	 0

using: /remote/dtg103/jbuck/gnu/src/gcc-4.0.0/libstdc++-v3/config/abi/i486-linux-gnu/baseline_symbols.txt

		=== libstdc++ tests ===


Running target unix
XPASS: 22_locale/locale/cons/12658_thread-1.cc execution test
XPASS: 26_numerics/cmath/c99_classification_macros_c.cc (test for excess errors)

		=== libstdc++ Summary ===

# of expected passes		3620
# of unexpected successes	2
# of expected failures		12

Compiler version: 4.0.0 
Platform: i686-pc-linux-gnu
configure flags: --prefix=/usr/localdisk/gcc-cvs/gcc-4.0.0 --enable-languages=c,c++,java,objc


Index Nav: [Date Index] [Subject Index] [Author Index] [Thread Index]
Message Nav: [Date Prev] [Date Next] [Thread Prev] [Thread Next]