This is the mail archive of the gcc-testresults@gcc.gnu.org mailing list for the GCC project.


Index Nav: [Date Index] [Subject Index] [Author Index] [Thread Index]
Message Nav: [Date Prev] [Date Next] [Thread Prev] [Thread Next]
Other format: [Raw text]

Results for 4.1.0 20050421 (experimental) testsuite on mips-sgi-irix6.5


This run on SGI Origin 300 cru300 running IRIX 6.5.22m
Bootstrap compiler gcc (GCC) 3.3.1
Using GNU binutils with -mabi=32 multilib disabled

dejagnu version:
Expect version is	5.40.0
Tcl version is		8.4
Framework version is	1.4.4

LAST_UPDATED: Thu Apr 21 10:09:11 GMT 2005

Native configuration is mips-sgi-irix6.5

		=== g++ tests ===


Running target unix
FAIL: g++.dg/other/static11.C (test for excess errors)
FAIL: g++.dg/special/conpr-1.C execution test
FAIL: g++.dg/special/conpr-2.C execution test
FAIL: g++.dg/special/conpr-3.C execution test
FAIL: g++.dg/special/conpr-4.C execution test
FAIL: g++.dg/special/initp1.C execution test

		=== g++ Summary for unix ===

# of expected passes		10868
# of unexpected failures	6
# of expected failures		66
# of unsupported tests		128

Running target unix/-mabi=64
FAIL: g++.dg/other/static11.C (test for excess errors)
FAIL: g++.dg/special/conpr-1.C execution test
FAIL: g++.dg/special/conpr-2.C execution test
FAIL: g++.dg/special/conpr-3.C execution test
FAIL: g++.dg/special/conpr-4.C execution test
FAIL: g++.dg/special/initp1.C execution test

		=== g++ Summary for unix/-mabi=64 ===

# of expected passes		10836
# of unexpected failures	6
# of expected failures		66
# of unsupported tests		130

		=== g++ Summary ===

# of expected passes		21704
# of unexpected failures	12
# of expected failures		132
# of unsupported tests		258
/disk4/billingd/obj/gcc/gcc/testsuite/../g++  version 4.1.0 20050421
(experimental)

		=== gcc tests ===


Running target unix
FAIL: gcc.dg/uninit-1.c uninitialized variable warning (test for bogus
messages, line 16)

		=== gcc Summary for unix ===

# of expected passes		34339
# of unexpected failures	1
# of expected failures		75
# of untested testcases		28
# of unsupported tests		484

Running target unix/-mabi=64
FAIL: gcc.dg/uninit-1.c uninitialized variable warning (test for bogus
messages, line 16)
FAIL: gcc.dg/tree-ssa/loop-4.c scan-tree-dump-times iter 0

		=== gcc Summary for unix/-mabi=64 ===

# of expected passes		34337
# of unexpected failures	2
# of expected failures		75
# of untested testcases		28
# of unsupported tests		485

		=== gcc Summary ===

# of expected passes		68676
# of unexpected failures	3
# of expected failures		150
# of untested testcases		56
# of unsupported tests		969
/disk4/billingd/obj/gcc/gcc/xgcc  version 4.1.0 20050421 (experimental)

		=== gfortran tests ===


Running target unix
XPASS: gfortran.dg/ret_pointer_1.f90  -O0  execution test
XPASS: gfortran.dg/ret_pointer_1.f90  -O1  execution test
XPASS: gfortran.dg/ret_pointer_1.f90  -O2  execution test
XPASS: gfortran.dg/ret_pointer_1.f90  -O3 -fomit-frame-pointer  execution
test
XPASS:
gfortran.dg/ret_pointer_1.f90  -O3 -fomit-frame-pointer -funroll-loops
execution test
XPASS:
gfortran.dg/ret_pointer_1.f90  -O3 -fomit-frame-pointer -funroll-all-loops
 -finline-functions  execution test
XPASS: gfortran.dg/ret_pointer_1.f90  -O3 -g  execution test
XPASS: gfortran.dg/ret_pointer_1.f90  -Os  execution test
FAIL: gfortran.fortran-torture/execute/arrayarg2.f90
execution,  -O3 -fomit-frame-pointer -funroll-loops
FAIL: gfortran.fortran-torture/execute/arrayarg2.f90
execution,  -O3 -fomit-frame-pointer -funroll-all-loops -finline-functions
FAIL: gfortran.fortran-torture/execute/forall_3.f90 execution,  -O1
FAIL: gfortran.fortran-torture/execute/forall_3.f90 execution,  -O2
FAIL: gfortran.fortran-torture/execute/forall_3.f90
execution,  -O3 -fomit-frame-pointer
FAIL: gfortran.fortran-torture/execute/forall_3.f90
execution,  -O3 -fomit-frame-pointer -funroll-loops
FAIL: gfortran.fortran-torture/execute/forall_3.f90
execution,  -O3 -fomit-frame-pointer -funroll-all-loops -finline-functions
FAIL: gfortran.fortran-torture/execute/forall_3.f90 execution,  -O3 -g
FAIL: gfortran.fortran-torture/execute/forall_3.f90 execution,  -Os
FAIL: gfortran.fortran-torture/execute/intrinsic_abs.f90 execution,  -O0
FAIL: gfortran.fortran-torture/execute/intrinsic_abs.f90 execution,  -O1
FAIL: gfortran.fortran-torture/execute/intrinsic_abs.f90 execution,  -O2
FAIL: gfortran.fortran-torture/execute/intrinsic_abs.f90
execution,  -O3 -fomit-frame-pointer
FAIL: gfortran.fortran-torture/execute/intrinsic_abs.f90
execution,  -O3 -fomit-frame-pointer -funroll-loops
FAIL: gfortran.fortran-torture/execute/intrinsic_abs.f90
execution,  -O3 -fomit-frame-pointer -funroll-all-loops -finline-functions
FAIL: gfortran.fortran-torture/execute/intrinsic_abs.f90
execution,  -O3 -g
FAIL: gfortran.fortran-torture/execute/intrinsic_abs.f90 execution,  -Os
FAIL: gfortran.fortran-torture/execute/strarray_3.f90 execution,  -O2
FAIL: gfortran.fortran-torture/execute/strarray_3.f90
execution,  -O3 -fomit-frame-pointer
FAIL: gfortran.fortran-torture/execute/strarray_3.f90
execution,  -O3 -fomit-frame-pointer -funroll-loops
FAIL: gfortran.fortran-torture/execute/strarray_3.f90
execution,  -O3 -fomit-frame-pointer -funroll-all-loops -finline-functions
FAIL: gfortran.fortran-torture/execute/strarray_3.f90 execution,  -O3 -g

		=== gfortran Summary for unix ===

# of expected passes		6313
# of unexpected failures	22
# of unexpected successes	8
# of expected failures		26
# of unsupported tests		16

Running target unix/-mabi=64
XPASS: gfortran.dg/ret_pointer_1.f90  -O0  execution test
XPASS: gfortran.dg/ret_pointer_1.f90  -O1  execution test
XPASS: gfortran.dg/ret_pointer_1.f90  -O2  execution test
XPASS: gfortran.dg/ret_pointer_1.f90  -O3 -fomit-frame-pointer  execution
test
XPASS:
gfortran.dg/ret_pointer_1.f90  -O3 -fomit-frame-pointer -funroll-loops
execution test
XPASS:
gfortran.dg/ret_pointer_1.f90  -O3 -fomit-frame-pointer -funroll-all-loops
 -finline-functions  execution test
XPASS: gfortran.dg/ret_pointer_1.f90  -O3 -g  execution test
XPASS: gfortran.dg/ret_pointer_1.f90  -Os  execution test
FAIL: gfortran.fortran-torture/execute/arrayarg2.f90 execution,  -O2
FAIL: gfortran.fortran-torture/execute/arrayarg2.f90
execution,  -O3 -fomit-frame-pointer
FAIL: gfortran.fortran-torture/execute/arrayarg2.f90
execution,  -O3 -fomit-frame-pointer -funroll-loops
FAIL: gfortran.fortran-torture/execute/arrayarg2.f90
execution,  -O3 -fomit-frame-pointer -funroll-all-loops -finline-functions
FAIL: gfortran.fortran-torture/execute/arrayarg2.f90 execution,  -O3 -g
FAIL: gfortran.fortran-torture/execute/forall_3.f90 execution,  -O0
FAIL: gfortran.fortran-torture/execute/forall_3.f90 execution,  -O1
FAIL: gfortran.fortran-torture/execute/forall_3.f90 execution,  -O2
FAIL: gfortran.fortran-torture/execute/forall_3.f90
execution,  -O3 -fomit-frame-pointer
FAIL: gfortran.fortran-torture/execute/forall_3.f90
execution,  -O3 -fomit-frame-pointer -funroll-loops
FAIL: gfortran.fortran-torture/execute/forall_3.f90
execution,  -O3 -fomit-frame-pointer -funroll-all-loops -finline-functions
FAIL: gfortran.fortran-torture/execute/forall_3.f90 execution,  -O3 -g
FAIL: gfortran.fortran-torture/execute/forall_3.f90 execution,  -Os
FAIL: gfortran.fortran-torture/execute/intrinsic_abs.f90 execution,  -O0
FAIL: gfortran.fortran-torture/execute/intrinsic_abs.f90 execution,  -O1
FAIL: gfortran.fortran-torture/execute/intrinsic_abs.f90 execution,  -O2
FAIL: gfortran.fortran-torture/execute/intrinsic_abs.f90
execution,  -O3 -fomit-frame-pointer
FAIL: gfortran.fortran-torture/execute/intrinsic_abs.f90
execution,  -O3 -fomit-frame-pointer -funroll-loops
FAIL: gfortran.fortran-torture/execute/intrinsic_abs.f90
execution,  -O3 -fomit-frame-pointer -funroll-all-loops -finline-functions
FAIL: gfortran.fortran-torture/execute/intrinsic_abs.f90
execution,  -O3 -g
FAIL: gfortran.fortran-torture/execute/intrinsic_abs.f90 execution,  -Os
FAIL: gfortran.fortran-torture/execute/strarray_3.f90 execution,  -O2
FAIL: gfortran.fortran-torture/execute/strarray_3.f90
execution,  -O3 -fomit-frame-pointer
FAIL: gfortran.fortran-torture/execute/strarray_3.f90
execution,  -O3 -fomit-frame-pointer -funroll-loops
FAIL: gfortran.fortran-torture/execute/strarray_3.f90
execution,  -O3 -fomit-frame-pointer -funroll-all-loops -finline-functions
FAIL: gfortran.fortran-torture/execute/strarray_3.f90 execution,  -O3 -g

		=== gfortran Summary for unix/-mabi=64 ===

# of expected passes		6309
# of unexpected failures	26
# of unexpected successes	8
# of expected failures		26
# of unsupported tests		16

		=== gfortran Summary ===

# of expected passes		12622
# of unexpected failures	48
# of unexpected successes	16
# of expected failures		52
# of unsupported tests		32
/disk4/billingd/obj/gcc/gcc/testsuite/../gfortran  version 4.1.0 20050421
(experimental)

		=== objc tests ===


Running target unix
FAIL: objc.dg/stabs-1.m scan-assembler
(.SUBSPA.*[\$]CODE[\$]|.text"?)\\n\\t.stabs.*100,0,0,(\\\\.)?L?L[\$]?etext
[0-9]*\\n(\\\\.)?L?L[\$]?etext

		=== objc Summary for unix ===

# of expected passes		1533
# of unexpected failures	1
# of unsupported tests		11

Running target unix/-mabi=64
FAIL: objc.dg/stabs-1.m scan-assembler
(.SUBSPA.*[\$]CODE[\$]|.text"?)\\n\\t.stabs.*100,0,0,(\\\\.)?L?L[\$]?etext
[0-9]*\\n(\\\\.)?L?L[\$]?etext

		=== objc Summary for unix/-mabi=64 ===

# of expected passes		1533
# of unexpected failures	1
# of unsupported tests		11

		=== objc Summary ===

# of expected passes		3066
# of unexpected failures	2
# of unsupported tests		22
/disk4/billingd/obj/gcc/gcc/xgcc  version 4.1.0 20050421 (experimental)

		=== libstdc++ tests ===


Running target unix
FAIL: 18_support/numeric_limits.cc execution test
FAIL: 21_strings/basic_string/inserters_extractors/wchar_t/1.cc execution
test
FAIL: 21_strings/basic_string/inserters_extractors/wchar_t/11.cc execution
test
FAIL: 21_strings/basic_string/inserters_extractors/wchar_t/5.cc execution
test
FAIL: 22_locale/ctype/cons/char/1.cc execution test
FAIL: 22_locale/ctype/is/wchar_t/1.cc execution test
FAIL: 22_locale/ctype/scan/wchar_t/1.cc execution test
FAIL: 22_locale/money_get/get/wchar_t/19.cc execution test
FAIL: 22_locale/money_get/get/wchar_t/8.cc execution test
FAIL: 27_io/basic_istream/extractors_arithmetic/wchar_t/01.cc execution
test
FAIL: 27_io/basic_istream/extractors_arithmetic/wchar_t/07.cc execution
test
FAIL: 27_io/basic_istream/extractors_arithmetic/wchar_t/08.cc execution
test
FAIL: 27_io/basic_istream/extractors_arithmetic/wchar_t/10.cc execution
test
FAIL: 27_io/basic_istream/extractors_arithmetic/wchar_t/13.cc execution
test
FAIL: 27_io/basic_istream/extractors_character/wchar_t/1.cc execution test
FAIL: 27_io/basic_istream/extractors_character/wchar_t/11095-i.cc
execution test
FAIL: 27_io/basic_istream/extractors_character/wchar_t/2.cc execution test
FAIL: 27_io/basic_istream/extractors_character/wchar_t/3.cc execution test
FAIL: 27_io/basic_istream/sentry/wchar_t/2.cc execution test
FAIL: 27_io/basic_istream/ws/wchar_t/1.cc execution test

		=== libstdc++ Summary for unix ===

# of expected passes		3576
# of unexpected failures	20
# of expected failures		12

Running target unix/-mabi=64
FAIL: 18_support/numeric_limits.cc execution test
FAIL: 21_strings/basic_string/inserters_extractors/wchar_t/1.cc execution
test
FAIL: 21_strings/basic_string/inserters_extractors/wchar_t/11.cc execution
test
FAIL: 21_strings/basic_string/inserters_extractors/wchar_t/5.cc execution
test
FAIL: 22_locale/ctype/cons/char/1.cc execution test
FAIL: 22_locale/ctype/is/wchar_t/1.cc execution test
FAIL: 22_locale/ctype/scan/wchar_t/1.cc execution test
FAIL: 22_locale/money_get/get/wchar_t/19.cc execution test
FAIL: 22_locale/money_get/get/wchar_t/8.cc execution test
FAIL: 27_io/basic_istream/extractors_arithmetic/wchar_t/01.cc execution
test
FAIL: 27_io/basic_istream/extractors_arithmetic/wchar_t/07.cc execution
test
FAIL: 27_io/basic_istream/extractors_arithmetic/wchar_t/08.cc execution
test
FAIL: 27_io/basic_istream/extractors_arithmetic/wchar_t/10.cc execution
test
FAIL: 27_io/basic_istream/extractors_arithmetic/wchar_t/13.cc execution
test
FAIL: 27_io/basic_istream/extractors_character/wchar_t/1.cc execution test
FAIL: 27_io/basic_istream/extractors_character/wchar_t/11095-i.cc
execution test
FAIL: 27_io/basic_istream/extractors_character/wchar_t/2.cc execution test
FAIL: 27_io/basic_istream/extractors_character/wchar_t/3.cc execution test
FAIL: 27_io/basic_istream/sentry/wchar_t/2.cc execution test
FAIL: 27_io/basic_istream/ws/wchar_t/1.cc execution test

		=== libstdc++ Summary for unix/-mabi=64 ===

# of expected passes		3576
# of unexpected failures	20
# of expected failures		12

		=== libstdc++ Summary ===

# of expected passes		7152
# of unexpected failures	40
# of expected failures		24

Compiler version: 4.1.0 20050421 (experimental)
Platform: mips-sgi-irix6.5
configure
flags: --enable-shared --enable-haifa --enable-threads=single --enable-lib
java --with-as=/disk4/billingd/tmp/binutils/bin/as --disable-nls --with-gm
p=/usr/local --disable-libmudflap --prefix=/disk4/billingd/tmp/gcc --enabl
e-languages=c,c++,f95,java,objc
Counting all warnings,
there are 30 warnings in stage3 of this bootstrap.

Number of warnings per file:
  13 gcc/config/mips/mips.md
   4 gcc/gcc.c
   3 gengtype-lex.c
   3 /usr/local/share/bison/bison.simple
   2 gcc/objc/lang-specs.h
   1 gcc/java/jvspec.c
   1 gcc/fortran/trans-common.c
   1 gcc/fortran/simplify.c
   1 gcc/fortran/resolve.c
   1 gcc/fortran/expr.c

Number of warning types:
   7 string length \`???' is greater than the length \`???' ISO C89
compilers are required to support
   7 operand 1 missing mode?
   6 old-style function definition
   5 operand 0 missing mode?
   4 control may reach end of non-void function \`???' being inlined
   1 source missing a mode?


NOTICE
This e-mail and any attachments are private and confidential and may
contain privileged information. If you are not an authorised recipient,
the copying or distribution of this e-mail and any attachments is
prohibited and you must not read, print or act in reliance on this e-mail
or attachments.
This notice should not be removed.


Index Nav: [Date Index] [Subject Index] [Author Index] [Thread Index]
Message Nav: [Date Prev] [Date Next] [Thread Prev] [Thread Next]