This is the mail archive of the
gcc-testresults@gcc.gnu.org
mailing list for the GCC project.
Results for 4.0.0 testsuite on i686-pc-linux-gnu
- From: marcus at linux dot site
- To: gcc-testresults at gcc dot gnu dot org
- Date: Thu, 21 Apr 2005 15:18:43 +0200
- Subject: Results for 4.0.0 testsuite on i686-pc-linux-gnu
LAST_UPDATED: Obtained from CVS: -rgcc_4_0_0_release
Native configuration is i686-pc-linux-gnu
=== gcc tests ===
Running target unix
XPASS: gcc.dg/vect/vect-22.c scan-tree-dump-times vectorized 3 loops 1
=== gcc Summary ===
# of expected passes 33863
# of unexpected successes 1
# of expected failures 101
# of untested testcases 28
# of unsupported tests 324
/home/marcus/gcc4/od/gcc/xgcc version 4.0.0
=== gfortran tests ===
Running target unix
XPASS: gfortran.dg/ret_pointer_1.f90 -O0 execution test
XPASS: gfortran.dg/ret_pointer_1.f90 -O1 execution test
XPASS: gfortran.dg/ret_pointer_1.f90 -O3 -fomit-frame-pointer execution test
XPASS: gfortran.dg/ret_pointer_1.f90 -O3 -fomit-frame-pointer -funroll-loops execution test
XPASS: gfortran.dg/ret_pointer_1.f90 -O3 -fomit-frame-pointer -funroll-all-loops -finline-functions execution test
FAIL: gfortran.fortran-torture/execute/forall_3.f90 execution, -O1
=== gfortran Summary ===
# of expected passes 5817
# of unexpected failures 1
# of unexpected successes 5
# of expected failures 21
/home/marcus/gcc4/od/gcc/testsuite/../gfortran version 4.0.0
=== g++ tests ===
Running target unix
=== g++ Summary ===
# of expected passes 10901
# of expected failures 70
# of unsupported tests 56
/home/marcus/gcc4/od/gcc/testsuite/../g++ version 4.0.0
=== objc tests ===
Running target unix
=== objc Summary ===
# of expected passes 1534
# of unsupported tests 10
/home/marcus/gcc4/od/gcc/xgcc version 4.0.0
=== libffi tests ===
Running target unix
=== libffi Summary ===
# of expected passes 219
# of unsupported tests 2
=== libjava tests ===
Running target unix
FAIL: Array_3 -O3 execution - bytecode->native test
=== libjava Summary ===
# of expected passes 3788
# of unexpected failures 1
# of expected failures 14
# of untested testcases 17
=== libmudflap tests ===
Running target unix
FAIL: libmudflap.cth/pass40-frag.c execution test
FAIL: libmudflap.cth/pass40-frag.c output pattern test
FAIL: libmudflap.cth/pass40-frag.c (-O2) execution test
FAIL: libmudflap.cth/pass40-frag.c (-O2) output pattern test
FAIL: libmudflap.cth/pass40-frag.c (-O3) execution test
FAIL: libmudflap.cth/pass40-frag.c (-O3) output pattern test
=== libmudflap Summary ===
# of expected passes 1282
# of unexpected failures 6
=== libstdc++-v3 check-abi Summary ===
# of added symbols: 48
# of missing symbols: 0
# of incompatible symbols: 0
using: /home/marcus/gcc4/gcc-4.0.0/libstdc++-v3/config/abi/i486-linux-gnu/baseline_symbols.txt
=== libstdc++ tests ===
Running target unix
XPASS: 22_locale/locale/cons/12658_thread-1.cc execution test
XPASS: 26_numerics/cmath/c99_classification_macros_c.cc (test for excess errors)
=== libstdc++ Summary ===
# of expected passes 3620
# of unexpected successes 2
# of expected failures 12
Compiler version: 4.0.0
Platform: i686-pc-linux-gnu
configure flags: --enable-languages=c,c++,f95,java,objc