This is the mail archive of the
gcc-testresults@gcc.gnu.org
mailing list for the GCC project.
Results for 4.0.0 20050419 (prerelease) testsuite on hppa2.0w-hp-hpux11.11
- From: CodeSourcery Automatic Testing System <gcc at codesourcery dot com>
- To: gcc-testresults at gcc dot gnu dot org
- Date: Tue, 19 Apr 2005 22:47:45 -0700
- Subject: Results for 4.0.0 20050419 (prerelease) testsuite on hppa2.0w-hp-hpux11.11
LAST_UPDATED: Tue Apr 19 07:42:28 UTC 2005
Native configuration is hppa2.0w-hp-hpux11.11
=== g++ tests ===
Running target unix
=== g++ Summary ===
# of expected passes 10537
# of expected failures 70
# of unsupported tests 128
/scratch/gcc/nightly-2005-04-19-4.0/hppa2.0w-hp-hpux11.11/build_gcc/build/gcc/testsuite/../g++ version 4.0.0 20050419 (prerelease)
=== gcc tests ===
Running target unix
XPASS: gcc.dg/const-elim-1.c scan-assembler-not L\\\\\$?C[^A-Z]
FAIL: gcc.dg/special/weak-1.c execution test
=== gcc Summary ===
# of expected passes 32537
# of unexpected failures 1
# of unexpected successes 1
# of expected failures 76
# of untested testcases 28
# of unsupported tests 559
/scratch/gcc/nightly-2005-04-19-4.0/hppa2.0w-hp-hpux11.11/build_gcc/build/gcc/xgcc version 4.0.0 20050419 (prerelease)
=== libstdc++ tests ===
Running target unix
=== libstdc++ Summary ===
# of expected passes 3584
# of expected failures 12
# of unsupported tests 19
Compiler version: 4.0.0 20050419 (prerelease)
Platform: hppa2.0w-hp-hpux11.11
configure flags: --prefix=/scratch/gcc/nightly-2005-04-19-4.0/hppa2.0w-hp-hpux11.11/build_gcc/install --enable-threads --disable-libmudflap --with-gnu-as --with-as=/usr/local/tools/gcc-3.3.1/bin/as --enable-languages=c,c++